{"id":54,"date":"2019-08-06T19:22:59","date_gmt":"2019-08-06T22:22:59","guid":{"rendered":"http:\/\/www.nucleoestudo.ufla.br\/redep\/?page_id=54"},"modified":"2019-08-27T17:51:12","modified_gmt":"2019-08-27T20:51:12","slug":"coordenacao","status":"publish","type":"page","link":"http:\/\/www.nucleoestudo.ufla.br\/redep\/index.php\/coordenacao\/","title":{"rendered":"Coordena\u00e7\u00e3o"},"content":{"rendered":"<p><a style=\"font-family: 'Noto Serif'; font-size: 16px; display: inline !important;\" href=\"https:\/\/nova-escola-producao.s3.amazonaws.com\/AkrgMK8CqQ94ZHsFQVhC7NqFRRezcxHkRFffRRfMpNDYZMYkHR7xaywFwHNU\/ne-266-nova-escola-fala-mestre-marli-andre-professor-iniciante.jpeg\"><img loading=\"lazy\" decoding=\"async\" class=\"size-medium aligncenter\" src=\"https:\/\/nova-escola-producao.s3.amazonaws.com\/AkrgMK8CqQ94ZHsFQVhC7NqFRRezcxHkRFffRRfMpNDYZMYkHR7xaywFwHNU\/ne-266-nova-escola-fala-mestre-marli-andre-professor-iniciante.jpeg\" alt=\"Marli Andr\u00e9\" width=\"620\" height=\"300\" \/><\/a><\/p>\n<h6 style=\"text-align: center;\">Marli Andr\u00e9 Docente da Pontif\u00edcia Universidade Cat\u00f3lica de S\u00e3o Paulo (PUC-SP) e Ph.D. em Psicologia da Educa\u00e7\u00e3o pela Universidade de Illinois, nos Estados Unidos, se dedica \u00e0 \u00e1rea de forma\u00e7\u00e3o de professores h\u00e1 30 anos<\/h6>\n<p class=\"resumo\" style=\"text-align: justify;\">\u00c9 graduada em Letras pela Universidade de S\u00e3o Paulo (1966) e em Pedagogia pela Universidade Santa \u00darsula (1973). Concluiu o mestrado em Educa\u00e7\u00e3o na Pontif\u00edcia Universidade Cat\u00f3lica do Rio de Janeiro (1976) e o doutorado em Psicologia da Educa\u00e7\u00e3o &#8211; na University of Illinois em Urbana-Champaign (USA) em 1978. \u00c9 professora Titular aposentada da Faculdade de Educa\u00e7\u00e3o da USP e desde 2000 integro o corpo docente do Programa de Estudos p\u00f3s-graduados em Educa\u00e7\u00e3o: Psicologia da Educa\u00e7\u00e3o, da Pontif\u00edcia Universidade Cat\u00f3lica de S\u00e3o Paulo. Em 2013 assumi a coordena\u00e7\u00e3o do Mestrado Profissional em Educa\u00e7\u00e3o: Forma\u00e7\u00e3o de Formadores, na PUC SP e em 2017 a vice coordena\u00e7\u00e3o. Desenvolvo estudos e pesquisas nas \u00e1reas de forma\u00e7\u00e3o de professores e de metodologia da pesquisa em educa\u00e7\u00e3o.<\/p>\n","protected":false},"excerpt":{"rendered":"<p>Marli Andr\u00e9 Docente da Pontif\u00edcia Universidade Cat\u00f3lica de S\u00e3o Paulo (PUC-SP) e Ph.D. em Psicologia da Educa\u00e7\u00e3o pela Universidade de Illinois, nos Estados Unidos, se dedica \u00e0 \u00e1rea de forma\u00e7\u00e3o<\/p>\n","protected":false},"author":3,"featured_media":0,"parent":0,"menu_order":0,"comment_status":"closed","ping_status":"closed","template":"","meta":{"_exactmetrics_skip_tracking":false,"_exactmetrics_sitenote_active":false,"_exactmetrics_sitenote_note":"","_exactmetrics_sitenote_category":0,"footnotes":""},"class_list":["post-54","page","type-page","status-publish","hentry"],"_links":{"self":[{"href":"http:\/\/www.nucleoestudo.ufla.br\/redep\/index.php\/wp-json\/wp\/v2\/pages\/54","targetHints":{"allow":["GET"]}}],"collection":[{"href":"http:\/\/www.nucleoestudo.ufla.br\/redep\/index.php\/wp-json\/wp\/v2\/pages"}],"about":[{"href":"http:\/\/www.nucleoestudo.ufla.br\/redep\/index.php\/wp-json\/wp\/v2\/types\/page"}],"author":[{"embeddable":true,"href":"http:\/\/www.nucleoestudo.ufla.br\/redep\/index.php\/wp-json\/wp\/v2\/users\/3"}],"replies":[{"embeddable":true,"href":"http:\/\/www.nucleoestudo.ufla.br\/redep\/index.php\/wp-json\/wp\/v2\/comments?post=54"}],"version-history":[{"count":8,"href":"http:\/\/www.nucleoestudo.ufla.br\/redep\/index.php\/wp-json\/wp\/v2\/pages\/54\/revisions"}],"predecessor-version":[{"id":115,"href":"http:\/\/www.nucleoestudo.ufla.br\/redep\/index.php\/wp-json\/wp\/v2\/pages\/54\/revisions\/115"}],"wp:attachment":[{"href":"http:\/\/www.nucleoestudo.ufla.br\/redep\/index.php\/wp-json\/wp\/v2\/media?parent=54"}],"curies":[{"name":"wp","href":"https:\/\/api.w.org\/{rel}","templated":true}]}}

Coordenação

<p><a style="font-family: 'Noto Serif'; font-size: 16px; display: inline !important;" href="https://nova-escola-producao.s3.amazonaws.com/AkrgMK8CqQ94ZHsFQVhC7NqFRRezcxHkRFffRRfMpNDYZMYkHR7xaywFwHNU/ne-266-nova-escola-fala-mestre-marli-andre-professor-iniciante.jpeg"><img loading="lazy" decoding="async" class="size-medium aligncenter" src="https://nova-escola-producao.s3.amazonaws.com/AkrgMK8CqQ94ZHsFQVhC7NqFRRezcxHkRFffRRfMpNDYZMYkHR7xaywFwHNU/ne-266-nova-escola-fala-mestre-marli-andre-professor-iniciante.jpeg" alt="Marli André" width="620" height="300" /></a></p>
<h6 style="text-align: center;">Marli André Docente da Pontifícia Universidade Católica de São Paulo (PUC-SP) e Ph.D. em Psicologia da Educação pela Universidade de Illinois, nos Estados Unidos, se dedica à área de formação de professores há 30 anos</h6>
<p class="resumo" style="text-align: justify;">É graduada em Letras pela Universidade de São Paulo (1966) e em Pedagogia pela Universidade Santa Úrsula (1973). Concluiu o mestrado em Educação na Pontifícia Universidade Católica do Rio de Janeiro (1976) e o doutorado em Psicologia da Educação &#8211; na University of Illinois em Urbana-Champaign (USA) em 1978. É professora Titular aposentada da Faculdade de Educação da USP e desde 2000 integro o corpo docente do Programa de Estudos pós-graduados em Educação: Psicologia da Educação, da Pontifícia Universidade Católica de São Paulo. Em 2013 assumi a coordenação do Mestrado Profissional em Educação: Formação de Formadores, na PUC SP e em 2017 a vice coordenação. Desenvolvo estudos e pesquisas nas áreas de formação de professores e de metodologia da pesquisa em educação.</p>

<p>Marli André Docente da Pontifícia Universidade Católica de São Paulo (PUC-SP) e Ph.D. em Psicologia da Educação pela Universidade de Illinois, nos Estados Unidos, se dedica à área de formação</p>
