{"id":52,"date":"2019-08-06T19:22:51","date_gmt":"2019-08-06T22:22:51","guid":{"rendered":"http:\/\/www.nucleoestudo.ufla.br\/redep\/?page_id=52"},"modified":"2020-10-13T19:53:19","modified_gmt":"2020-10-13T22:53:19","slug":"nossa-historia","status":"publish","type":"page","link":"http:\/\/www.nucleoestudo.ufla.br\/redep\/index.php\/nossa-historia\/","title":{"rendered":"Nossa Hist\u00f3ria"},"content":{"rendered":"\n<p>A Rede de estudos e pesquisas sobre o desenvolvimento profissional docente nasce do desejo de um grupo de pesquisadores, vinculados ao N\u00facleo de Estudos e Pesquisas sobre Desenvolvimento Profissional Docente, coordenador pela professora Marli Andr\u00e9, de fortalecer os estudos acerca de uma tema que nos \u00e9 t\u00e3o caro: educa\u00e7\u00e3o e forma\u00e7\u00e3o docente. Desde o ano de 2009, diferentes projetos de pesquisa, financiados por editais Universal do CNPq, v\u00eam congregando as discuss\u00f5es em diferentes contextos de forma\u00e7\u00e3o docente na perspectiva do desenvolvimento profissional docente. <\/p>\n\n\n\n<p>H\u00e1 mais de uma d\u00e9cada, na dire\u00e7\u00e3o do trabalho colaborativo e compartilhado, diferentes pesquisadores vinculados a institui\u00e7\u00f5es de educa\u00e7\u00e3o superior de todo pa\u00eds, t\u00eam contribu\u00eddo com as discuss\u00f5es e com a abrang\u00eancia das pesquisas com responsabilidade, compromisso e compet\u00eancia, de modo a compreender os contextos de forma\u00e7\u00e3o e desenvolvimento profissional  docente, considerando quest\u00f5es afetas \u00e0 forma\u00e7\u00e3o inicial, no contexto dos cursos de licenciatura, bem como aquelas que se referem ao desenvolvimento profissional de professores iniciantes e experientes. <br><br>Nessa dire\u00e7\u00e3o, elencamos os principais temas de estudos e pesquisas:<br>&#8211;  O Papel das Pr\u00e1ticas de Licenciatura na Constitui\u00e7\u00e3o da Identidade Profissional dos Futuros Professores (2009-2011)<br>&#8211;  Aproxima\u00e7\u00e3o entre Universidade e Escola na Forma\u00e7\u00e3o de professores: pol\u00edticas de Inser\u00e7\u00e3o na Doc\u00eancia (2011-2014)<br>&#8211;  Inser\u00e7\u00e3o profissional de egressos de programas de inicia\u00e7\u00e3o a doc\u00eancia (2015-2018)<br>&#8211;  Processos de Indu\u00e7\u00e3o de professores iniciantes na escola b\u00e1sica (2019-atual).<br><br>Sob a lideran\u00e7a da Professora e pesquisadora Marli Andr\u00e9, nossa REDEP tem contribu\u00eddo de forma significativa para o debate sobre o desenvolvimento profissional docente, seus desafios e possibilidades, assumindo nosso compromisso \u00e9tico e pol\u00edtico e a nossa responsabilidade social com a qualifica\u00e7\u00e3o da educa\u00e7\u00e3o brasileira e da escola p\u00fablica, por meio das pesquisas que primam pela necess\u00e1ria articula\u00e7\u00e3o universidade e escola de educa\u00e7\u00e3o b\u00e1sica.<br><br>Sejam bem vindos\/as \u00e0 nossa REDEP!<\/p>\n\n\n\n<p><\/p>\n","protected":false},"excerpt":{"rendered":"<p>A Rede de estudos e pesquisas sobre o desenvolvimento profissional docente nasce do desejo de um grupo de pesquisadores, vinculados ao N\u00facleo de Estudos e Pesquisas sobre Desenvolvimento Profissional Docente,<\/p>\n","protected":false},"author":3,"featured_media":0,"parent":0,"menu_order":0,"comment_status":"closed","ping_status":"closed","template":"","meta":{"_exactmetrics_skip_tracking":false,"_exactmetrics_sitenote_active":false,"_exactmetrics_sitenote_note":"","_exactmetrics_sitenote_category":0,"footnotes":""},"class_list":["post-52","page","type-page","status-publish","hentry"],"_links":{"self":[{"href":"http:\/\/www.nucleoestudo.ufla.br\/redep\/index.php\/wp-json\/wp\/v2\/pages\/52","targetHints":{"allow":["GET"]}}],"collection":[{"href":"http:\/\/www.nucleoestudo.ufla.br\/redep\/index.php\/wp-json\/wp\/v2\/pages"}],"about":[{"href":"http:\/\/www.nucleoestudo.ufla.br\/redep\/index.php\/wp-json\/wp\/v2\/types\/page"}],"author":[{"embeddable":true,"href":"http:\/\/www.nucleoestudo.ufla.br\/redep\/index.php\/wp-json\/wp\/v2\/users\/3"}],"replies":[{"embeddable":true,"href":"http:\/\/www.nucleoestudo.ufla.br\/redep\/index.php\/wp-json\/wp\/v2\/comments?post=52"}],"version-history":[{"count":5,"href":"http:\/\/www.nucleoestudo.ufla.br\/redep\/index.php\/wp-json\/wp\/v2\/pages\/52\/revisions"}],"predecessor-version":[{"id":321,"href":"http:\/\/www.nucleoestudo.ufla.br\/redep\/index.php\/wp-json\/wp\/v2\/pages\/52\/revisions\/321"}],"wp:attachment":[{"href":"http:\/\/www.nucleoestudo.ufla.br\/redep\/index.php\/wp-json\/wp\/v2\/media?parent=52"}],"curies":[{"name":"wp","href":"https:\/\/api.w.org\/{rel}","templated":true}]}}

Nossa História

<p>A Rede de estudos e pesquisas sobre o desenvolvimento profissional docente nasce do desejo de um grupo de pesquisadores, vinculados ao Núcleo de Estudos e Pesquisas sobre Desenvolvimento Profissional Docente, coordenador pela professora Marli André, de fortalecer os estudos acerca de uma tema que nos é tão caro: educação e formação docente. Desde o ano de 2009, diferentes projetos de pesquisa, financiados por editais Universal do CNPq, vêm congregando as discussões em diferentes contextos de formação docente na perspectiva do desenvolvimento profissional docente. </p>



<p>Há mais de uma década, na direção do trabalho colaborativo e compartilhado, diferentes pesquisadores vinculados a instituições de educação superior de todo país, têm contribuído com as discussões e com a abrangência das pesquisas com responsabilidade, compromisso e competência, de modo a compreender os contextos de formação e desenvolvimento profissional  docente, considerando questões afetas à formação inicial, no contexto dos cursos de licenciatura, bem como aquelas que se referem ao desenvolvimento profissional de professores iniciantes e experientes. <br><br>Nessa direção, elencamos os principais temas de estudos e pesquisas:<br>&#8211;  O Papel das Práticas de Licenciatura na Constituição da Identidade Profissional dos Futuros Professores (2009-2011)<br>&#8211;  Aproximação entre Universidade e Escola na Formação de professores: políticas de Inserção na Docência (2011-2014)<br>&#8211;  Inserção profissional de egressos de programas de iniciação a docência (2015-2018)<br>&#8211;  Processos de Indução de professores iniciantes na escola básica (2019-atual).<br><br>Sob a liderança da Professora e pesquisadora Marli André, nossa REDEP tem contribuído de forma significativa para o debate sobre o desenvolvimento profissional docente, seus desafios e possibilidades, assumindo nosso compromisso ético e político e a nossa responsabilidade social com a qualificação da educação brasileira e da escola pública, por meio das pesquisas que primam pela necessária articulação universidade e escola de educação básica.<br><br>Sejam bem vindos/as à nossa REDEP!</p>



<p></p>

<p>A Rede de estudos e pesquisas sobre o desenvolvimento profissional docente nasce do desejo de um grupo de pesquisadores, vinculados ao Núcleo de Estudos e Pesquisas sobre Desenvolvimento Profissional Docente,</p>
