{"id":335,"date":"2022-05-17T22:38:56","date_gmt":"2022-05-18T01:38:56","guid":{"rendered":"http:\/\/www.nucleoestudo.ufla.br\/redep\/?page_id=335"},"modified":"2022-05-18T12:59:37","modified_gmt":"2022-05-18T15:59:37","slug":"1-seminario-da-redep","status":"publish","type":"page","link":"http:\/\/www.nucleoestudo.ufla.br\/redep\/index.php\/1-seminario-da-redep\/","title":{"rendered":"1\u00b0 Semin\u00e1rio da REDEP"},"content":{"rendered":"\n<p>Neste m\u00eas de maio, especialmente nos dias 19 e 20 de 2022, a Rede de Estudos sobre Desenvolvimento Profissional Docente (REDEP) realizar\u00e1 o seu primeiro semin\u00e1rio de forma virtual com transmiss\u00e3o pelo Canal da Rede REDEP no Youtube. <\/p>\n\n\n\n<p>A programa\u00e7\u00e3o est\u00e1 dividida em tr\u00eas momentos:<\/p>\n\n\n\n<p>No primeiro dia, 19\/05, teremos a mesa de abertura com o tema <em>Desenvolvimento profissional e inser\u00e7\u00e3o docente <\/em>com a participa\u00e7\u00e3o da Profa. Dra. Josephine Mukamurema (Universidade de Sherbrooke &#8211; Canad\u00e1),  media\u00e7\u00e3o da Profa. Dra. Laurenzete Ferragut Passos (PUC-SP\/REDEP) e com a tradu\u00e7\u00e3o de Denise Gisele de Britto Damasco (PUC-SP\/UnB). <\/p>\n\n\n\n<p>J\u00e1 no segundo dia, 20\/05, \u00e0s 9h, contaremos com a participa\u00e7\u00e3o da professora e pesquisadora Bernardete Gatti (FCC) a qual abordar\u00e1 a tem\u00e1tica <em>Forma\u00e7\u00e3o inicial de professores: avan\u00e7os e desafios<\/em>. O debate ser\u00e1 mediado pela Profa. Dra. Patr\u00edcia Albieri Almeida (FCC\/UNASP\/REDEP). <\/p>\n\n\n\n<p>Por fim, no per\u00edodo da tarde, \u00e0s 14h,  apreciaremos a participa\u00e7\u00e3o da Profa. Dra. Maria da Gra\u00e7a Nicoletti Mizukami (Mackenzie\/Ufscar)  a qual dialogar\u00e1 conosco sobre a <em>Inser\u00e7\u00e3o profissional docente: experi\u00eancias, viv\u00eancias e contextos<\/em>, tendo como mediadora a Profa. Dra. Francine de Paulo Martins Lima .<\/p>\n\n\n\n<p><\/p>\n\n\n\n<p>O evento \u00e9 gratuito e  as inscri\u00e7\u00f5es podem ser realizadas por meio do link: <a href=\"https:\/\/docs.google.com\/forms\/d\/e\/1FAIpQLSdiElsw6xPQfstjsMgvZ8KT29iI789d811a4FIjodvWbi8d9A\/viewform\">https:\/\/docs.google.com\/forms\/d\/e\/1FAIpQLSdiElsw6xPQfstjsMgvZ8KT29iI789d811a4FIjodvWbi8d9A\/viewform<\/a><\/p>\n\n\n\n<p>Para acompanhar a transmiss\u00e3o e participar dos debates, acesse o link do Canal da REDEP no Youtube: <a href=\"https:\/\/www.youtube.com\/channel\/UCd9ONMvjVw2wFni1Y_jb4cg\">https:\/\/www.youtube.com\/channel\/UCd9ONMvjVw2wFni1Y_jb4cg<\/a><\/p>\n\n\n\n<p>Siga-nos no Instagram e fique por dentro de todas as novidades: @rederedep<\/p>\n\n\n\n<p>Contato: rederedep@forpedi.com<\/p>\n\n\n\n<p>Esperamos por voc\u00eas!<\/p>\n\n\n\n<p>Rede REDEP<\/p>\n\n\n\n<p><\/p>\n\n\n\n<p>Equipe de Organiza\u00e7\u00e3o:<\/p>\n\n\n\n<p>Profa. Dra. Ana L\u00facia Madsen Gamboef &#8211; PUC-SP<\/p>\n\n\n\n<p>Profa. Dra. Francine de Paulo Martins Lima &#8211; UFLA<\/p>\n\n\n\n<p>Profa. Dra. Giseli Barreto Cruz &#8211; UFRJ<\/p>\n\n\n\n<p>Profa. Dra. Isabel Maria Sabino de Farias &#8211; UECE<\/p>\n\n\n\n<p>Porfa. Dra. Laurizete Ferragut Passos &#8211; PUC-SP<\/p>\n\n\n\n<p>Profa. Dra. Patr\u00edcia Albieri de Almeida &#8211; FCC\/UNASP<\/p>\n\n\n\n<p>Profa. Maria de F\u00e1tima de Andrade &#8211; Mackenzie\/USCS<\/p>\n\n\n\n<p>Profa. Sandra Novaes Sousa &#8211; UFMS<\/p>\n\n\n\n<p><\/p>\n\n\n\n<p>Apoio T\u00e9cnico:<\/p>\n\n\n\n<p>Nayane de Souza Prazo &#8211; Estudante Pedagogia UFLA<\/p>\n\n\n\n<p>Beatriz Maria de Nazar\u00e9 Siqueira &#8211; Estudante Pedagogia UFLA<\/p>\n\n\n\n<p>Luan Mendon\u00e7a &#8211; Estudante Pedagogia UFLA<\/p>\n\n\n\n<p>Kauany Santos &#8211;  Estudante Pedagogia UFLA<\/p>\n\n\n\n<p>Igor  dos Santos Mota &#8211; UEFS\/FBPF<\/p>\n\n\n\n<p><\/p>\n\n\n\n<p><\/p>\n","protected":false},"excerpt":{"rendered":"<p>Neste m\u00eas de maio, especialmente nos dias 19 e 20 de 2022, a Rede de Estudos sobre Desenvolvimento Profissional Docente (REDEP) realizar\u00e1 o seu primeiro semin\u00e1rio de forma virtual com<\/p>\n","protected":false},"author":3,"featured_media":0,"parent":0,"menu_order":0,"comment_status":"closed","ping_status":"closed","template":"","meta":{"_exactmetrics_skip_tracking":false,"_exactmetrics_sitenote_active":false,"_exactmetrics_sitenote_note":"","_exactmetrics_sitenote_category":0,"footnotes":""},"class_list":["post-335","page","type-page","status-publish","hentry"],"_links":{"self":[{"href":"http:\/\/www.nucleoestudo.ufla.br\/redep\/index.php\/wp-json\/wp\/v2\/pages\/335","targetHints":{"allow":["GET"]}}],"collection":[{"href":"http:\/\/www.nucleoestudo.ufla.br\/redep\/index.php\/wp-json\/wp\/v2\/pages"}],"about":[{"href":"http:\/\/www.nucleoestudo.ufla.br\/redep\/index.php\/wp-json\/wp\/v2\/types\/page"}],"author":[{"embeddable":true,"href":"http:\/\/www.nucleoestudo.ufla.br\/redep\/index.php\/wp-json\/wp\/v2\/users\/3"}],"replies":[{"embeddable":true,"href":"http:\/\/www.nucleoestudo.ufla.br\/redep\/index.php\/wp-json\/wp\/v2\/comments?post=335"}],"version-history":[{"count":7,"href":"http:\/\/www.nucleoestudo.ufla.br\/redep\/index.php\/wp-json\/wp\/v2\/pages\/335\/revisions"}],"predecessor-version":[{"id":374,"href":"http:\/\/www.nucleoestudo.ufla.br\/redep\/index.php\/wp-json\/wp\/v2\/pages\/335\/revisions\/374"}],"wp:attachment":[{"href":"http:\/\/www.nucleoestudo.ufla.br\/redep\/index.php\/wp-json\/wp\/v2\/media?parent=335"}],"curies":[{"name":"wp","href":"https:\/\/api.w.org\/{rel}","templated":true}]}}

1° Seminário da REDEP

<p>Neste mês de maio, especialmente nos dias 19 e 20 de 2022, a Rede de Estudos sobre Desenvolvimento Profissional Docente (REDEP) realizará o seu primeiro seminário de forma virtual com transmissão pelo Canal da Rede REDEP no Youtube. </p>



<p>A programação está dividida em três momentos:</p>



<p>No primeiro dia, 19/05, teremos a mesa de abertura com o tema <em>Desenvolvimento profissional e inserção docente </em>com a participação da Profa. Dra. Josephine Mukamurema (Universidade de Sherbrooke &#8211; Canadá),  mediação da Profa. Dra. Laurenzete Ferragut Passos (PUC-SP/REDEP) e com a tradução de Denise Gisele de Britto Damasco (PUC-SP/UnB). </p>



<p>Já no segundo dia, 20/05, às 9h, contaremos com a participação da professora e pesquisadora Bernardete Gatti (FCC) a qual abordará a temática <em>Formação inicial de professores: avanços e desafios</em>. O debate será mediado pela Profa. Dra. Patrícia Albieri Almeida (FCC/UNASP/REDEP). </p>



<p>Por fim, no período da tarde, às 14h,  apreciaremos a participação da Profa. Dra. Maria da Graça Nicoletti Mizukami (Mackenzie/Ufscar)  a qual dialogará conosco sobre a <em>Inserção profissional docente: experiências, vivências e contextos</em>, tendo como mediadora a Profa. Dra. Francine de Paulo Martins Lima .</p>



<p></p>



<p>O evento é gratuito e  as inscrições podem ser realizadas por meio do link: <a href="https://docs.google.com/forms/d/e/1FAIpQLSdiElsw6xPQfstjsMgvZ8KT29iI789d811a4FIjodvWbi8d9A/viewform">https://docs.google.com/forms/d/e/1FAIpQLSdiElsw6xPQfstjsMgvZ8KT29iI789d811a4FIjodvWbi8d9A/viewform</a></p>



<p>Para acompanhar a transmissão e participar dos debates, acesse o link do Canal da REDEP no Youtube: <a href="https://www.youtube.com/channel/UCd9ONMvjVw2wFni1Y_jb4cg">https://www.youtube.com/channel/UCd9ONMvjVw2wFni1Y_jb4cg</a></p>



<p>Siga-nos no Instagram e fique por dentro de todas as novidades: @rederedep</p>



<p>Contato: rederedep@forpedi.com</p>



<p>Esperamos por vocês!</p>



<p>Rede REDEP</p>



<p></p>



<p>Equipe de Organização:</p>



<p>Profa. Dra. Ana Lúcia Madsen Gamboef &#8211; PUC-SP</p>



<p>Profa. Dra. Francine de Paulo Martins Lima &#8211; UFLA</p>



<p>Profa. Dra. Giseli Barreto Cruz &#8211; UFRJ</p>



<p>Profa. Dra. Isabel Maria Sabino de Farias &#8211; UECE</p>



<p>Porfa. Dra. Laurizete Ferragut Passos &#8211; PUC-SP</p>



<p>Profa. Dra. Patrícia Albieri de Almeida &#8211; FCC/UNASP</p>



<p>Profa. Maria de Fátima de Andrade &#8211; Mackenzie/USCS</p>



<p>Profa. Sandra Novaes Sousa &#8211; UFMS</p>



<p></p>



<p>Apoio Técnico:</p>



<p>Nayane de Souza Prazo &#8211; Estudante Pedagogia UFLA</p>



<p>Beatriz Maria de Nazaré Siqueira &#8211; Estudante Pedagogia UFLA</p>



<p>Luan Mendonça &#8211; Estudante Pedagogia UFLA</p>



<p>Kauany Santos &#8211;  Estudante Pedagogia UFLA</p>



<p>Igor  dos Santos Mota &#8211; UEFS/FBPF</p>



<p></p>



<p></p>

<p>Neste mês de maio, especialmente nos dias 19 e 20 de 2022, a Rede de Estudos sobre Desenvolvimento Profissional Docente (REDEP) realizará o seu primeiro seminário de forma virtual com</p>
