{"id":11,"date":"2019-08-06T18:56:00","date_gmt":"2019-08-06T21:56:00","guid":{"rendered":"http:\/\/www.nucleoestudo.ufla.br\/redep\/?page_id=11"},"modified":"2020-10-12T22:02:30","modified_gmt":"2020-10-13T01:02:30","slug":"eventos","status":"publish","type":"page","link":"http:\/\/www.nucleoestudo.ufla.br\/redep\/index.php\/eventos\/","title":{"rendered":"Eventos"},"content":{"rendered":"\n<p class=\"has-text-align-center\"><strong>CONVITE &#8211; LAN\u00c7AMENTO DOSSI\u00ca  &#8221; Forma\u00e7\u00e3o e Inser\u00e7\u00e3o Profissional de Professores Iniciantes: Conceitos e Pr\u00e1ticas&#8221; <\/strong><\/p>\n\n\n\n<p>\u00c9 com alegria e satisfa\u00e7\u00e3o que convidamos a todos para o  Lan\u00e7amento do Dossi\u00ea Forma\u00e7\u00e3o e Inser\u00e7\u00e3o Profissional de Professores Iniciantes: Conceitos e Pr\u00e1ticas com a Live: Pol\u00edticas de Indu\u00e7\u00e3o para Professores Iniciantes: Experi\u00eancia e Desafios Chilenos para a Am\u00e9rica Latina, promovido pela  Revista Eletr\u00f4nica de Educa\u00e7\u00e3o da UFSCar &#8211; REVEDUC. <\/p>\n\n\n\n<p><\/p>\n\n\n\n<p>A Live ser\u00e1 exibida no dia 14\/10, \u00e0s 17h, no link a seguir: https:\/\/www.youtube.com\/watch?v=ZV0dONOXgc0 . Esperamos voc\u00eas!<\/p>\n\n\n\n<p> O Dossi\u00ea em quest\u00e3o foi organizado pelas pesquisadoras Marli Andr\u00e9; Laurizette Passos e Patr\u00edcia Albieri e contempla artigos de diversos  pesquisadores da nossa Rede de estudos e pesquisas sobre desenvolvimento profissional docente. Vale a pena conferir! <\/p>\n\n\n\n<p><\/p>\n\n\n\n<p>REDEP<\/p>\n\n\n\n<figure class=\"wp-block-image\"><img decoding=\"async\" src=\"https:\/\/scontent.fvag6-1.fna.fbcdn.net\/v\/t1.0-9\/121231198_3257075661056003_8089948489947027942_n.jpg?_nc_cat=106&amp;_nc_sid=8bfeb9&amp;_nc_eui2=AeGM7m_N0Beo_5Db8kj_6l_NhMqGzqR-3NSEyobOpH7c1O8P5qFoL68XSoL7TWoOoxgmtoHzFQkEJ3S1ety8OA8R&amp;_nc_ohc=FJRZfbLpoI4AX8F470Q&amp;_nc_ht=scontent.fvag6-1.fna&amp;oh=2bd93914d91e2da88b914c7b7d34e11d&amp;oe=5FA8931E\" alt=\"\"\/><\/figure>\n\n\n\n<p><\/p>\n\n\n\n<p><\/p>\n\n\n\n<p><\/p>\n\n\n\n<p><\/p>\n\n\n\n<p><\/p>\n\n\n\n<p><\/p>\n\n\n\n<p><\/p>\n\n\n\n<p><\/p>\n\n\n\n<p><\/p>\n\n\n\n<p><\/p>\n\n\n\n<p><\/p>\n\n\n\n<p><\/p>\n\n\n\n<p><\/p>\n\n\n\n<p><\/p>\n\n\n\n<p><\/p>\n\n\n\n<p><\/p>\n\n\n\n<p><\/p>\n\n\n\n<p><\/p>\n\n\n\n<p><\/p>\n\n\n\n<p><\/p>\n\n\n\n<h2 class=\"has-text-align-center wp-block-heading\">ENDIPE &#8211; Encontro Nacional de Did\u00e1tica e Pr\u00e1ticas de Ensino<\/h2>\n\n\n\n<div class=\"wp-block-image\"><figure class=\"aligncenter\"><img decoding=\"async\" src=\"https:\/\/scontent.fvag6-1.fna.fbcdn.net\/v\/t1.0-9\/116883070_3142524039172492_3596339205055612435_n.jpg?_nc_cat=103&amp;_nc_sid=8bfeb9&amp;_nc_eui2=AeEOKixTcAABL3iKKUSnuHscvc7G9IMIqTS9zsb0gwipNJwt-3S058HlGo8kA8XBHpn-gbgbQN__Ay1WG8I7IJ7T&amp;_nc_ohc=WSY9RdAKONgAX-5L-Fl&amp;_nc_ht=scontent.fvag6-1.fna&amp;oh=9549223e921dd5a4bf1b06daef1c8ef1&amp;oe=5FAB7396\" alt=\"\"\/><\/figure><\/div>\n\n\n\n<p>O ENDIPE 2020 est\u00e1 repleto de novidades, temas e discuss\u00f5es importantes que ser\u00e3o conduzidas por pesquisadores, professores e estudantes sabidos em uma grande rede de aprendizagens! E \u00e9 claro, n\u00f3s da REDEP, marcaremos presen\u00e7a prestigiando a todo o evento e contribuindo com participa\u00e7\u00f5es em mesas, simp\u00f3sios, apresenta\u00e7\u00e3o de trabalhos.<\/p>\n\n\n\n<p class=\"has-text-align-center\">Venha participar do ENDIPE conosco! <\/p>\n","protected":false},"excerpt":{"rendered":"<p>CONVITE &#8211; LAN\u00c7AMENTO DOSSI\u00ca &#8221; Forma\u00e7\u00e3o e Inser\u00e7\u00e3o Profissional de Professores Iniciantes: Conceitos e Pr\u00e1ticas&#8221; \u00c9 com alegria e satisfa\u00e7\u00e3o que convidamos a todos para o Lan\u00e7amento do Dossi\u00ea Forma\u00e7\u00e3o<\/p>\n","protected":false},"author":3,"featured_media":0,"parent":0,"menu_order":0,"comment_status":"closed","ping_status":"closed","template":"","meta":{"_exactmetrics_skip_tracking":false,"_exactmetrics_sitenote_active":false,"_exactmetrics_sitenote_note":"","_exactmetrics_sitenote_category":0,"footnotes":""},"class_list":["post-11","page","type-page","status-publish","hentry"],"_links":{"self":[{"href":"http:\/\/www.nucleoestudo.ufla.br\/redep\/index.php\/wp-json\/wp\/v2\/pages\/11","targetHints":{"allow":["GET"]}}],"collection":[{"href":"http:\/\/www.nucleoestudo.ufla.br\/redep\/index.php\/wp-json\/wp\/v2\/pages"}],"about":[{"href":"http:\/\/www.nucleoestudo.ufla.br\/redep\/index.php\/wp-json\/wp\/v2\/types\/page"}],"author":[{"embeddable":true,"href":"http:\/\/www.nucleoestudo.ufla.br\/redep\/index.php\/wp-json\/wp\/v2\/users\/3"}],"replies":[{"embeddable":true,"href":"http:\/\/www.nucleoestudo.ufla.br\/redep\/index.php\/wp-json\/wp\/v2\/comments?post=11"}],"version-history":[{"count":8,"href":"http:\/\/www.nucleoestudo.ufla.br\/redep\/index.php\/wp-json\/wp\/v2\/pages\/11\/revisions"}],"predecessor-version":[{"id":286,"href":"http:\/\/www.nucleoestudo.ufla.br\/redep\/index.php\/wp-json\/wp\/v2\/pages\/11\/revisions\/286"}],"wp:attachment":[{"href":"http:\/\/www.nucleoestudo.ufla.br\/redep\/index.php\/wp-json\/wp\/v2\/media?parent=11"}],"curies":[{"name":"wp","href":"https:\/\/api.w.org\/{rel}","templated":true}]}}

<p class="has-text-align-center"><strong>CONVITE &#8211; LANÇAMENTO DOSSIÊ  &#8221; Formação e Inserção Profissional de Professores Iniciantes: Conceitos e Práticas&#8221; </strong></p>



<p>É com alegria e satisfação que convidamos a todos para o  Lançamento do Dossiê Formação e Inserção Profissional de Professores Iniciantes: Conceitos e Práticas com a Live: Políticas de Indução para Professores Iniciantes: Experiência e Desafios Chilenos para a América Latina, promovido pela  Revista Eletrônica de Educação da UFSCar &#8211; REVEDUC. </p>



<p></p>



<p>A Live será exibida no dia 14/10, às 17h, no link a seguir: https://www.youtube.com/watch?v=ZV0dONOXgc0 . Esperamos vocês!</p>



<p> O Dossiê em questão foi organizado pelas pesquisadoras Marli André; Laurizette Passos e Patrícia Albieri e contempla artigos de diversos  pesquisadores da nossa Rede de estudos e pesquisas sobre desenvolvimento profissional docente. Vale a pena conferir! </p>



<p></p>



<p>REDEP</p>



<figure class="wp-block-image"><img decoding="async" src="https://scontent.fvag6-1.fna.fbcdn.net/v/t1.0-9/121231198_3257075661056003_8089948489947027942_n.jpg?_nc_cat=106&amp;_nc_sid=8bfeb9&amp;_nc_eui2=AeGM7m_N0Beo_5Db8kj_6l_NhMqGzqR-3NSEyobOpH7c1O8P5qFoL68XSoL7TWoOoxgmtoHzFQkEJ3S1ety8OA8R&amp;_nc_ohc=FJRZfbLpoI4AX8F470Q&amp;_nc_ht=scontent.fvag6-1.fna&amp;oh=2bd93914d91e2da88b914c7b7d34e11d&amp;oe=5FA8931E" alt=""/></figure>



<p></p>



<p></p>



<p></p>



<p></p>



<p></p>



<p></p>



<p></p>



<p></p>



<p></p>



<p></p>



<p></p>



<p></p>



<p></p>



<p></p>



<p></p>



<p></p>



<p></p>



<p></p>



<p></p>



<p></p>



<h2 class="has-text-align-center wp-block-heading">ENDIPE &#8211; Encontro Nacional de Didática e Práticas de Ensino</h2>



<div class="wp-block-image"><figure class="aligncenter"><img decoding="async" src="https://scontent.fvag6-1.fna.fbcdn.net/v/t1.0-9/116883070_3142524039172492_3596339205055612435_n.jpg?_nc_cat=103&amp;_nc_sid=8bfeb9&amp;_nc_eui2=AeEOKixTcAABL3iKKUSnuHscvc7G9IMIqTS9zsb0gwipNJwt-3S058HlGo8kA8XBHpn-gbgbQN__Ay1WG8I7IJ7T&amp;_nc_ohc=WSY9RdAKONgAX-5L-Fl&amp;_nc_ht=scontent.fvag6-1.fna&amp;oh=9549223e921dd5a4bf1b06daef1c8ef1&amp;oe=5FAB7396" alt=""/></figure></div>



<p>O ENDIPE 2020 está repleto de novidades, temas e discussões importantes que serão conduzidas por pesquisadores, professores e estudantes sabidos em uma grande rede de aprendizagens! E é claro, nós da REDEP, marcaremos presença prestigiando a todo o evento e contribuindo com participações em mesas, simpósios, apresentação de trabalhos.</p>



<p class="has-text-align-center">Venha participar do ENDIPE conosco! </p>

<p>CONVITE &#8211; LANÇAMENTO DOSSIÊ &#8221; Formação e Inserção Profissional de Professores Iniciantes: Conceitos e Práticas&#8221; É com alegria e satisfação que convidamos a todos para o Lançamento do Dossiê Formação</p>
