{"id":840,"date":"2014-03-28T15:31:05","date_gmt":"2014-03-28T15:31:05","guid":{"rendered":"http:\/\/www.dca.ufla.br\/petalimentos\/?page_id=840"},"modified":"2022-07-25T13:19:49","modified_gmt":"2022-07-25T16:19:49","slug":"qualidade","status":"publish","type":"page","link":"http:\/\/www.nucleoestudo.ufla.br\/petalimentos\/qualidade\/","title":{"rendered":"Qualidade"},"content":{"rendered":"\n<figure class=\"wp-block-gallery columns-1 is-cropped wp-block-gallery-1 is-layout-flex wp-block-gallery-is-layout-flex\"><ul class=\"blocks-gallery-grid\"><li class=\"blocks-gallery-item\"><figure><img decoding=\"async\" loading=\"lazy\" width=\"1080\" height=\"675\" src=\"http:\/\/www.nucleoestudo.ufla.br\/petalimentos\/wp-content\/uploads\/2022\/07\/Design-sem-nome-5-e1658765975638-1080x675.png\" alt=\"\" data-id=\"2372\" data-full-url=\"http:\/\/www.nucleoestudo.ufla.br\/petalimentos\/wp-content\/uploads\/2022\/07\/Design-sem-nome-5-e1658765975638.png\" data-link=\"http:\/\/www.nucleoestudo.ufla.br\/petalimentos\/qualidade\/design-sem-nome-8\/\" class=\"wp-image-2372\"\/><\/figure><\/li><\/ul><\/figure>\n\n\n<p style=\"text-align: justify;\"><span style=\"color: #000000;\">A gest\u00e3o de Qualidade \u00e9 respons\u00e1vel pelo gerenciamento de projetos e do KANBAN, acompanhamento dos projetos, monitoramento de entrega de relat\u00f3rios e garantia de resultados.&nbsp;<\/span><\/p>\n<p style=\"text-align: justify;\"><span style=\"color: #000000;\"><strong>E-mail da gest\u00e3o:<\/strong> qualidadepetalimentos@gmail.com<\/span><\/p>\n<p style=\"text-align: justify;\"><span style=\"color: #000000;\"><strong>Membros<\/strong>:<\/span><\/p>\n<ul>\n<li>Alice de Andrade Moreira<\/li>\n<li>Ana Carolina Gomes do Nascimento<\/li>\n<li>Bruna dos Santos Silva<\/li>\n<\/ul>\n<p><span style=\"color: #000000;\"><strong>Projeto Respons\u00e1vel:<\/strong><\/span><\/p>\n<ul>\n<li><span style=\"color: #000000;\">Melhoria Cont\u00ednua<\/span><\/li>\n<\/ul><div id=\"wp_fb_like_button\" style=\"margin:5px 0;float:none;height:100px;\"><script src=\"http:\/\/connect.facebook.net\/en_US\/all.js#xfbml=1\"><\/script><fb:like href=\"http:\/\/www.nucleoestudo.ufla.br\/petalimentos\/qualidade\/\" send=\"false\" layout=\"like\" width=\"450\" show_faces=\"true\" font=\"arial\" action=\"\" colorscheme=\"light\"><\/fb:like><\/div>","protected":false},"excerpt":{"rendered":"<p>A gest\u00e3o de Qualidade \u00e9 respons\u00e1vel pelo gerenciamento de projetos e do KANBAN, acompanhamento dos projetos, monitoramento de entrega de relat\u00f3rios e garantia de resultados.&nbsp; E-mail da gest\u00e3o: qualidadepetalimentos@gmail.com Membros: Alice de Andrade Moreira Ana Carolina Gomes do Nascimento Bruna dos Santos Silva Projeto Respons\u00e1vel: Melhoria Cont\u00ednua<\/p>\n","protected":false},"author":1,"featured_media":0,"parent":0,"menu_order":0,"comment_status":"open","ping_status":"open","template":"","meta":{"footnotes":""},"_links":{"self":[{"href":"http:\/\/www.nucleoestudo.ufla.br\/petalimentos\/wp-json\/wp\/v2\/pages\/840"}],"collection":[{"href":"http:\/\/www.nucleoestudo.ufla.br\/petalimentos\/wp-json\/wp\/v2\/pages"}],"about":[{"href":"http:\/\/www.nucleoestudo.ufla.br\/petalimentos\/wp-json\/wp\/v2\/types\/page"}],"author":[{"embeddable":true,"href":"http:\/\/www.nucleoestudo.ufla.br\/petalimentos\/wp-json\/wp\/v2\/users\/1"}],"replies":[{"embeddable":true,"href":"http:\/\/www.nucleoestudo.ufla.br\/petalimentos\/wp-json\/wp\/v2\/comments?post=840"}],"version-history":[{"count":26,"href":"http:\/\/www.nucleoestudo.ufla.br\/petalimentos\/wp-json\/wp\/v2\/pages\/840\/revisions"}],"predecessor-version":[{"id":2373,"href":"http:\/\/www.nucleoestudo.ufla.br\/petalimentos\/wp-json\/wp\/v2\/pages\/840\/revisions\/2373"}],"wp:attachment":[{"href":"http:\/\/www.nucleoestudo.ufla.br\/petalimentos\/wp-json\/wp\/v2\/media?parent=840"}],"curies":[{"name":"wp","href":"https:\/\/api.w.org\/{rel}","templated":true}]}}