{"id":62,"date":"2013-04-19T13:29:43","date_gmt":"2013-04-19T13:29:43","guid":{"rendered":"http:\/\/www.dca.ufla.br\/petalimentos\/?page_id=62"},"modified":"2023-09-12T15:32:47","modified_gmt":"2023-09-12T18:32:47","slug":"integrantes-3","status":"publish","type":"page","link":"http:\/\/www.nucleoestudo.ufla.br\/petalimentos\/integrantes-3\/","title":{"rendered":"Membros"},"content":{"rendered":"\n<p> Ana Carolina Gomes do Nascimento <\/p>\n\n\n\n<p>Ana L\u00edvia de Lucca Barnab\u00e9<\/p>\n\n\n\n<p>Beatriz Marina Maciel Rodrigues<\/p>\n\n\n\n<p>Daniel Ribeiro<\/p>\n\n\n\n<p>Giovanna Silva Seghetto<\/p>\n\n\n\n<p>Jo\u00e3o Fernando Silva de Resende Chaves<\/p>\n\n\n\n<p>Jo\u00e3o Victor Secco<\/p>\n\n\n\n<p>Luan Henrique Braga Coldibelli<\/p>\n<div id=\"wp_fb_like_button\" style=\"margin:5px 0;float:none;height:100px;\"><script src=\"http:\/\/connect.facebook.net\/en_US\/all.js#xfbml=1\"><\/script><fb:like href=\"http:\/\/www.nucleoestudo.ufla.br\/petalimentos\/integrantes-3\/\" send=\"false\" layout=\"like\" width=\"450\" show_faces=\"true\" font=\"arial\" action=\"\" colorscheme=\"light\"><\/fb:like><\/div>","protected":false},"excerpt":{"rendered":"<p>Ana Carolina Gomes do Nascimento Ana L\u00edvia de Lucca Barnab\u00e9 Beatriz Marina Maciel Rodrigues Daniel Ribeiro Giovanna Silva Seghetto Jo\u00e3o Fernando Silva de Resende Chaves Jo\u00e3o Victor Secco Luan Henrique Braga Coldibelli<\/p>\n","protected":false},"author":1,"featured_media":0,"parent":0,"menu_order":0,"comment_status":"open","ping_status":"open","template":"","meta":{"footnotes":""},"_links":{"self":[{"href":"http:\/\/www.nucleoestudo.ufla.br\/petalimentos\/wp-json\/wp\/v2\/pages\/62"}],"collection":[{"href":"http:\/\/www.nucleoestudo.ufla.br\/petalimentos\/wp-json\/wp\/v2\/pages"}],"about":[{"href":"http:\/\/www.nucleoestudo.ufla.br\/petalimentos\/wp-json\/wp\/v2\/types\/page"}],"author":[{"embeddable":true,"href":"http:\/\/www.nucleoestudo.ufla.br\/petalimentos\/wp-json\/wp\/v2\/users\/1"}],"replies":[{"embeddable":true,"href":"http:\/\/www.nucleoestudo.ufla.br\/petalimentos\/wp-json\/wp\/v2\/comments?post=62"}],"version-history":[{"count":54,"href":"http:\/\/www.nucleoestudo.ufla.br\/petalimentos\/wp-json\/wp\/v2\/pages\/62\/revisions"}],"predecessor-version":[{"id":2395,"href":"http:\/\/www.nucleoestudo.ufla.br\/petalimentos\/wp-json\/wp\/v2\/pages\/62\/revisions\/2395"}],"wp:attachment":[{"href":"http:\/\/www.nucleoestudo.ufla.br\/petalimentos\/wp-json\/wp\/v2\/media?parent=62"}],"curies":[{"name":"wp","href":"https:\/\/api.w.org\/{rel}","templated":true}]}}