{"id":2319,"date":"2022-05-24T22:41:18","date_gmt":"2022-05-25T01:41:18","guid":{"rendered":"http:\/\/www.nucleoestudo.ufla.br\/petalimentos\/?page_id=2319"},"modified":"2022-05-24T22:41:18","modified_gmt":"2022-05-25T01:41:18","slug":"processo-seletivo-2021-1","status":"publish","type":"page","link":"http:\/\/www.nucleoestudo.ufla.br\/petalimentos\/processo-seletivo-2021-1\/","title":{"rendered":"Processo Seletivo 2021\/1"},"content":{"rendered":"\n<p> O Programa de Educa\u00e7\u00e3o Tutorial do Curso de Engenharia de Alimentos da Universidade Federal de Lavras (PET Engenharia de Alimentos) faz saber que se encontram abertas as inscri\u00e7\u00f5es para sele\u00e7\u00e3o de novos membros, sendo 5 (cinco) vagas, sendo 4 (quatro) n\u00e3o remuneradas e 1 (uma) remunerada.<\/p>\n\n\n\n<figure class=\"wp-block-table\"><table><tbody><tr><td class=\"has-text-align-center\" data-align=\"center\"> <strong>DATA<\/strong> <\/td><td class=\"has-text-align-center\" data-align=\"center\"> <strong>ATIVIDADE<\/strong> <\/td><\/tr><tr><td class=\"has-text-align-center\" data-align=\"center\"> 19\/08\/2021 <\/td><td class=\"has-text-align-center\" data-align=\"center\"> Publica\u00e7\u00e3o do Edital. <\/td><\/tr><tr><td class=\"has-text-align-center\" data-align=\"center\"> 27\/08\/2021 \u00e0s 10h00min at\u00e9 09\/09\/2021 \u00e0s 12h00min, na plataforma digital Google Forms, link disponibilizado. <\/td><td class=\"has-text-align-center\" data-align=\"center\"> Per\u00edodo de  Inscri\u00e7\u00f5es. <\/td><\/tr><tr><td class=\"has-text-align-center\" data-align=\"center\"> 10\/09\/2021 <\/td><td class=\"has-text-align-center\" data-align=\"center\"> Envio de e-mail de confirma\u00e7\u00e3o de inscri\u00e7\u00e3o e informa\u00e7\u00f5es aos candidatos. <\/td><\/tr><tr><td class=\"has-text-align-center\" data-align=\"center\"> at\u00e9 13\/09\/2021 \u00e0s 17h00min <\/td><td class=\"has-text-align-center\" data-align=\"center\"> Prazo para entrega da Apresenta\u00e7\u00e3o Pessoal. <\/td><\/tr><tr><td class=\"has-text-align-center\" data-align=\"center\"> 15\/09\/2021 \u00e0s 18h00min <\/td><td class=\"has-text-align-center\" data-align=\"center\"> Din\u00e2mica em Grupo. <\/td><\/tr><tr><td class=\"has-text-align-center\" data-align=\"center\"> 16\/09\/2021 at\u00e9 17\/09\/2021 <\/td><td class=\"has-text-align-center\" data-align=\"center\"> Entrevistas. <\/td><\/tr><tr><td class=\"has-text-align-center\" data-align=\"center\">22\/09\/2021<\/td><td class=\"has-text-align-center\" data-align=\"center\">Divulga\u00e7\u00e3o do Resultado Preliminar<\/td><\/tr><tr><td class=\"has-text-align-center\" data-align=\"center\">22\/09\/2021 at\u00e9 24\/09\/2021 \u00e0s 18h00min,<br>no e-mail da Gest\u00e3o de Pessoas PET<br>Engenharia de alimentos<br>(pessoaspetalimentos@gmail.com).<\/td><td class=\"has-text-align-center\" data-align=\"center\">Interposi\u00e7\u00e3o de Recursos.<\/td><\/tr><tr><td class=\"has-text-align-center\" data-align=\"center\">27\/09\/2021<\/td><td class=\"has-text-align-center\" data-align=\"center\">Resultado dos Recursos.<\/td><\/tr><tr><td class=\"has-text-align-center\" data-align=\"center\"> 11\/03\/2021 <\/td><td class=\"has-text-align-center\" data-align=\"center\">Resultado Final e da Primeira Chamada.<\/td><\/tr><tr><td class=\"has-text-align-center\" data-align=\"center\">28\/09\/2021 at\u00e9 01\/10\/2021 \u00e0s 18h00min,<br>no e-mail da Gest\u00e3o de Pessoas PET<br>Engenharia de alimentos<br>(pessoaspetalimentos@gmail.com).<\/td><td class=\"has-text-align-center\" data-align=\"center\">Manifesta\u00e7\u00e3o de interesse da primeira<br>chamada.<\/td><\/tr><tr><td class=\"has-text-align-center\" data-align=\"center\">02\/10\/2021<\/td><td class=\"has-text-align-center\" data-align=\"center\">Resultado da segunda chamada, se houver<\/td><\/tr><\/tbody><\/table><\/figure>\n<div id=\"wp_fb_like_button\" style=\"margin:5px 0;float:none;height:100px;\"><script src=\"http:\/\/connect.facebook.net\/en_US\/all.js#xfbml=1\"><\/script><fb:like href=\"http:\/\/www.nucleoestudo.ufla.br\/petalimentos\/processo-seletivo-2021-1\/\" send=\"false\" layout=\"like\" width=\"450\" show_faces=\"true\" font=\"arial\" action=\"\" colorscheme=\"light\"><\/fb:like><\/div>","protected":false},"excerpt":{"rendered":"<p>O Programa de Educa\u00e7\u00e3o Tutorial do Curso de Engenharia de Alimentos da Universidade Federal de Lavras (PET Engenharia de Alimentos) faz saber que se encontram abertas as inscri\u00e7\u00f5es para sele\u00e7\u00e3o de novos membros, sendo 5 (cinco) vagas, sendo 4 (quatro) n\u00e3o remuneradas e 1 (uma) remunerada. DATA ATIVIDADE 19\/08\/2021 Publica\u00e7\u00e3o do Edital. 27\/08\/2021 \u00e0s 10h00min &hellip; <\/p>\n<p class=\"link-more\"><a href=\"http:\/\/www.nucleoestudo.ufla.br\/petalimentos\/processo-seletivo-2021-1\/\" class=\"more-link\">Continue lendo<span class=\"screen-reader-text\"> &#8220;Processo Seletivo 2021\/1&#8221;<\/span><\/a><\/p>\n","protected":false},"author":1,"featured_media":0,"parent":0,"menu_order":0,"comment_status":"closed","ping_status":"closed","template":"","meta":{"footnotes":""},"_links":{"self":[{"href":"http:\/\/www.nucleoestudo.ufla.br\/petalimentos\/wp-json\/wp\/v2\/pages\/2319"}],"collection":[{"href":"http:\/\/www.nucleoestudo.ufla.br\/petalimentos\/wp-json\/wp\/v2\/pages"}],"about":[{"href":"http:\/\/www.nucleoestudo.ufla.br\/petalimentos\/wp-json\/wp\/v2\/types\/page"}],"author":[{"embeddable":true,"href":"http:\/\/www.nucleoestudo.ufla.br\/petalimentos\/wp-json\/wp\/v2\/users\/1"}],"replies":[{"embeddable":true,"href":"http:\/\/www.nucleoestudo.ufla.br\/petalimentos\/wp-json\/wp\/v2\/comments?post=2319"}],"version-history":[{"count":2,"href":"http:\/\/www.nucleoestudo.ufla.br\/petalimentos\/wp-json\/wp\/v2\/pages\/2319\/revisions"}],"predecessor-version":[{"id":2326,"href":"http:\/\/www.nucleoestudo.ufla.br\/petalimentos\/wp-json\/wp\/v2\/pages\/2319\/revisions\/2326"}],"wp:attachment":[{"href":"http:\/\/www.nucleoestudo.ufla.br\/petalimentos\/wp-json\/wp\/v2\/media?parent=2319"}],"curies":[{"name":"wp","href":"https:\/\/api.w.org\/{rel}","templated":true}]}}