{"id":864,"date":"2018-12-17T11:07:06","date_gmt":"2018-12-17T13:07:06","guid":{"rendered":"http:\/\/www.nucleoestudo.ufla.br\/niesp\/?page_id=864"},"modified":"2020-01-23T17:12:52","modified_gmt":"2020-01-23T20:12:52","slug":"relatorios","status":"publish","type":"page","link":"http:\/\/www.nucleoestudo.ufla.br\/niesp\/index.php\/sobre-o-niesp\/relatorios\/","title":{"rendered":"Relat\u00f3rios"},"content":{"rendered":"<p><a href=\"https:\/\/drive.google.com\/file\/d\/1rjM230iFdU2BF254gJ1CWZsi0bbJAO-5\/view?usp=sharing\">Relat\u00f3rio Niesp &#8211; 2017<\/a><\/p>\n<p><a href=\"http:\/\/www.nucleoestudo.ufla.br\/niesp\/wp-content\/uploads\/2018\/12\/Relat\u00f3rio-de-Atividades-2018.pdf\">Relat\u00f3rio Nisep &#8211; 2018<\/a><\/p>\n<p><a href=\"http:\/\/www.nucleoestudo.ufla.br\/niesp\/wp-content\/uploads\/2020\/01\/Relat\u00f3rio-NIESP-2019.pdf\">Relat\u00f3rio Niesp &#8211; 2019<\/a><\/p>\n","protected":false},"excerpt":{"rendered":"<p>Relat\u00f3rio Niesp &#8211; 2017 Relat\u00f3rio Nisep &#8211; 2018 Relat\u00f3rio Niesp &#8211; 2019<\/p>\n","protected":false},"author":2,"featured_media":0,"parent":29,"menu_order":0,"comment_status":"closed","ping_status":"closed","template":"","meta":{"footnotes":""},"class_list":["post-864","page","type-page","status-publish","hentry"],"_links":{"self":[{"href":"http:\/\/www.nucleoestudo.ufla.br\/niesp\/index.php\/wp-json\/wp\/v2\/pages\/864","targetHints":{"allow":["GET"]}}],"collection":[{"href":"http:\/\/www.nucleoestudo.ufla.br\/niesp\/index.php\/wp-json\/wp\/v2\/pages"}],"about":[{"href":"http:\/\/www.nucleoestudo.ufla.br\/niesp\/index.php\/wp-json\/wp\/v2\/types\/page"}],"author":[{"embeddable":true,"href":"http:\/\/www.nucleoestudo.ufla.br\/niesp\/index.php\/wp-json\/wp\/v2\/users\/2"}],"replies":[{"embeddable":true,"href":"http:\/\/www.nucleoestudo.ufla.br\/niesp\/index.php\/wp-json\/wp\/v2\/comments?post=864"}],"version-history":[{"count":5,"href":"http:\/\/www.nucleoestudo.ufla.br\/niesp\/index.php\/wp-json\/wp\/v2\/pages\/864\/revisions"}],"predecessor-version":[{"id":1269,"href":"http:\/\/www.nucleoestudo.ufla.br\/niesp\/index.php\/wp-json\/wp\/v2\/pages\/864\/revisions\/1269"}],"up":[{"embeddable":true,"href":"http:\/\/www.nucleoestudo.ufla.br\/niesp\/index.php\/wp-json\/wp\/v2\/pages\/29"}],"wp:attachment":[{"href":"http:\/\/www.nucleoestudo.ufla.br\/niesp\/index.php\/wp-json\/wp\/v2\/media?parent=864"}],"curies":[{"name":"wp","href":"https:\/\/api.w.org\/{rel}","templated":true}]}}