{"id":33,"date":"2017-12-04T16:57:31","date_gmt":"2017-12-04T18:57:31","guid":{"rendered":"http:\/\/www.nucleoestudo.ufla.br\/niesp\/?page_id=33"},"modified":"2021-11-11T12:17:48","modified_gmt":"2021-11-11T15:17:48","slug":"membros","status":"publish","type":"page","link":"http:\/\/www.nucleoestudo.ufla.br\/niesp\/index.php\/membros\/","title":{"rendered":"Membros"},"content":{"rendered":"<hr \/>\n<p style=\"text-align: center;\"><strong>COORDENA\u00c7\u00c3O GERAL<\/strong><\/p>\n<p style=\"text-align: center;\"><strong>Coordenadora<\/strong><\/p>\n<p style=\"text-align: center;\">Prof\u00aa Dr\u00aa. Daniela Meirelles Andrade \u2013 Doutora em Administra\u00e7\u00e3o pela UFLA<\/p>\n<p style=\"text-align: center;\"><img loading=\"lazy\" decoding=\"async\" class=\"aligncenter wp-image-225 size-medium\" src=\"http:\/\/www.nucleoestudo.ufla.br\/niesp\/wp-content\/uploads\/2017\/12\/WhatsApp-Image-2017-12-13-at-06.51.35-237x300.jpeg\" alt=\"\" width=\"237\" height=\"300\" \/><\/p>\n<p style=\"text-align: center;\"><a href=\"http:\/\/lattes.cnpq.br\/3540283033351057\">http:\/\/lattes.cnpq.br\/3540283033351057<\/a><\/p>\n<p style=\"text-align: center;\"><strong>Coordenador<\/strong><\/p>\n<p style=\"text-align: center;\">Prof. Dr. Dany Flavio Tonelli \u2013 Doutor em Administra\u00e7\u00e3o pela UFLA<\/p>\n<p style=\"text-align: center;\"><img loading=\"lazy\" decoding=\"async\" class=\"wp-image-205 aligncenter\" src=\"http:\/\/www.nucleoestudo.ufla.br\/niesp\/wp-content\/uploads\/2017\/12\/c10c0c15-a74c-4b94-948a-1145c730173e-242x300.jpg\" alt=\"\" width=\"269\" height=\"333\" \/><\/p>\n<p style=\"text-align: center;\"><a href=\"http:\/\/lattes.cnpq.br\/1549447568023040\">http:\/\/lattes.cnpq.br\/1549447568023040<\/a><\/p>\n<p style=\"text-align: center;\"><strong>Presidente<\/strong><\/p>\n<p style=\"text-align: center;\">Wellington Azevedo Silva Moterani &#8211; Graduando em Administra\u00e7\u00e3o P\u00fablica pela UFLA<\/p>\n<p><img loading=\"lazy\" decoding=\"async\" class=\"aligncenter\" src=\"http:\/\/www.nucleoestudo.ufla.br\/niesp\/wp-content\/uploads\/2020\/03\/pp.jpg\" width=\"248\" height=\"248\" \/><\/p>\n<p style=\"text-align: center;\"><a href=\"http:\/\/lattes.cnpq.br\/9285964435857160\">http:\/\/lattes.cnpq.br\/9285964435857160<\/a><\/p>\n<p style=\"text-align: center;\"><strong>Vice-Presidente<\/strong><\/p>\n<ul style=\"text-align: center;\">\n<li style=\"list-style-type: none; text-align: center;\">Marina Bastos Soares &#8211; Graduanda em Administra\u00e7\u00e3o P\u00fablica pela UFLA<\/li>\n<\/ul>\n<p style=\"text-align: center;\"><a href=\"http:\/\/www.nucleoestudo.ufla.br\/niesp\/wp-content\/uploads\/2019\/04\/marina.jpeg\"><img loading=\"lazy\" decoding=\"async\" class=\"size-medium wp-image-1068 aligncenter\" src=\"http:\/\/www.nucleoestudo.ufla.br\/niesp\/wp-content\/uploads\/2019\/04\/marina-257x300.jpeg\" alt=\"\" width=\"257\" height=\"300\" srcset=\"http:\/\/www.nucleoestudo.ufla.br\/niesp\/wp-content\/uploads\/2019\/04\/marina-257x300.jpeg 257w, http:\/\/www.nucleoestudo.ufla.br\/niesp\/wp-content\/uploads\/2019\/04\/marina.jpeg 432w\" sizes=\"auto, (max-width: 257px) 85vw, 257px\" \/><\/a><\/p>\n<p style=\"text-align: center;\">\u00a0<a href=\"http:\/\/lattes.cnpq.br\/5521121860986402\">http:\/\/lattes.cnpq.br\/5521121860986402<\/a><\/p>\n<p style=\"text-align: center;\"><strong>\u00a0Secret\u00e1ria<\/strong><\/p>\n<p style=\"text-align: center;\">Isabela Abigail Silva Santos &#8211; Graduanda em Administra\u00e7\u00e3o P\u00fablica pela UFLA<\/p>\n<p><img loading=\"lazy\" decoding=\"async\" class=\"aligncenter\" src=\"http:\/\/www.nucleoestudo.ufla.br\/niesp\/wp-content\/uploads\/2021\/11\/WhatsApp-Image-2021-11-11-at-11.04.41.jpeg\" width=\"265\" height=\"373\" \/><\/p>\n<p style=\"text-align: center;\"><a href=\"http:\/\/lattes.cnpq.br\/2460420293134107\">http:\/\/lattes.cnpq.br\/2460420293134107<\/a><\/p>\n<p style=\"text-align: center;\"><b>Subsecret\u00e1ria<\/b><\/p>\n<p style=\"text-align: center;\">J\u00falia Rezende &#8211; Graduanda em Administra\u00e7\u00e3o P\u00fablica pela UFLA<\/p>\n<p><img loading=\"lazy\" decoding=\"async\" class=\"aligncenter\" src=\"http:\/\/www.nucleoestudo.ufla.br\/niesp\/wp-content\/uploads\/2021\/10\/WhatsApp-Image-2021-09-28-at-19.37.48.jpeg\" width=\"260\" height=\"325\" \/><\/p>\n<p style=\"text-align: center;\">Curr\u00edculo Lattes em constru\u00e7\u00e3o<\/p>\n<p style=\"text-align: center;\"><strong>COORDENADORIA CIENT\u00cdFICA<\/strong><\/p>\n<p style=\"text-align: center;\"><strong>Coordenador Cient\u00edfico<\/strong><\/p>\n<p style=\"text-align: center;\">Diego Pereira Costa &#8211; Mestrando em Administra\u00e7\u00e3o pela UFLA<\/p>\n<p style=\"text-align: center;\"><img loading=\"lazy\" decoding=\"async\" class=\"\" src=\"http:\/\/www.nucleoestudo.ufla.br\/niesp\/wp-content\/uploads\/2021\/10\/WhatsApp-Image-2021-10-06-at-21.13.47.jpeg\" width=\"257\" height=\"348\" \/><\/p>\n<p style=\"text-align: center;\"><a href=\"http:\/\/lattes.cnpq.br\/4402590662574503\">http:\/\/lattes.cnpq.br\/4402590662574503<\/a><\/p>\n<p style=\"text-align: center;\"><strong>Assessores da Coordenadoria Cient\u00edfica<\/strong><\/p>\n<p style=\"text-align: center;\">Jos\u00e9 Eduardo Moreira do Nascimento &#8211; Graduado em Administra\u00e7\u00e3o P\u00fablica pela UFLA<\/p>\n<p><img loading=\"lazy\" decoding=\"async\" class=\"aligncenter\" src=\"http:\/\/www.nucleoestudo.ufla.br\/niesp\/wp-content\/uploads\/2021\/10\/WhatsApp-Image-2021-09-29-at-09.43.53.jpeg\" width=\"342\" height=\"363\" \/><\/p>\n<p style=\"text-align: center;\"><a href=\"http:\/\/lattes.cnpq.br\/0353602033645969\">http:\/\/lattes.cnpq.br\/0353602033645969<\/a><\/p>\n<p style=\"text-align: center;\">Priscilla Oliveira Nascimento &#8211; Doutoranda em Administra\u00e7\u00e3o pela UFLA<\/p>\n<p><img loading=\"lazy\" decoding=\"async\" class=\"aligncenter\" src=\"http:\/\/www.nucleoestudo.ufla.br\/niesp\/wp-content\/uploads\/2021\/10\/pp.jpg\" width=\"332\" height=\"332\" \/><\/p>\n<p style=\"text-align: center;\"><a href=\"http:\/\/lattes.cnpq.br\/6137217784749499\">http:\/\/lattes.cnpq.br\/6137217784749499<\/a><\/p>\n<p style=\"text-align: center;\">Milena Abreu Avila &#8211; Mestranda em Administra\u00e7\u00e3o pela UFLA<\/p>\n<p><img decoding=\"async\" class=\"aligncenter\" src=\"http:\/\/www.nucleoestudo.ufla.br\/niesp\/wp-content\/uploads\/2020\/03\/WhatsApp-Image-2020-03-16-at-19.51.25.jpeg\" \/><\/p>\n<p style=\"text-align: center;\"><a href=\"http:\/\/lattes.cnpq.br\/3721037147454066\">http:\/\/lattes.cnpq.br\/3721037147454066<\/a><\/p>\n<p style=\"text-align: center;\">Vinicius Batista Gon\u00e7alves &#8211; Doutorando em Administra\u00e7\u00e3o pela UFLA<\/p>\n<p><img loading=\"lazy\" decoding=\"async\" class=\"wp-image-190 aligncenter\" src=\"http:\/\/www.nucleoestudo.ufla.br\/niesp\/wp-content\/uploads\/2017\/12\/24131308_1705595932793727_2001278826383829427_n.jpg\" alt=\"\" width=\"263\" height=\"248\" \/><\/p>\n<p style=\"text-align: center;\"><a href=\"http:\/\/lattes.cnpq.br\/4314389404597209\">http:\/\/lattes.cnpq.br\/4314389404597209<\/a><\/p>\n<p style=\"text-align: center;\"><strong>COORDENADORIA ADMINISTRATIVA<\/strong><\/p>\n<p style=\"text-align: center;\"><strong>Coordenadora Administrativa<\/strong><\/p>\n<p style=\"text-align: center;\">Marcella de Abreu Godinho &#8211; Graduanda em Administra\u00e7\u00e3o P\u00fablica pela UFLA<\/p>\n<p><img loading=\"lazy\" decoding=\"async\" class=\"size-medium wp-image-1217 aligncenter\" src=\"http:\/\/www.nucleoestudo.ufla.br\/niesp\/wp-content\/uploads\/2019\/09\/Marcella-300x260.jpg\" alt=\"\" width=\"300\" height=\"260\" srcset=\"http:\/\/www.nucleoestudo.ufla.br\/niesp\/wp-content\/uploads\/2019\/09\/Marcella-300x260.jpg 300w, http:\/\/www.nucleoestudo.ufla.br\/niesp\/wp-content\/uploads\/2019\/09\/Marcella-768x665.jpg 768w, http:\/\/www.nucleoestudo.ufla.br\/niesp\/wp-content\/uploads\/2019\/09\/Marcella-1024x886.jpg 1024w, http:\/\/www.nucleoestudo.ufla.br\/niesp\/wp-content\/uploads\/2019\/09\/Marcella-1200x1039.jpg 1200w, http:\/\/www.nucleoestudo.ufla.br\/niesp\/wp-content\/uploads\/2019\/09\/Marcella.jpg 1280w\" sizes=\"auto, (max-width: 300px) 85vw, 300px\" \/><\/p>\n<p style=\"text-align: center;\"><a href=\"http:\/\/lattes.cnpq.br\/9016516882934585\">http:\/\/lattes.cnpq.br\/9016516882934585<\/a><\/p>\n<p style=\"text-align: center;\"><strong>Assessores da Coordenadoria Administrativa<\/strong><\/p>\n<p style=\"text-align: center;\">J\u00falia Rezende &#8211; Graduanda em Administra\u00e7\u00e3o P\u00fablica pela UFLA<\/p>\n<p><img loading=\"lazy\" decoding=\"async\" class=\"aligncenter\" src=\"http:\/\/www.nucleoestudo.ufla.br\/niesp\/wp-content\/uploads\/2021\/10\/WhatsApp-Image-2021-09-28-at-19.37.48.jpeg\" width=\"260\" height=\"325\" \/><\/p>\n<p style=\"text-align: center;\">Curr\u00edculo Lattes em constru\u00e7\u00e3o<\/p>\n<p style=\"text-align: center;\">Prof\u00aa Dr\u00aa. Daniela Meirelles Andrade \u2013 Doutora em Administra\u00e7\u00e3o pela UFLA<\/p>\n<p><img loading=\"lazy\" decoding=\"async\" class=\"aligncenter wp-image-225 size-medium\" src=\"http:\/\/www.nucleoestudo.ufla.br\/niesp\/wp-content\/uploads\/2017\/12\/WhatsApp-Image-2017-12-13-at-06.51.35-237x300.jpeg\" alt=\"\" width=\"237\" height=\"300\" \/><\/p>\n<p style=\"text-align: center;\"><a href=\"http:\/\/lattes.cnpq.br\/3540283033351057\">http:\/\/lattes.cnpq.br\/3540283033351057<\/a><\/p>\n<p style=\"text-align: center;\"><strong>COORDENADORIA DE GEST\u00c3O DE PESSOAS<\/strong><\/p>\n<p style=\"text-align: center;\"><strong>Coordenadora de Gest\u00e3o de Pessoas<\/strong><\/p>\n<p style=\"text-align: center;\">\u00a0 Marina Bastos Soares &#8211; Graduanda em Administra\u00e7\u00e3o P\u00fablica pela UFLA<\/p>\n<p style=\"text-align: center;\"><a href=\"http:\/\/www.nucleoestudo.ufla.br\/niesp\/wp-content\/uploads\/2019\/04\/marina.jpeg\"><img loading=\"lazy\" decoding=\"async\" class=\"size-medium wp-image-1068 aligncenter\" src=\"http:\/\/www.nucleoestudo.ufla.br\/niesp\/wp-content\/uploads\/2019\/04\/marina-257x300.jpeg\" alt=\"\" width=\"257\" height=\"300\" srcset=\"http:\/\/www.nucleoestudo.ufla.br\/niesp\/wp-content\/uploads\/2019\/04\/marina-257x300.jpeg 257w, http:\/\/www.nucleoestudo.ufla.br\/niesp\/wp-content\/uploads\/2019\/04\/marina.jpeg 432w\" sizes=\"auto, (max-width: 257px) 85vw, 257px\" \/><\/a><a href=\"http:\/\/lattes.cnpq.br\/5710576953981291\">http:\/\/lattes.cnpq.br\/5710576953981291<\/a><\/p>\n<p style=\"text-align: center;\"><strong>Assessores da Coordenadoria de Gest\u00e3o de Pessoas<\/strong><\/p>\n<p style=\"text-align: center;\">Camila de Assis Silva &#8211; Mestre em Administra\u00e7\u00e3o pela UFLA<\/p>\n<p><img loading=\"lazy\" decoding=\"async\" class=\"wp-image-419 aligncenter\" src=\"http:\/\/www.nucleoestudo.ufla.br\/niesp\/wp-content\/uploads\/2018\/09\/CAMILA-300x300.jpg\" alt=\"\" width=\"273\" height=\"273\" \/><\/p>\n<p style=\"text-align: center;\"><a href=\"http:\/\/lattes.cnpq.br\/7306163039213169\">http:\/\/lattes.cnpq.br\/7306163039213169<\/a><\/p>\n<p style=\"text-align: center;\">Ana Gabriela Barbosa &#8211; Graduanda em Administra\u00e7\u00e3o P\u00fablica pela UFLA<\/p>\n<p><img loading=\"lazy\" decoding=\"async\" class=\"aligncenter\" src=\"http:\/\/www.nucleoestudo.ufla.br\/niesp\/wp-content\/uploads\/2021\/10\/WhatsApp-Image-2021-10-05-at-19.57.27.jpeg\" width=\"250\" height=\"288\" \/><\/p>\n<p style=\"text-align: center;\">Curr\u00edculo lattes em constru\u00e7\u00e3o<\/p>\n<p style=\"text-align: center;\">Maria Gabriela de Oliveira Santos &#8211; Graduanda em Administra\u00e7\u00e3o P\u00fablica pela UFLA<\/p>\n<p><img loading=\"lazy\" decoding=\"async\" class=\"aligncenter\" src=\"http:\/\/www.nucleoestudo.ufla.br\/niesp\/wp-content\/uploads\/2021\/10\/WhatsApp-Image-2021-09-28-at-20.35.15.jpeg\" width=\"203\" height=\"361\" \/><\/p>\n<p style=\"text-align: center;\">Curr\u00edculo Lattes em constru\u00e7\u00e3o<\/p>\n<hr \/>\n<p style=\"text-align: center;\"><strong>COORDENADORIA DE MARKETING<\/strong><\/p>\n<p style=\"text-align: center;\"><strong>Coordenador<\/strong><strong>a de Marketing<\/strong><\/p>\n<p style=\"text-align: center;\">Ana Maria Oliveira &#8211; Graduanda em Administra\u00e7\u00e3o P\u00fablica pela UFLA<\/p>\n<p style=\"text-align: center;\"><img loading=\"lazy\" decoding=\"async\" class=\"alignnone size-medium wp-image-1215\" src=\"http:\/\/www.nucleoestudo.ufla.br\/niesp\/wp-content\/uploads\/2019\/09\/Ana-Maria-226x300.jpg\" alt=\"\" width=\"226\" height=\"300\" srcset=\"http:\/\/www.nucleoestudo.ufla.br\/niesp\/wp-content\/uploads\/2019\/09\/Ana-Maria-226x300.jpg 226w, http:\/\/www.nucleoestudo.ufla.br\/niesp\/wp-content\/uploads\/2019\/09\/Ana-Maria-768x1020.jpg 768w, http:\/\/www.nucleoestudo.ufla.br\/niesp\/wp-content\/uploads\/2019\/09\/Ana-Maria-771x1024.jpg 771w, http:\/\/www.nucleoestudo.ufla.br\/niesp\/wp-content\/uploads\/2019\/09\/Ana-Maria.jpg 813w\" sizes=\"auto, (max-width: 226px) 85vw, 226px\" \/><\/p>\n<p style=\"text-align: center;\"><a href=\"http:\/\/lattes.cnpq.br\/9135722448038404\">http:\/\/lattes.cnpq.br\/9135722448038404<\/a><\/p>\n<p style=\"text-align: center;\"><strong>Assessores da Coordenadoria de Marketing<\/strong><\/p>\n<p style=\"text-align: center;\">Marcella de Abreu Godinho &#8211; Graduanda em Administra\u00e7\u00e3o P\u00fablica pela UFLA<\/p>\n<p style=\"text-align: center;\"><img loading=\"lazy\" decoding=\"async\" class=\"alignnone size-medium wp-image-1217\" src=\"http:\/\/www.nucleoestudo.ufla.br\/niesp\/wp-content\/uploads\/2019\/09\/Marcella-300x260.jpg\" alt=\"\" width=\"300\" height=\"260\" srcset=\"http:\/\/www.nucleoestudo.ufla.br\/niesp\/wp-content\/uploads\/2019\/09\/Marcella-300x260.jpg 300w, http:\/\/www.nucleoestudo.ufla.br\/niesp\/wp-content\/uploads\/2019\/09\/Marcella-768x665.jpg 768w, http:\/\/www.nucleoestudo.ufla.br\/niesp\/wp-content\/uploads\/2019\/09\/Marcella-1024x886.jpg 1024w, http:\/\/www.nucleoestudo.ufla.br\/niesp\/wp-content\/uploads\/2019\/09\/Marcella-1200x1039.jpg 1200w, http:\/\/www.nucleoestudo.ufla.br\/niesp\/wp-content\/uploads\/2019\/09\/Marcella.jpg 1280w\" sizes=\"auto, (max-width: 300px) 85vw, 300px\" \/><\/p>\n<p style=\"text-align: center;\"><a href=\"http:\/\/lattes.cnpq.br\/9016516882934585\">http:\/\/lattes.cnpq.br\/9016516882934585<\/a><\/p>\n<p style=\"text-align: center;\">Wellington Azevedo Silva Moterani &#8211; Graduando em Administra\u00e7\u00e3o P\u00fablica pela UFLA<\/p>\n<p style=\"text-align: center;\"><img loading=\"lazy\" decoding=\"async\" class=\"\" src=\"http:\/\/www.nucleoestudo.ufla.br\/niesp\/wp-content\/uploads\/2020\/03\/pp.jpg\" width=\"248\" height=\"248\" \/><\/p>\n<p style=\"text-align: center;\"><a href=\"http:\/\/lattes.cnpq.br\/9285964435857160\">http:\/\/lattes.cnpq.br\/9285964435857160<\/a><\/p>\n<p style=\"text-align: center;\">Melissa Duque Ba\u00eda &#8211; Graduanda em Administra\u00e7\u00e3o P\u00fablica pela UFLA<\/p>\n<p><img loading=\"lazy\" decoding=\"async\" class=\"aligncenter\" src=\"http:\/\/www.nucleoestudo.ufla.br\/niesp\/wp-content\/uploads\/2021\/10\/WhatsApp-Image-2021-09-28-at-19.44.31.jpeg\" width=\"252\" height=\"315\" \/><\/p>\n<p style=\"text-align: center;\">Curr\u00edculo Lattes em constru\u00e7\u00e3o<\/p>\n<p style=\"text-align: center;\">T\u00fallio Ian Marangoni de Morais &#8211; Graduando em Administra\u00e7\u00e3o P\u00fablica pela UFLA<\/p>\n<p><img loading=\"lazy\" decoding=\"async\" class=\"aligncenter\" src=\"http:\/\/www.nucleoestudo.ufla.br\/niesp\/wp-content\/uploads\/2021\/10\/WhatsApp-Image-2021-10-06-at-21.14.59.jpeg\" width=\"265\" height=\"248\" \/><\/p>\n<p style=\"text-align: center;\"><a href=\"http:\/\/lattes.cnpq.br\/7418492390616536\">http:\/\/lattes.cnpq.br\/7418492390616536<\/a><\/p>\n","protected":false},"excerpt":{"rendered":"<p>COORDENA\u00c7\u00c3O GERAL Coordenadora Prof\u00aa Dr\u00aa. Daniela Meirelles Andrade \u2013 Doutora em Administra\u00e7\u00e3o pela UFLA http:\/\/lattes.cnpq.br\/3540283033351057 Coordenador Prof. Dr. Dany Flavio Tonelli \u2013 Doutor em Administra\u00e7\u00e3o pela UFLA http:\/\/lattes.cnpq.br\/1549447568023040 Presidente Wellington Azevedo Silva Moterani &#8211; Graduando em Administra\u00e7\u00e3o P\u00fablica pela UFLA http:\/\/lattes.cnpq.br\/9285964435857160 Vice-Presidente Marina Bastos Soares &#8211; Graduanda em Administra\u00e7\u00e3o P\u00fablica pela UFLA \u00a0http:\/\/lattes.cnpq.br\/5521121860986402 \u00a0Secret\u00e1ria Isabela &hellip; <a href=\"http:\/\/www.nucleoestudo.ufla.br\/niesp\/index.php\/membros\/\" class=\"more-link\">Continue lendo<span class=\"screen-reader-text\"> &#8220;Membros&#8221;<\/span><\/a><\/p>\n","protected":false},"author":2,"featured_media":0,"parent":0,"menu_order":0,"comment_status":"closed","ping_status":"closed","template":"","meta":{"footnotes":""},"class_list":["post-33","page","type-page","status-publish","hentry"],"_links":{"self":[{"href":"http:\/\/www.nucleoestudo.ufla.br\/niesp\/index.php\/wp-json\/wp\/v2\/pages\/33","targetHints":{"allow":["GET"]}}],"collection":[{"href":"http:\/\/www.nucleoestudo.ufla.br\/niesp\/index.php\/wp-json\/wp\/v2\/pages"}],"about":[{"href":"http:\/\/www.nucleoestudo.ufla.br\/niesp\/index.php\/wp-json\/wp\/v2\/types\/page"}],"author":[{"embeddable":true,"href":"http:\/\/www.nucleoestudo.ufla.br\/niesp\/index.php\/wp-json\/wp\/v2\/users\/2"}],"replies":[{"embeddable":true,"href":"http:\/\/www.nucleoestudo.ufla.br\/niesp\/index.php\/wp-json\/wp\/v2\/comments?post=33"}],"version-history":[{"count":69,"href":"http:\/\/www.nucleoestudo.ufla.br\/niesp\/index.php\/wp-json\/wp\/v2\/pages\/33\/revisions"}],"predecessor-version":[{"id":1510,"href":"http:\/\/www.nucleoestudo.ufla.br\/niesp\/index.php\/wp-json\/wp\/v2\/pages\/33\/revisions\/1510"}],"wp:attachment":[{"href":"http:\/\/www.nucleoestudo.ufla.br\/niesp\/index.php\/wp-json\/wp\/v2\/media?parent=33"}],"curies":[{"name":"wp","href":"https:\/\/api.w.org\/{rel}","templated":true}]}}