{"id":154,"date":"2017-12-11T16:48:57","date_gmt":"2017-12-11T18:48:57","guid":{"rendered":"http:\/\/www.nucleoestudo.ufla.br\/niesp\/?page_id=154"},"modified":"2017-12-11T16:48:57","modified_gmt":"2017-12-11T18:48:57","slug":"curso-de-redacao-cientifica","status":"publish","type":"page","link":"http:\/\/www.nucleoestudo.ufla.br\/niesp\/index.php\/curso-de-redacao-cientifica\/","title":{"rendered":"Curso de Reda\u00e7\u00e3o Cient\u00edfica"},"content":{"rendered":"<p>Nos dias 01 e 08 de julho de 2016, foi realizado um Curso de Reda\u00e7\u00e3o Cient\u00edfica, promovido pelo N\u00facleo em Inova\u00e7\u00e3o, Empreendedorismo e Setor P\u00fablico \u2013 NIESP. O curso foi voltado para alunos de gradua\u00e7\u00e3o e p\u00f3s-gradua\u00e7\u00e3o de diversos cursos, que estavam interessados em desenvolver suas habilidades na pesquisa cient\u00edfica.<\/p>\n<p>O objetivo central do curso foi promover a integra\u00e7\u00e3o de informa\u00e7\u00f5es e experi\u00eancias entre a prelecionista Lindsay Teixeira Sant\u2019Anna, egressa do PPGAP, e os participantes acerca dos assuntos que envolvem a escrita cient\u00edfica como: GAP de pesquisa, estrutura de artigo cient\u00edfico, Qualis CAPES, Portal dos peri\u00f3dicos CAPES, Fator de impacto de peri\u00f3dicos e condutas \u00e9ticas de publica\u00e7\u00e3o.<\/p>\n<p>O curso aconteceu no Anfiteatro do Bloco III do DAE, com dura\u00e7\u00e3o de 8 horas e contou com 27 participantes.<\/p>\n","protected":false},"excerpt":{"rendered":"<p>Nos dias 01 e 08 de julho de 2016, foi realizado um Curso de Reda\u00e7\u00e3o Cient\u00edfica, promovido pelo N\u00facleo em Inova\u00e7\u00e3o, Empreendedorismo e Setor P\u00fablico \u2013 NIESP. O curso foi voltado para alunos de gradua\u00e7\u00e3o e p\u00f3s-gradua\u00e7\u00e3o de diversos cursos, que estavam interessados em desenvolver suas habilidades na pesquisa cient\u00edfica. O objetivo central do curso &hellip; <a href=\"http:\/\/www.nucleoestudo.ufla.br\/niesp\/index.php\/curso-de-redacao-cientifica\/\" class=\"more-link\">Continue lendo<span class=\"screen-reader-text\"> &#8220;Curso de Reda\u00e7\u00e3o Cient\u00edfica&#8221;<\/span><\/a><\/p>\n","protected":false},"author":2,"featured_media":0,"parent":0,"menu_order":0,"comment_status":"closed","ping_status":"closed","template":"","meta":{"footnotes":""},"class_list":["post-154","page","type-page","status-publish","hentry"],"_links":{"self":[{"href":"http:\/\/www.nucleoestudo.ufla.br\/niesp\/index.php\/wp-json\/wp\/v2\/pages\/154","targetHints":{"allow":["GET"]}}],"collection":[{"href":"http:\/\/www.nucleoestudo.ufla.br\/niesp\/index.php\/wp-json\/wp\/v2\/pages"}],"about":[{"href":"http:\/\/www.nucleoestudo.ufla.br\/niesp\/index.php\/wp-json\/wp\/v2\/types\/page"}],"author":[{"embeddable":true,"href":"http:\/\/www.nucleoestudo.ufla.br\/niesp\/index.php\/wp-json\/wp\/v2\/users\/2"}],"replies":[{"embeddable":true,"href":"http:\/\/www.nucleoestudo.ufla.br\/niesp\/index.php\/wp-json\/wp\/v2\/comments?post=154"}],"version-history":[{"count":1,"href":"http:\/\/www.nucleoestudo.ufla.br\/niesp\/index.php\/wp-json\/wp\/v2\/pages\/154\/revisions"}],"predecessor-version":[{"id":155,"href":"http:\/\/www.nucleoestudo.ufla.br\/niesp\/index.php\/wp-json\/wp\/v2\/pages\/154\/revisions\/155"}],"wp:attachment":[{"href":"http:\/\/www.nucleoestudo.ufla.br\/niesp\/index.php\/wp-json\/wp\/v2\/media?parent=154"}],"curies":[{"name":"wp","href":"https:\/\/api.w.org\/{rel}","templated":true}]}}