{"id":106,"date":"2017-12-05T12:04:05","date_gmt":"2017-12-05T14:04:05","guid":{"rendered":"http:\/\/www.nucleoestudo.ufla.br\/niesp\/?page_id=106"},"modified":"2017-12-12T16:58:14","modified_gmt":"2017-12-12T18:58:14","slug":"processo-seletivo","status":"publish","type":"page","link":"http:\/\/www.nucleoestudo.ufla.br\/niesp\/index.php\/processo-seletivo\/","title":{"rendered":"Processo Seletivo"},"content":{"rendered":"<p>De acordo com o Regimento Interno do NIESP:<\/p>\n<p>Art. 15. Poder\u00e3o se tornar membros do NIESP, docentes e discentes de gradua\u00e7\u00e3o e p\u00f3s-<br \/>\ngradua\u00e7\u00e3o dos cursos de Administra\u00e7\u00e3o e Administra\u00e7\u00e3o P\u00fablica da Universidade Federal de Lavras (UFLA) e membros externos, bem como pesquisadores com forma\u00e7\u00e3o em algumas das \u00e1reas j\u00e1 assinaladas ou em outras \u00e1reas de interesse do N\u00facleo.<\/p>\n<p><strong>\u00a71o Os discentes e os membros externos ser\u00e3o aprovados como membros ap\u00f3s<\/strong><br \/>\n<strong>aprova\u00e7\u00e3o em edital e sele\u00e7\u00e3o previamente divulgado.<\/strong><\/p>\n<p>\u00a7 2o Os alunos membros de projetos de pesquisa juntamente com alguns dos professores<br \/>\ncoordenadores do NIESP ter\u00e3o ades\u00e3o imediata ao n\u00facleo.<\/p>\n<p>\u00a73o Os discentes de gradua\u00e7\u00e3o ou p\u00f3s gradua\u00e7\u00e3o da UFLA ou de outras institui\u00e7\u00f5es de<br \/>\nensino devem estar regularmente matriculados e os membros externos podem estar<br \/>\nmatriculados ou j\u00e1 terem finalizado mestrado e\/ou doutorado em Administra\u00e7\u00e3o ou<br \/>\nAdministra\u00e7\u00e3o P\u00fablica na UFLA ou em outras \u00e1reas de interesse do N\u00facleo.<\/p>\n<p><strong>\u00a74o O ingresso de novos membros ao NIESP depender\u00e1 de aprova\u00e7\u00e3o em exame de<\/strong><br \/>\n<strong>sele\u00e7\u00e3o, previamente divulgado por meio de edital do n\u00facleo.<\/strong><\/p>\n<p>\u00a75o Os discentes de gradua\u00e7\u00e3o e p\u00f3s-gradua\u00e7\u00e3o dever\u00e3o manter o coeficiente de<br \/>\nrendimento acad\u00eamico no m\u00ednimo em 70% e 80% respectivamente durante o tempo em<br \/>\nque forem membros do NIESP, sob pena de desligamento autom\u00e1tico.<\/p>\n<p>\u00a76o Ao final de cada semestre os discentes de gradua\u00e7\u00e3o e p\u00f3s-gradua\u00e7\u00e3o dever\u00e3o<br \/>\nentregar ao Conselho Diretor seus hist\u00f3ricos escolares atualizados, para conferencia do<br \/>\nalcance dos rendimentos m\u00ednimos.<\/p>\n","protected":false},"excerpt":{"rendered":"<p>De acordo com o Regimento Interno do NIESP: Art. 15. Poder\u00e3o se tornar membros do NIESP, docentes e discentes de gradua\u00e7\u00e3o e p\u00f3s- gradua\u00e7\u00e3o dos cursos de Administra\u00e7\u00e3o e Administra\u00e7\u00e3o P\u00fablica da Universidade Federal de Lavras (UFLA) e membros externos, bem como pesquisadores com forma\u00e7\u00e3o em algumas das \u00e1reas j\u00e1 assinaladas ou em outras \u00e1reas &hellip; <a href=\"http:\/\/www.nucleoestudo.ufla.br\/niesp\/index.php\/processo-seletivo\/\" class=\"more-link\">Continue lendo<span class=\"screen-reader-text\"> &#8220;Processo Seletivo&#8221;<\/span><\/a><\/p>\n","protected":false},"author":2,"featured_media":0,"parent":0,"menu_order":0,"comment_status":"closed","ping_status":"closed","template":"","meta":{"footnotes":""},"class_list":["post-106","page","type-page","status-publish","hentry"],"_links":{"self":[{"href":"http:\/\/www.nucleoestudo.ufla.br\/niesp\/index.php\/wp-json\/wp\/v2\/pages\/106","targetHints":{"allow":["GET"]}}],"collection":[{"href":"http:\/\/www.nucleoestudo.ufla.br\/niesp\/index.php\/wp-json\/wp\/v2\/pages"}],"about":[{"href":"http:\/\/www.nucleoestudo.ufla.br\/niesp\/index.php\/wp-json\/wp\/v2\/types\/page"}],"author":[{"embeddable":true,"href":"http:\/\/www.nucleoestudo.ufla.br\/niesp\/index.php\/wp-json\/wp\/v2\/users\/2"}],"replies":[{"embeddable":true,"href":"http:\/\/www.nucleoestudo.ufla.br\/niesp\/index.php\/wp-json\/wp\/v2\/comments?post=106"}],"version-history":[{"count":3,"href":"http:\/\/www.nucleoestudo.ufla.br\/niesp\/index.php\/wp-json\/wp\/v2\/pages\/106\/revisions"}],"predecessor-version":[{"id":224,"href":"http:\/\/www.nucleoestudo.ufla.br\/niesp\/index.php\/wp-json\/wp\/v2\/pages\/106\/revisions\/224"}],"wp:attachment":[{"href":"http:\/\/www.nucleoestudo.ufla.br\/niesp\/index.php\/wp-json\/wp\/v2\/media?parent=106"}],"curies":[{"name":"wp","href":"https:\/\/api.w.org\/{rel}","templated":true}]}}