{"id":8,"date":"2017-02-15T14:09:13","date_gmt":"2017-02-15T16:09:13","guid":{"rendered":"http:\/\/www.nucleoestudo.ufla.br\/nepec\/?page_id=8"},"modified":"2023-03-02T20:16:54","modified_gmt":"2023-03-02T23:16:54","slug":"sobre","status":"publish","type":"page","link":"http:\/\/www.nucleoestudo.ufla.br\/nepec\/sobre\/","title":{"rendered":"Quem somos"},"content":{"rendered":"\n<figure class=\"wp-block-image size-large is-style-default\"><img decoding=\"async\" loading=\"lazy\" width=\"1024\" height=\"768\" src=\"http:\/\/www.nucleoestudo.ufla.br\/nepec\/wp-content\/uploads\/2023\/03\/WhatsApp-Image-2023-03-02-at-19.56.59-1024x768.jpeg\" alt=\"\" class=\"wp-image-923\" srcset=\"http:\/\/www.nucleoestudo.ufla.br\/nepec\/wp-content\/uploads\/2023\/03\/WhatsApp-Image-2023-03-02-at-19.56.59-1024x768.jpeg 1024w, http:\/\/www.nucleoestudo.ufla.br\/nepec\/wp-content\/uploads\/2023\/03\/WhatsApp-Image-2023-03-02-at-19.56.59-300x225.jpeg 300w, http:\/\/www.nucleoestudo.ufla.br\/nepec\/wp-content\/uploads\/2023\/03\/WhatsApp-Image-2023-03-02-at-19.56.59-768x576.jpeg 768w, http:\/\/www.nucleoestudo.ufla.br\/nepec\/wp-content\/uploads\/2023\/03\/WhatsApp-Image-2023-03-02-at-19.56.59.jpeg 1280w\" sizes=\"(max-width: 706px) 89vw, (max-width: 767px) 82vw, 740px\" \/><\/figure>\n\n\n<p class=\"art-postheader\"><strong>O N\u00facleo de Estudos em&nbsp;Pecu\u00e1ria de Corte<\/strong>&nbsp;foi criado em agosto de 2000, com&nbsp;o intuito de congregar profissionais, estudantes, professores, produtores, t\u00e9cnicos, entre outros que se interessam e\/ou tenham atividades relacionadas ao estudo e cria\u00e7\u00e3o de gado de corte.<\/p>\n<div class=\"art-postcontent\">\n<div class=\"art-article\">\n<p>A ideia&nbsp;de&nbsp;se instituir este n\u00facleo partiu de professores do Departamento de Zootecnia da Universidade Federal de Lavras (UFLA), em especial do&nbsp;Prof. Ivo Francisco de Andrade, juntamente&nbsp;com estudantes desta institui\u00e7\u00e3o. O Prof. Ivo Francisco de Andrade foi tutor do n\u00facleo entre 2000 e 2006, a partir deste ano at\u00e9 2009 o n\u00facleo foi orientado pelo Prof. M\u00e1rcio Machado Ladeira. De 2010 at\u00e9 2013, pelo Prof. Dr. M\u00e1rio Luiz Chizzotti e de 2014 at\u00e9 o presente momento, pelo Prof. Dr. Mateus Pies Gionbelli.<\/p>\n<p>Reuni\u00f5es semanais com discuss\u00e3o de temas atuais e importantes, palestras abertas&nbsp;\u00e0 comunidade e&nbsp;viagens t\u00e9cnicas s\u00e3o algumas das atividades realizadas pelo grupo&nbsp;desde a sua funda\u00e7\u00e3o. O grupo tamb\u00e9m realiza de dois em dois anos o Simp\u00f3sio Internacional de Pecu\u00e1ria de Corte (SIMPEC), que j\u00e1 se tornou conhecido pela grande qualidade das palestras, a grande participa\u00e7\u00e3o de estudantes, profissionais, criadores e interessados de todo o Brasil. Alternando com o SIMPEC, o n\u00facleo tamb\u00e9m realiza o Ciclo de Palestras em Pecu\u00e1ria de Corte, um evento de porte menor que o SIMPEC e com um foco em assuntos mais pr\u00e1ticos e did\u00e1ticos voltados para a comunidade acad\u00eamica.<\/p>\n<p>O n\u00facleo \u00e9 composto por estudantes de gradua\u00e7\u00e3o de diferentes per\u00edodos, estudantes de p\u00f3s-gradua\u00e7\u00e3o e professores da \u00e1rea. Com essa diversidade dos n\u00edveis dos integrantes, o grupo consegue desenvolver experimentos nas diversas \u00e1reas da bovinocultura de corte (o que tamb\u00e9m \u00e9 uma das atividades desenvolvidas), gerando dados e maximizando o conhecimento de todos os envolvidos.<\/p>\n<\/div>\n<\/div>","protected":false},"excerpt":{"rendered":"<p>O N\u00facleo de Estudos em&nbsp;Pecu\u00e1ria de Corte&nbsp;foi criado em agosto de 2000, com&nbsp;o intuito de congregar profissionais, estudantes, professores, produtores, t\u00e9cnicos, entre outros que se interessam e\/ou tenham atividades relacionadas ao estudo e cria\u00e7\u00e3o de gado de corte. A ideia&nbsp;de&nbsp;se instituir este n\u00facleo partiu de professores do Departamento de Zootecnia da Universidade Federal de Lavras &hellip; <\/p>\n<p class=\"link-more\"><a href=\"http:\/\/www.nucleoestudo.ufla.br\/nepec\/sobre\/\" class=\"more-link\">Continue lendo<span class=\"screen-reader-text\"> &#8220;Quem somos&#8221;<\/span><\/a><\/p>\n","protected":false},"author":1,"featured_media":0,"parent":0,"menu_order":0,"comment_status":"closed","ping_status":"closed","template":"","meta":{"footnotes":""},"_links":{"self":[{"href":"http:\/\/www.nucleoestudo.ufla.br\/nepec\/wp-json\/wp\/v2\/pages\/8"}],"collection":[{"href":"http:\/\/www.nucleoestudo.ufla.br\/nepec\/wp-json\/wp\/v2\/pages"}],"about":[{"href":"http:\/\/www.nucleoestudo.ufla.br\/nepec\/wp-json\/wp\/v2\/types\/page"}],"author":[{"embeddable":true,"href":"http:\/\/www.nucleoestudo.ufla.br\/nepec\/wp-json\/wp\/v2\/users\/1"}],"replies":[{"embeddable":true,"href":"http:\/\/www.nucleoestudo.ufla.br\/nepec\/wp-json\/wp\/v2\/comments?post=8"}],"version-history":[{"count":17,"href":"http:\/\/www.nucleoestudo.ufla.br\/nepec\/wp-json\/wp\/v2\/pages\/8\/revisions"}],"predecessor-version":[{"id":925,"href":"http:\/\/www.nucleoestudo.ufla.br\/nepec\/wp-json\/wp\/v2\/pages\/8\/revisions\/925"}],"wp:attachment":[{"href":"http:\/\/www.nucleoestudo.ufla.br\/nepec\/wp-json\/wp\/v2\/media?parent=8"}],"curies":[{"name":"wp","href":"https:\/\/api.w.org\/{rel}","templated":true}]}}

<figure class="wp-block-image size-large is-style-default"><img decoding="async" loading="lazy" width="1024" height="768" src="http://www.nucleoestudo.ufla.br/nepec/wp-content/uploads/2023/03/WhatsApp-Image-2023-03-02-at-19.56.59-1024x768.jpeg" alt="" class="wp-image-923" srcset="http://www.nucleoestudo.ufla.br/nepec/wp-content/uploads/2023/03/WhatsApp-Image-2023-03-02-at-19.56.59-1024x768.jpeg 1024w, http://www.nucleoestudo.ufla.br/nepec/wp-content/uploads/2023/03/WhatsApp-Image-2023-03-02-at-19.56.59-300x225.jpeg 300w, http://www.nucleoestudo.ufla.br/nepec/wp-content/uploads/2023/03/WhatsApp-Image-2023-03-02-at-19.56.59-768x576.jpeg 768w, http://www.nucleoestudo.ufla.br/nepec/wp-content/uploads/2023/03/WhatsApp-Image-2023-03-02-at-19.56.59.jpeg 1280w" sizes="(max-width: 706px) 89vw, (max-width: 767px) 82vw, 740px" /></figure>


<p class="art-postheader"><strong>O Núcleo de Estudos em&nbsp;Pecuária de Corte</strong>&nbsp;foi criado em agosto de 2000, com&nbsp;o intuito de congregar profissionais, estudantes, professores, produtores, técnicos, entre outros que se interessam e/ou tenham atividades relacionadas ao estudo e criação de gado de corte.</p>
<div class="art-postcontent">
<div class="art-article">
<p>A ideia&nbsp;de&nbsp;se instituir este núcleo partiu de professores do Departamento de Zootecnia da Universidade Federal de Lavras (UFLA), em especial do&nbsp;Prof. Ivo Francisco de Andrade, juntamente&nbsp;com estudantes desta instituição. O Prof. Ivo Francisco de Andrade foi tutor do núcleo entre 2000 e 2006, a partir deste ano até 2009 o núcleo foi orientado pelo Prof. Márcio Machado Ladeira. De 2010 até 2013, pelo Prof. Dr. Mário Luiz Chizzotti e de 2014 até o presente momento, pelo Prof. Dr. Mateus Pies Gionbelli.</p>
<p>Reuniões semanais com discussão de temas atuais e importantes, palestras abertas&nbsp;à comunidade e&nbsp;viagens técnicas são algumas das atividades realizadas pelo grupo&nbsp;desde a sua fundação. O grupo também realiza de dois em dois anos o Simpósio Internacional de Pecuária de Corte (SIMPEC), que já se tornou conhecido pela grande qualidade das palestras, a grande participação de estudantes, profissionais, criadores e interessados de todo o Brasil. Alternando com o SIMPEC, o núcleo também realiza o Ciclo de Palestras em Pecuária de Corte, um evento de porte menor que o SIMPEC e com um foco em assuntos mais práticos e didáticos voltados para a comunidade acadêmica.</p>
<p>O núcleo é composto por estudantes de graduação de diferentes períodos, estudantes de pós-graduação e professores da área. Com essa diversidade dos níveis dos integrantes, o grupo consegue desenvolver experimentos nas diversas áreas da bovinocultura de corte (o que também é uma das atividades desenvolvidas), gerando dados e maximizando o conhecimento de todos os envolvidos.</p>
</div>
</div>

<p>O Núcleo de Estudos em&nbsp;Pecuária de Corte&nbsp;foi criado em agosto de 2000, com&nbsp;o intuito de congregar profissionais, estudantes, professores, produtores, técnicos, entre outros que se interessam e/ou tenham atividades relacionadas ao estudo e criação de gado de corte. A ideia&nbsp;de&nbsp;se instituir este núcleo partiu de professores do Departamento de Zootecnia da Universidade Federal de Lavras &hellip; </p>
<p class="link-more"><a href="http://www.nucleoestudo.ufla.br/nepec/sobre/" class="more-link">Continue lendo<span class="screen-reader-text"> &#8220;Quem somos&#8221;</span></a></p>
