{"id":157,"date":"2017-06-06T19:12:20","date_gmt":"2017-06-06T22:12:20","guid":{"rendered":"http:\/\/www.nucleoestudo.ufla.br\/nepec\/?page_id=157"},"modified":"2023-03-06T20:42:56","modified_gmt":"2023-03-06T23:42:56","slug":"em-andamento","status":"publish","type":"page","link":"http:\/\/www.nucleoestudo.ufla.br\/nepec\/em-andamento\/","title":{"rendered":"Em andamento"},"content":{"rendered":"<p><strong>Uso da abordagem de biologia de sistemas para otimizar a nutri\u00e7\u00e3o de nitrog\u00eanio durante o desenvolvimento inicial de bovinos &#8211; <\/strong>Diana Carolina Cediel<\/p>\n<p>O projeto visa integrar as respostas dos animais e dados \u00f4micos atrav\u00e9s de uma abordagem de biologia de sistema para descobrir os mecanismos moleculares e bioqu\u00edmicos subjacentes \u00e0s mudan\u00e7as fisiol\u00f3gicas maternas e ao desenvolvimento do m\u00fasculo esquel\u00e9tico da prog\u00eanie como resposta \u00e0 otimiza\u00e7\u00e3o nutricional de nitrog\u00eanio; integrando a ci\u00eancia mais avan\u00e7ada (unificando as respostas dos animais e a abordagem da biologia do sistema) e um t\u00f3pico de interesse industrial (para oferecer solu\u00e7\u00f5es para aumentar a produtividade de carne sustent\u00e1vel em \u00e1reas tropicais). Ser\u00e3o utilizadas 36 vacas de corte prenhas zebu\u00ednas, de m\u00e9dia 510 kg e quatro anos de idade. A partir do dia 180 at\u00e9 os 270 dias de gesta\u00e7\u00e3o as vacas ser\u00e3o individualmente alimentadas e aleatoriamente distribu\u00eddas em 3 tratamentos (n =12 por tratamento), sendo: 1) controle negativo = sem suplemento, 2) controle positivo = suplemento com ureia e 3) tratamento alternativo = suplemento com libera\u00e7\u00e3o lenta de nitrog\u00eanio.<\/p>\n<p><strong>Uso da abordagem de biologia de sistema para otimizar a nutri\u00e7\u00e3o de f\u00f3sforo durante o desenvolvimento inicial de bovinos de corte &#8211; <\/strong>Fl\u00e1vio Igor Gama Rebord\u00f5es e Andrey de Sousa Miranda<\/p>\n<p>Estudos recentes t\u00eam demonstrado que o f\u00f3sforo \u00e9 um elemento que pode ser a chave para potencializar o ganho de massa magra em bovinos de corte, por atuar como co-fator de fatores de transcri\u00e7\u00e3o miog\u00eanicos. Portanto, prop\u00f5e-se a otimiza\u00e7\u00e3o da nutri\u00e7\u00e3o com f\u00f3sforo para potencializar a alta capacidade de ganho de massa magra verificada na recria, hipotetizando-se que \u00e9 poss\u00edvel impulsionar a prolifera\u00e7\u00e3o de c\u00e9lulas sat\u00e9lites e hipertrofia muscular atrav\u00e9s de diferentes n\u00edveis de suplementa\u00e7\u00e3o com f\u00f3sforo (70, 100 e 130% das exig\u00eancias nutricionais). A resposta \u00e0 otimiza\u00e7\u00e3o nutricional de f\u00f3sforo ser\u00e1 avaliada por meio de vari\u00e1veis de desempenho e atrav\u00e9s de uma abordagem de biologia de sistemas que ser\u00e1 usada para entender os mecanismos moleculares e bioqu\u00edmicos envolvidos com tais mudan\u00e7as no m\u00fasculo esquel\u00e9tico, tais como an\u00e1lises de express\u00e3o g\u00eanica, prote\u00f4mica e rede de intera\u00e7\u00e3o gene \u00d7 prote\u00edna.<\/p>\n<p><strong>Aumento da produtividade e qualidade de bezerros de corte em diferentes sistemas de intensifica\u00e7\u00e3o da fase de cria<\/strong> &#8211; Lucca Gabriel Batista Pereira<\/p>\n<p>Em regi\u00f5es tropicais ocorrem mudan\u00e7as clim\u00e1ticas, o que traz varia\u00e7\u00f5es na qualidade da pastagem durante o ano. Por isso \u00e9 realizado o manejo de esta\u00e7\u00e3o de monta para que os partos se concentrem na esta\u00e7\u00e3o chuvosa e consequentemente de melhor qualidade do pasto. Com isso o per\u00edodo da gesta\u00e7\u00e3o ocorre durante a seca, causando uma defici\u00eancia de nutrientes para os animais gestantes e tambem para o feto. Para minimizar esse problema, diferentes estrat\u00e9gias tem sido desenvolvidas, o que leva \u00e0 uma intensifica\u00e7\u00e3o do sistema nessa fase. A hip\u00f3tese do trabalho \u00e9 que, ao passo que se intensifica o sistema de produ\u00e7\u00e3o, obteremos melhores resultados na produ\u00e7\u00e3o de bezerros. Com isso, o objetivo \u00e9 avaliar os efeitos de tr\u00eas n\u00edveis de intensifica\u00e7\u00e3o do sistema de cria de bovinos de corte, por meio de diferentes formas de suplementa\u00e7\u00e3o nutricional de vacas gestantes no per\u00edodo seco do ano.<\/p>\n<p><strong>Efeitos da substitui\u00e7\u00e3o da ur\u00e9ia convencional por ur\u00e9ia de libera\u00e7\u00e3o p\u00f3s-ruminal e suas intera\u00e7\u00f5es com diferentes n\u00edveis de prote\u00edna bruta (11 vs. 14%) na utiliza\u00e7\u00e3o de nutrientes, fermenta\u00e7\u00e3o ruminal e metabolismo de nitrog\u00eanio de novilhas nelore alimentadas com dietas de termina\u00e7\u00e3o &#8211; <\/strong>J\u00falia Mara Campos de Souza<\/p>\n<p>A prote\u00edna \u00e9 considerada o nutriente mais caro na nutri\u00e7\u00e3o de ruminantes e o c\u00e1lculo da sua exig\u00eancia para bovinos de corte s\u00e3o considerados superestimados. Logo, a poss\u00edvel diminui\u00e7\u00e3o de inclus\u00e3o da prote\u00edna na dieta bem como o aumento na efici\u00eancia do uso de N, s\u00e3o objetivos que vem sendo buscados pelos nutricionistas. Diante disso, nesse projeto hipotetizamos que um menor n\u00edvel de prote\u00edna associado com ureia de libera\u00e7\u00e3o p\u00f3s ruminal possibilitar\u00e1 melhores perfis metab\u00f3licos, devido melhor reciclagem de N. Para isso, o objetivo principal do trabaho ser\u00e1 determinar como as intera\u00e7\u00f5es entre fonte de ureia (convencional e ureia de libera\u00e7\u00e3o p\u00f3s-ruminal) e n\u00edveis de prote\u00edna (11% vs. 14%), em dietas de termina\u00e7\u00e3o de bovinos de corte, pode alterar a digestibilidade de nutrientes, fermenta\u00e7\u00e3o ruminal e o metabolismo de nitrog\u00eanio em novilhas Nelore.<\/p>\n<p><strong>Efeitos dos n\u00edveis de prote\u00edna bruta e fontes de ureia no desempenho e caracter\u00edsticas de carca\u00e7a de bovinos nelore terminados em confinamento. &#8211;<\/strong>Renato Lu\u00eds de Paula<\/p>\n<p>A utiliza\u00e7\u00e3o da ureia na alimenta\u00e7\u00e3o de bovinos surge como alternativa em substitui\u00e7\u00e3o de parte da prote\u00edna verdadeira da dieta, de redu\u00e7\u00e3o de custo e como suprimento de N para os microrganismos do r\u00famen sintetizarem a prote\u00edna microbiana e o aporte de prote\u00edna metaboliz\u00e1vel. Com isso, o experimento ser\u00e1 conduzido com o objetivo de avaliar dois n\u00edveis de prote\u00edna bruta na dieta (11% e 14% de PB) associados a duas fontes de ureia (ureia de libera\u00e7\u00e3o convencional e ureia de libera\u00e7\u00e3o p\u00f3s-ruminal) sobre o desempenho, digestibilidade de nutrientes e caracter\u00edsticas de carca\u00e7a de bovinos nelore na fase de termina\u00e7\u00e3o em confinamento.<\/p>\n<p><strong>Uso de vitamina A injet\u00e1vel em vacas gestantes ou em bezerros sobre o desenvolvimento dos tecidos muscular a adiposo, desempenho, caracter\u00edsticas de carca\u00e7a e qualidade da carne de novilhos &#8211; <\/strong>Jos\u00e9 Maria de Oliveira J\u00fanior e Sara Adriana Salinas Laura<\/p>\n<p>O teor de gordura intramuscular \u00e9 um aspecto extremamente importante para o mercado de carnes e que tem impacto nas caracter\u00edsticas sensoriais vivenciadas pelo consumidor. Recentemente, diversas pesquisas s\u00e3o realizadas com o objetivo de modular e aumentar o marmoreio da carne, e nesse aspecto a vitamina A tem se mostrado como uma alternativa pr\u00e1tica e de baixo custo para alcan\u00e7ar esses resultados. Diante disso, o objetivo deste estudo ser\u00e1 avaliar os efeitos da inje\u00e7\u00e3o de vitamina A sobre o desempenho, caracter\u00edsticas de carca\u00e7a, desenvolvimento dos tecidos muscular e adiposo, composi\u00e7\u00e3o qu\u00edmica e qualidade da carne de novilhos Angus x Nelore.<\/p>\n<p><strong data-rich-text-format-boundary=\"true\">Efeitos do tamanho de part\u00edcula da silagem e adi\u00e7\u00e3o de vitamina B e hidroxi-minerais na dieta sobre a lipog\u00eanese e qualidade da carne de novilhas Nelore em termina\u00e7\u00e3o-<\/strong>Ruth Ccalta Hancco.<\/p>\n<p>O projeto tem como objetivo principal avaliar os efeitos do tamanho de part\u00edcula de silagem de milho, inclus\u00e3o da vitamina B e hidroxi-minerais na dieta, sobre a lipog\u00eanese e qualidade da carne em novilhas Nelore em termina\u00e7\u00e3o.<\/p>\n<p><strong>Substitui\u00e7\u00e3o da ureia convencional pela ureia de libera\u00e7\u00e3o p\u00f3s-ruminal e intera\u00e7\u00f5es com o processamento de gr\u00e3os de milho em dietas de termina\u00e7\u00e3o para bovinos de corte &#8211; <\/strong>Rayane Aparecida Lino e Giancarlo Pereira Silva.<\/p>\n<p>O projeto tem como objetivo principal determinar como as intera\u00e7\u00f5es entre fonte de ureia (convencional e ureia de libera\u00e7\u00e3o p\u00f3s-ruminal) e processamento de gr\u00e3os de milho (moagem vs. reconstitui\u00e7\u00e3o e ensilagem), em dietas de termina\u00e7\u00e3o de bovinos de corte, pode alterar a digestibilidade de nutrientes, fermenta\u00e7\u00e3o ruminal e o metabolismo de nitrog\u00eanio em novilhas Nelore.<\/p>\n\n\n<p><\/p>\n\n\n\n<p><\/p>\n","protected":false},"excerpt":{"rendered":"<p>Uso da abordagem de biologia de sistemas para otimizar a nutri\u00e7\u00e3o de nitrog\u00eanio durante o desenvolvimento inicial de bovinos &#8211; Diana Carolina Cediel O projeto visa integrar as respostas dos animais e dados \u00f4micos atrav\u00e9s de uma abordagem de biologia de sistema para descobrir os mecanismos moleculares e bioqu\u00edmicos subjacentes \u00e0s mudan\u00e7as fisiol\u00f3gicas maternas e &hellip; <\/p>\n<p class=\"link-more\"><a href=\"http:\/\/www.nucleoestudo.ufla.br\/nepec\/em-andamento\/\" class=\"more-link\">Continue lendo<span class=\"screen-reader-text\"> &#8220;Em andamento&#8221;<\/span><\/a><\/p>\n","protected":false},"author":7,"featured_media":0,"parent":0,"menu_order":0,"comment_status":"closed","ping_status":"closed","template":"","meta":{"footnotes":""},"_links":{"self":[{"href":"http:\/\/www.nucleoestudo.ufla.br\/nepec\/wp-json\/wp\/v2\/pages\/157"}],"collection":[{"href":"http:\/\/www.nucleoestudo.ufla.br\/nepec\/wp-json\/wp\/v2\/pages"}],"about":[{"href":"http:\/\/www.nucleoestudo.ufla.br\/nepec\/wp-json\/wp\/v2\/types\/page"}],"author":[{"embeddable":true,"href":"http:\/\/www.nucleoestudo.ufla.br\/nepec\/wp-json\/wp\/v2\/users\/7"}],"replies":[{"embeddable":true,"href":"http:\/\/www.nucleoestudo.ufla.br\/nepec\/wp-json\/wp\/v2\/comments?post=157"}],"version-history":[{"count":31,"href":"http:\/\/www.nucleoestudo.ufla.br\/nepec\/wp-json\/wp\/v2\/pages\/157\/revisions"}],"predecessor-version":[{"id":1001,"href":"http:\/\/www.nucleoestudo.ufla.br\/nepec\/wp-json\/wp\/v2\/pages\/157\/revisions\/1001"}],"wp:attachment":[{"href":"http:\/\/www.nucleoestudo.ufla.br\/nepec\/wp-json\/wp\/v2\/media?parent=157"}],"curies":[{"name":"wp","href":"https:\/\/api.w.org\/{rel}","templated":true}]}}