{"id":155,"date":"2017-06-06T19:12:20","date_gmt":"2017-06-06T22:12:20","guid":{"rendered":"http:\/\/www.nucleoestudo.ufla.br\/nepec\/?page_id=155"},"modified":"2023-03-07T16:24:08","modified_gmt":"2023-03-07T19:24:08","slug":"o-nepec","status":"publish","type":"page","link":"http:\/\/www.nucleoestudo.ufla.br\/nepec\/o-nepec\/","title":{"rendered":"O NEPEC"},"content":{"rendered":"\n<figure class=\"wp-block-gallery columns-1 is-cropped wp-block-gallery-1 is-layout-flex wp-block-gallery-is-layout-flex\"><ul class=\"blocks-gallery-grid\"><li class=\"blocks-gallery-item\"><figure><img decoding=\"async\" loading=\"lazy\" width=\"1024\" height=\"576\" src=\"http:\/\/www.nucleoestudo.ufla.br\/nepec\/wp-content\/uploads\/2023\/03\/SIMPEC-226-1024x576-1.jpg\" alt=\"\" data-id=\"1014\" data-full-url=\"http:\/\/www.nucleoestudo.ufla.br\/nepec\/wp-content\/uploads\/2023\/03\/SIMPEC-226-1024x576-1.jpg\" data-link=\"http:\/\/www.nucleoestudo.ufla.br\/nepec\/o-nepec\/simpec-226-1024x576-1\/\" class=\"wp-image-1014\" srcset=\"http:\/\/www.nucleoestudo.ufla.br\/nepec\/wp-content\/uploads\/2023\/03\/SIMPEC-226-1024x576-1.jpg 1024w, http:\/\/www.nucleoestudo.ufla.br\/nepec\/wp-content\/uploads\/2023\/03\/SIMPEC-226-1024x576-1-300x169.jpg 300w, http:\/\/www.nucleoestudo.ufla.br\/nepec\/wp-content\/uploads\/2023\/03\/SIMPEC-226-1024x576-1-768x432.jpg 768w\" sizes=\"(max-width: 706px) 89vw, (max-width: 767px) 82vw, 740px\" \/><\/figure><\/li><\/ul><\/figure>\n\n\n<h2>Miss\u00e3o<\/h2>\n<p>Motivar e difundir a pecu\u00e1ria de corte no meio acad\u00eamico para capacitar os integrantes em profissionais especializados para enfrentar desafios e atender as demandas da bovinocultura de corte. Desenvolver pesquisas com diferentes focos, para gerar dados de relev\u00e2ncia que contribuem para o desenvolvimento da cadeia produtiva da carne.\u00a0 Exercer a\u00e7\u00e3o integrada das atividades de ensino pesquisa e extens\u00e3o, para difus\u00e3o de conhecimento novo a produtores rurais, profissionais da \u00e1rea, professores e estudantes, por meio da organiza\u00e7\u00e3o de cursos e simp\u00f3sios de alta qualidade.<\/p>\n<h2>Vis\u00e3o<\/h2>\n<p>Ser refer\u00eancia no programa da Zootecnia da Universidade Federal de Lavras, contribuindo na forma\u00e7\u00e3o de recursos humanos de excel\u00eancia desejados pelo mercado, a traves de conhecimentos acad\u00eamicos e pr\u00e1ticos que possam dar solu\u00e7\u00f5es que beneficiem a sociedade brasileira como um todo.<\/p>\n<h2>Valores<\/h2>\n<p><strong>\u00c9tica:<\/strong>\u00a0Respeitar as normas, valores, pessoas e animais envolvidos nas atividades do grupo de estudo.\u00a0<strong>Disciplina:\u00a0<\/strong>Cumprir as tarefas estabelecidas, ser pontual com os hor\u00e1rios e com os compromissos estabelecidos. Ser focado, pragm\u00e1tico, otimizar o tempo, atividades e recursos para entregar resultados, sem criar desculpas e justificativas.<strong>Determina\u00e7\u00e3o:<\/strong>\u00a0Ter proatividade, compromisso, ser focado nas atividades conduzidas buscando alternativas para alcan\u00e7ar os objetivos.\u00a0<strong>Humildade:<\/strong>\u00a0Saber ouvir e considerar a opini\u00e3o dos outros. Ser atencioso e n\u00e3o ser arrogante. N\u00e3o ter vergonha de perguntar, agir com respeito e priorizar o n\u00f3s e n\u00e3o o eu.<\/p>\n<h2>Objetivos<\/h2>\n<div class=\"art-postcontent\">\n<div class=\"art-article\">\n<ul>\n<li>Motivar e difundir a pecu\u00e1ria de corte<\/li>\n<li>Forma\u00e7\u00e3o de novos profissionais especializados na \u00e1rea<\/li>\n<li>Capacitar os integrantes para atuar no setor<\/li>\n<li>Promover cursos<\/li>\n<li>Organizar simp\u00f3sios<\/li>\n<li>Promover a integra\u00e7\u00e3o entre graduandos, p\u00f3s graduandos e professores<\/li>\n<\/ul>\n<\/div>\n<\/div>","protected":false},"excerpt":{"rendered":"<p>Miss\u00e3o Motivar e difundir a pecu\u00e1ria de corte no meio acad\u00eamico para capacitar os integrantes em profissionais especializados para enfrentar desafios e atender as demandas da bovinocultura de corte. Desenvolver pesquisas com diferentes focos, para gerar dados de relev\u00e2ncia que contribuem para o desenvolvimento da cadeia produtiva da carne.\u00a0 Exercer a\u00e7\u00e3o integrada das atividades de &hellip; <\/p>\n<p class=\"link-more\"><a href=\"http:\/\/www.nucleoestudo.ufla.br\/nepec\/o-nepec\/\" class=\"more-link\">Continue lendo<span class=\"screen-reader-text\"> &#8220;O NEPEC&#8221;<\/span><\/a><\/p>\n","protected":false},"author":7,"featured_media":0,"parent":0,"menu_order":0,"comment_status":"closed","ping_status":"closed","template":"","meta":{"footnotes":""},"_links":{"self":[{"href":"http:\/\/www.nucleoestudo.ufla.br\/nepec\/wp-json\/wp\/v2\/pages\/155"}],"collection":[{"href":"http:\/\/www.nucleoestudo.ufla.br\/nepec\/wp-json\/wp\/v2\/pages"}],"about":[{"href":"http:\/\/www.nucleoestudo.ufla.br\/nepec\/wp-json\/wp\/v2\/types\/page"}],"author":[{"embeddable":true,"href":"http:\/\/www.nucleoestudo.ufla.br\/nepec\/wp-json\/wp\/v2\/users\/7"}],"replies":[{"embeddable":true,"href":"http:\/\/www.nucleoestudo.ufla.br\/nepec\/wp-json\/wp\/v2\/comments?post=155"}],"version-history":[{"count":4,"href":"http:\/\/www.nucleoestudo.ufla.br\/nepec\/wp-json\/wp\/v2\/pages\/155\/revisions"}],"predecessor-version":[{"id":1016,"href":"http:\/\/www.nucleoestudo.ufla.br\/nepec\/wp-json\/wp\/v2\/pages\/155\/revisions\/1016"}],"wp:attachment":[{"href":"http:\/\/www.nucleoestudo.ufla.br\/nepec\/wp-json\/wp\/v2\/media?parent=155"}],"curies":[{"name":"wp","href":"https:\/\/api.w.org\/{rel}","templated":true}]}}

<figure class="wp-block-gallery columns-1 is-cropped wp-block-gallery-1 is-layout-flex wp-block-gallery-is-layout-flex"><ul class="blocks-gallery-grid"><li class="blocks-gallery-item"><figure><img decoding="async" loading="lazy" width="1024" height="576" src="http://www.nucleoestudo.ufla.br/nepec/wp-content/uploads/2023/03/SIMPEC-226-1024x576-1.jpg" alt="" data-id="1014" data-full-url="http://www.nucleoestudo.ufla.br/nepec/wp-content/uploads/2023/03/SIMPEC-226-1024x576-1.jpg" data-link="http://www.nucleoestudo.ufla.br/nepec/o-nepec/simpec-226-1024x576-1/" class="wp-image-1014" srcset="http://www.nucleoestudo.ufla.br/nepec/wp-content/uploads/2023/03/SIMPEC-226-1024x576-1.jpg 1024w, http://www.nucleoestudo.ufla.br/nepec/wp-content/uploads/2023/03/SIMPEC-226-1024x576-1-300x169.jpg 300w, http://www.nucleoestudo.ufla.br/nepec/wp-content/uploads/2023/03/SIMPEC-226-1024x576-1-768x432.jpg 768w" sizes="(max-width: 706px) 89vw, (max-width: 767px) 82vw, 740px" /></figure></li></ul></figure>


<h2>Missão</h2>
<p>Motivar e difundir a pecuária de corte no meio acadêmico para capacitar os integrantes em profissionais especializados para enfrentar desafios e atender as demandas da bovinocultura de corte. Desenvolver pesquisas com diferentes focos, para gerar dados de relevância que contribuem para o desenvolvimento da cadeia produtiva da carne.  Exercer ação integrada das atividades de ensino pesquisa e extensão, para difusão de conhecimento novo a produtores rurais, profissionais da área, professores e estudantes, por meio da organização de cursos e simpósios de alta qualidade.</p>
<h2>Visão</h2>
<p>Ser referência no programa da Zootecnia da Universidade Federal de Lavras, contribuindo na formação de recursos humanos de excelência desejados pelo mercado, a traves de conhecimentos acadêmicos e práticos que possam dar soluções que beneficiem a sociedade brasileira como um todo.</p>
<h2>Valores</h2>
<p><strong>Ética:</strong> Respeitar as normas, valores, pessoas e animais envolvidos nas atividades do grupo de estudo. <strong>Disciplina: </strong>Cumprir as tarefas estabelecidas, ser pontual com os horários e com os compromissos estabelecidos. Ser focado, pragmático, otimizar o tempo, atividades e recursos para entregar resultados, sem criar desculpas e justificativas.<strong>Determinação:</strong> Ter proatividade, compromisso, ser focado nas atividades conduzidas buscando alternativas para alcançar os objetivos. <strong>Humildade:</strong> Saber ouvir e considerar a opinião dos outros. Ser atencioso e não ser arrogante. Não ter vergonha de perguntar, agir com respeito e priorizar o nós e não o eu.</p>
<h2>Objetivos</h2>
<div class="art-postcontent">
<div class="art-article">
<ul>
<li>Motivar e difundir a pecuária de corte</li>
<li>Formação de novos profissionais especializados na área</li>
<li>Capacitar os integrantes para atuar no setor</li>
<li>Promover cursos</li>
<li>Organizar simpósios</li>
<li>Promover a integração entre graduandos, pós graduandos e professores</li>
</ul>
</div>
</div>

<p>Missão Motivar e difundir a pecuária de corte no meio acadêmico para capacitar os integrantes em profissionais especializados para enfrentar desafios e atender as demandas da bovinocultura de corte. Desenvolver pesquisas com diferentes focos, para gerar dados de relevância que contribuem para o desenvolvimento da cadeia produtiva da carne.  Exercer ação integrada das atividades de &hellip; </p>
<p class="link-more"><a href="http://www.nucleoestudo.ufla.br/nepec/o-nepec/" class="more-link">Continue lendo<span class="screen-reader-text"> &#8220;O NEPEC&#8221;</span></a></p>
