{"id":16,"date":"2016-11-08T08:09:58","date_gmt":"2016-11-08T10:09:58","guid":{"rendered":"http:\/\/www.nucleoestudo.ufla.br\/nenac\/?page_id=16"},"modified":"2018-11-24T11:25:39","modified_gmt":"2018-11-24T13:25:39","slug":"equipe","status":"publish","type":"page","link":"http:\/\/www.nucleoestudo.ufla.br\/nenac\/equipe\/","title":{"rendered":"Equipe"},"content":{"rendered":"<p><strong>P\u00f3s-graduandos:<\/strong><br \/>\nRoberta Lacerda &#8211; Doutoranda<\/p>\n<p>Maiara Oliveira &#8211; Mestranda<\/p>\n<p><strong>Gradua\u00e7\u00e3o:<\/strong><\/p>\n<p>Amanda Ferrarezi Dermendjian &#8211; Graduanda em Medicina Veterin\u00e1ria<\/p>\n<p>Aline Coli &#8211; Graduanda em Zootecnia<\/p>\n<p>Alisson Vitor &#8211;\u00a0Graduando em Zootecnia<\/p>\n<p>Byanca Brendler De Souto Correira Peixoto- Graduanda em Qu\u00edmica<\/p>\n<p>Daniella Rabelo Barbosa- Graduanda em Zootecnia<\/p>\n<p>Diego Ribeiro &#8211; Graduando em Medicina Veterin\u00e1ria<\/p>\n<p>Francielle Aparecida Resende- Graduanda em Medicina Veterin\u00e1ria<\/p>\n<p>Lethicia Regina &#8211;\u00a0Graduanda em Zootecnia<\/p>\n<p>Murilo Jos\u00e9 Marques Maia- Graduando em Zootecnia<\/p>\n<p>Tatiane Leite &#8211;\u00a0\u00a0Graduanda em Zootecnia<\/p>\n<p>Thais Gomes Barbosa- Graduanda em Medicina Veterin\u00e1ria<\/p>\n<p>Wilder Daniel Da Silva- Graduando em Zootecnia<\/p>\n","protected":false},"excerpt":{"rendered":"<p>P\u00f3s-graduandos: Roberta Lacerda &#8211; Doutoranda Maiara Oliveira &#8211; Mestranda Gradua\u00e7\u00e3o: Amanda Ferrarezi Dermendjian &#8211; Graduanda em Medicina Veterin\u00e1ria Aline Coli &#8211; Graduanda em Zootecnia Alisson Vitor &#8211;\u00a0Graduando em Zootecnia Byanca Brendler De Souto Correira Peixoto- Graduanda em Qu\u00edmica Daniella Rabelo Barbosa- Graduanda em Zootecnia Diego Ribeiro &#8211; Graduando em Medicina Veterin\u00e1ria Francielle Aparecida Resende- Graduanda &hellip; <a href=\"http:\/\/www.nucleoestudo.ufla.br\/nenac\/equipe\/\" class=\"more-link\">Continue lendo <span class=\"screen-reader-text\">Equipe<\/span> <span class=\"meta-nav\">&rarr;<\/span><\/a><\/p>\n","protected":false},"author":3,"featured_media":0,"parent":0,"menu_order":0,"comment_status":"closed","ping_status":"closed","template":"","meta":{"footnotes":""},"_links":{"self":[{"href":"http:\/\/www.nucleoestudo.ufla.br\/nenac\/wp-json\/wp\/v2\/pages\/16"}],"collection":[{"href":"http:\/\/www.nucleoestudo.ufla.br\/nenac\/wp-json\/wp\/v2\/pages"}],"about":[{"href":"http:\/\/www.nucleoestudo.ufla.br\/nenac\/wp-json\/wp\/v2\/types\/page"}],"author":[{"embeddable":true,"href":"http:\/\/www.nucleoestudo.ufla.br\/nenac\/wp-json\/wp\/v2\/users\/3"}],"replies":[{"embeddable":true,"href":"http:\/\/www.nucleoestudo.ufla.br\/nenac\/wp-json\/wp\/v2\/comments?post=16"}],"version-history":[{"count":8,"href":"http:\/\/www.nucleoestudo.ufla.br\/nenac\/wp-json\/wp\/v2\/pages\/16\/revisions"}],"predecessor-version":[{"id":71,"href":"http:\/\/www.nucleoestudo.ufla.br\/nenac\/wp-json\/wp\/v2\/pages\/16\/revisions\/71"}],"wp:attachment":[{"href":"http:\/\/www.nucleoestudo.ufla.br\/nenac\/wp-json\/wp\/v2\/media?parent=16"}],"curies":[{"name":"wp","href":"https:\/\/api.w.org\/{rel}","templated":true}]}}