{"id":498,"date":"2013-10-09T12:31:32","date_gmt":"2013-10-09T15:31:32","guid":{"rendered":"http:\/\/www.nucleoestudo.ufla.br\/nefrut\/?page_id=498"},"modified":"2013-10-28T10:43:33","modified_gmt":"2013-10-28T12:43:33","slug":"ensino","status":"publish","type":"page","link":"http:\/\/www.nucleoestudo.ufla.br\/nefrut\/biblioteca\/reunioes\/ensino\/","title":{"rendered":"Ensino"},"content":{"rendered":"<figure style=\"width: 400px\" class=\"wp-caption alignleft\"><img loading=\"lazy\" class=\" \" alt=\"\" src=\"http:\/\/i278.photobucket.com\/albums\/kk109\/ronnie2008_01\/NEFRUT\/EnsinoNEFRUT_zpsa6cc2cb9.jpg\" width=\"400\" height=\"266\" \/><figcaption class=\"wp-caption-text\">Membros em atividade &#8211; manejo de pomar dom\u00e9stico<\/figcaption><\/figure>\n<p>Sendo composto de membros em diferentes etapas da gradua\u00e7\u00e3o, p\u00f3s doutorado e professores, destacamos a extrema import\u00e2ncia do aprendizado de cada membro, seja pela ministra\u00e7\u00e3o de semin\u00e1rio, seja pela visita t\u00e9cnica ou atividade \u00e0 campo, entre outros.Dessa forma o N\u00facleo contribui com a forma\u00e7\u00e3o pessoal de cada estudante da ufla, visando a inser\u00e7\u00e3o em ensino pesquisa e extens\u00e3o.<\/p>\n","protected":false},"excerpt":{"rendered":"<p>Sendo composto de membros em diferentes etapas da gradua\u00e7\u00e3o, p\u00f3s doutorado e professores, destacamos a extrema import\u00e2ncia do aprendizado de cada membro, seja pela ministra\u00e7\u00e3o de semin\u00e1rio, seja pela visita t\u00e9cnica ou atividade \u00e0 campo, entre outros.Dessa forma o N\u00facleo contribui com a forma\u00e7\u00e3o pessoal de cada estudante da ufla, visando a inser\u00e7\u00e3o em ensino &hellip; <\/p>\n<p class=\"link-more\"><a href=\"http:\/\/www.nucleoestudo.ufla.br\/nefrut\/biblioteca\/reunioes\/ensino\/\" class=\"more-link\">Continue lendo<span class=\"screen-reader-text\"> &#8220;Ensino&#8221;<\/span><\/a><\/p>\n","protected":false},"author":9,"featured_media":0,"parent":309,"menu_order":0,"comment_status":"open","ping_status":"open","template":"page-template-archives.php","meta":[],"_links":{"self":[{"href":"http:\/\/www.nucleoestudo.ufla.br\/nefrut\/wp-json\/wp\/v2\/pages\/498"}],"collection":[{"href":"http:\/\/www.nucleoestudo.ufla.br\/nefrut\/wp-json\/wp\/v2\/pages"}],"about":[{"href":"http:\/\/www.nucleoestudo.ufla.br\/nefrut\/wp-json\/wp\/v2\/types\/page"}],"author":[{"embeddable":true,"href":"http:\/\/www.nucleoestudo.ufla.br\/nefrut\/wp-json\/wp\/v2\/users\/9"}],"replies":[{"embeddable":true,"href":"http:\/\/www.nucleoestudo.ufla.br\/nefrut\/wp-json\/wp\/v2\/comments?post=498"}],"version-history":[{"count":4,"href":"http:\/\/www.nucleoestudo.ufla.br\/nefrut\/wp-json\/wp\/v2\/pages\/498\/revisions"}],"predecessor-version":[{"id":528,"href":"http:\/\/www.nucleoestudo.ufla.br\/nefrut\/wp-json\/wp\/v2\/pages\/498\/revisions\/528"}],"up":[{"embeddable":true,"href":"http:\/\/www.nucleoestudo.ufla.br\/nefrut\/wp-json\/wp\/v2\/pages\/309"}],"wp:attachment":[{"href":"http:\/\/www.nucleoestudo.ufla.br\/nefrut\/wp-json\/wp\/v2\/media?parent=498"}],"curies":[{"name":"wp","href":"https:\/\/api.w.org\/{rel}","templated":true}]}}