{"id":392,"date":"2013-08-04T23:05:28","date_gmt":"2013-08-05T02:05:28","guid":{"rendered":"http:\/\/www.nucleoestudo.ufla.br\/nefrut\/?page_id=392"},"modified":"2013-10-28T10:47:23","modified_gmt":"2013-10-28T12:47:23","slug":"simposio-sul-mineiro-de-fruticultura","status":"publish","type":"page","link":"http:\/\/www.nucleoestudo.ufla.br\/nefrut\/eventos\/realizados\/simposio-sul-mineiro-de-fruticultura\/","title":{"rendered":"Simp\u00f3sio Sul Mineiro de Fruticultura"},"content":{"rendered":"<p><img loading=\"lazy\" class=\"alignnone\" style=\"font-size: 13px; line-height: 19px;\" alt=\"\" src=\"http:\/\/i278.photobucket.com\/albums\/kk109\/ronnie2008_01\/NEFRUT\/simpoacutesio_zpsecbc36b9.png\" width=\"600\" height=\"269\" \/><\/p>\n<p>Participe do I Simp\u00f3sio Sul Mineiro de Fruticultura.<\/p>\n<p>A Fruticultura na Regi\u00e3o sul de minas gerais \u00e9 uma atividade com alto potencial de rendimento, visto que possui clima e solo favor\u00e1veis \u00e0 atividade.A\u00a0\u00e1rea ainda precisa se desenvolver, para tanto demanda profissionais especializados na \u00e1rea para atender \u00e1s necessidades dos produtores e do mercado.Esse evento \u00e9 uma boa oportunidade de estar atualizado com rela\u00e7\u00e3o \u00e0 esse segmento do mercado.<\/p>\n<p>O Evento oferecer\u00e1 assuntos diversos envolvendo a fruticultura tais como o potencial da regi\u00e3o para a atividade, inova\u00e7\u00f5es tecnol\u00f3gicas, a t\u00e9cnica da Dupla Poda em videira, viabilizando a produ\u00e7\u00e3o de vinhos finos no estado de Minas Gerais, al\u00e9m de Produ\u00e7\u00e3o Integrada de Frutas.<\/p>\n<p>Acha que acabou? &#8230; Pois temos mais tem\u00e1ticas para esse evento &#8230; s\u00e3o elas: Modelo Sustent\u00e1vel , Gest\u00e3o da Propriedade Frut\u00edcola, e uma abordagem dos aspectos fundamentais da fruticultura.<\/p>\n<p>O Evento \u00e9 destinado \u00e0 todos os cursos visto que o conhecimento sobre a import\u00e2ncia desse segmento na agropecu\u00e1ria \u00e9 de grande relev\u00e2ncia para a sociedade.Dessa maneira desenvolvemos mini-cursos associados ao evento, para que estudantes de outras \u00e1reas possam apreciar o evento, o direito ao mini-curso \u00e9 concedido \u00e1 todo participante do Simp\u00f3sio, por\u00e9m as vagas s\u00e3o limitadas.<\/p>\n<p>Profissionais como o Prof.Dr. Angelo Alberico Alvarenga (Pesquisador da EPAMIG), Dr. Murilo de Albuquerque Regina (EPAMIG Uva e Vinho &#8211; Caldas-MG) e Theodorus A. J. Daamen (consultor) s\u00e3o alguns nome que estar\u00e3o presentes nas apresenta\u00e7\u00f5es.<\/p>\n<p><img loading=\"lazy\" class=\"alignnone\" alt=\"\" src=\"http:\/\/i278.photobucket.com\/albums\/kk109\/ronnie2008_01\/539635_521794811223101_910704160_n_zps43057be1.jpg\" width=\"563\" height=\"768\" \/><\/p>\n<p>&nbsp;<\/p>\n<p>Texto: Leonardo Assad \u2013 jornalista \u2013 bolsista\/ASCOM\/DCH (ASCOM &#8211; UFLA)<\/p>\n<p><strong><em>O mercado<\/em><\/strong><\/p>\n<p>Em escala mundial, o mercado de frutas frescas e processadas movimenta aproximadamente US$ 90 bilh\u00f5es\/ano. Segundo o coordenador-geral do Nefrut, Pedro Tatu Maranha Peche, o simp\u00f3sio ir\u00e1 \u201ccativar os alunos e produtores de frut\u00edferas da regi\u00e3o\u201d.<\/p>\n<p>O ano de 2013 come\u00e7ou bem para os produtores brasileiros. Segundos dados divulgados pelo Sebrae, as exporta\u00e7\u00f5es de frutas frescas tiveram alta de 9,84% em d\u00f3lar no m\u00eas de janeiro e 1,42% em rela\u00e7\u00e3o ao peso l\u00edquido (kg), comparado com o ano de 2012. O Brasil ocupa a terceira coloca\u00e7\u00e3o no mercado mundial de produ\u00e7\u00e3o, respons\u00e1vel por 11% das 350 milh\u00f5es de toneladas que s\u00e3o colhidas anualmente. \u00a0Minas Gerais \u00e9 o quarto maior produtor nacional.<\/p>\n<p>Segundo dados divulgados pelo IBGE\/LSPA, de 2000 at\u00e9 2013 foram registrados um aumento em Minas Gerais na produ\u00e7\u00e3o de banana e laranja, mas queda na de abacaxi e uva.<\/p>\n<p>Outras informa\u00e7\u00f5es poder\u00e3o ser obtidas pelo telefone: (35) 9128-0548<\/p>\n<p><img loading=\"lazy\" class=\"alignnone\" alt=\"\" src=\"http:\/\/i278.photobucket.com\/albums\/kk109\/ronnie2008_01\/NEFRUT\/DSC_0747_zps65d0ae08.jpg\" width=\"432\" height=\"576\" \/><\/p>\n<p>&nbsp;<\/p>\n<p>PROGRAMA\u00c7\u00c3O COMPLETA:<\/p>\n<p>14\/08\/13<\/p>\n<p>17:30-18:00 &#8211; Abertura do Simp\u00f3so<\/p>\n<p>18:00-19:00 &#8211; Potencial da produ\u00e7\u00e3o de frutas no Sul de Minas Gerais<\/p>\n<p>Palestrante: Dr. \u00c2ngelo Alb\u00e9rico Alvarenga (Pesquisador EPAMIG)<\/p>\n<p>19:00-19:20 &#8211; Coffee Break<\/p>\n<p>19:20-19-40 &#8211; Apresenta\u00e7\u00e3o Inova\u00e7\u00f5es Tecnol\u00f3gicas<\/p>\n<p>19:40-20:40 &#8211; Dupla Poda: Viabilidade de produ\u00e7\u00e3o de vinhos finos em Minas Gerais<\/p>\n<p>Palestrante: Dr. Murillo de Albuquerque Regina (EPAMIG Uva e Vinho &#8211; Caldas-MG)<\/p>\n<p>20:40-21:40 &#8211; Produ\u00e7\u00e3o Integrada de Frutas<\/p>\n<p>Palestrante: Reginaldo Nacata (IHARA)<\/p>\n<p>&nbsp;<\/p>\n<p>15\/08\/13<\/p>\n<p>18:00-19:00 &#8211;\u00a0Modelo Sustent\u00e1vel de Gest\u00e3o da Propriedade Frut\u00edcola<\/p>\n<p>Palestrante: Roberto Losque (Produtor)<\/p>\n<p>19:00-19:20 &#8211; Coffee Break<\/p>\n<p>19:20-19-40 &#8211; Apresenta\u00e7\u00e3o Inova\u00e7\u00f5es Tecnol\u00f3gicas<\/p>\n<p>19:40-20:40 &#8211; Aspectos Fundamentais da Fruticultura<\/p>\n<p>Palestrante: Theodorus A. J. Daamen (Consultor)<\/p>\n<p>20:40-21:40 &#8211; Plantio Direto de Frut\u00edferas<\/p>\n<p>Palestrante: Ms. Afonso Peche Filho (Pesquisador IAC-CEA &#8211; Jundia\u00ed-SP)<\/p>\n<p>16\/08\/13 &#8211; MINI-CURSOS<\/p>\n<p>8:00 \u00e1s 12:00 , 14:00 \u00e1s 17:30 &#8211;\u00a0Plantio Direto de Plantas Perenes<\/p>\n<p>com: Ms. Afonso Peche Filho (Pesquisador IAC-CEA &#8211; Jundia\u00ed-SP)<\/p>\n<p>18:00 \u00e1s 22:00 &#8211; Degusta\u00e7\u00e3o de Vinhos<\/p>\n<p>com: Prof.Dr. Lu\u00edz Carlos de Oliveira Lima<\/p>\n<p>&nbsp;<\/p>\n<p>Valores:<\/p>\n<p>Apenas Simp\u00f3sio: R$20<\/p>\n<p>Simp\u00f3sio + Mini-Curso Plantio Direto: R$30<\/p>\n<p>Simp\u00f3sio + Mini-Curso\u00a0Degusta\u00e7\u00e3o de Vinho: R$ 50<\/p>\n<p>Simp\u00f3sio +\u00a0Mini-Curso\u00a0Plantio Direto + Mini-Curso\u00a0Degusta\u00e7\u00e3o de Vinhos: R$ 60<\/p>\n<p>Obs. Os Mini-Cursos est\u00e3o vinculados ao simp\u00f3sio, sendo assim a participa\u00e7\u00e3o no simp\u00f3sio d\u00e1 o direito de escolha de participa\u00e7\u00e3o nos Mini-Cursos.<\/p>\n<p>&nbsp;<\/p>\n<p>ONDE SE INSCREVER:<\/p>\n<p>CANTINA CENTRAL DA UFLA &#8211; MESA NEFRUT<\/p>\n<p>&nbsp;<\/p>\n<p>Mini-Cursos: (16\/08\/13)<\/p>\n<p>Plantio Direto de Plantas Perenes com Ms. Afonso Peche Filho, especialista na \u00e1rea.<\/p>\n<p><img loading=\"lazy\" alt=\"\" src=\"http:\/\/i278.photobucket.com\/albums\/kk109\/ronnie2008_01\/NEFRUT\/MiniCursoPlantioDireto_zps01e8fc76.png\" width=\"672\" height=\"504\" \/><\/p>\n<p>Degusta\u00e7\u00e3o de Vinhos com Prof. Dr. Lu\u00eds Carlos de Oliveira Lima<\/p>\n<p><img loading=\"lazy\" class=\" \" alt=\"\" src=\"http:\/\/i278.photobucket.com\/albums\/kk109\/ronnie2008_01\/NEFRUT\/minicursosvinhoscompatro_zps56d0ae91.png\" width=\"614\" height=\"456\" \/><\/p>\n","protected":false},"excerpt":{"rendered":"<p>Participe do I Simp\u00f3sio Sul Mineiro de Fruticultura. A Fruticultura na Regi\u00e3o sul de minas gerais \u00e9 uma atividade com alto potencial de rendimento, visto que possui clima e solo favor\u00e1veis \u00e0 atividade.A\u00a0\u00e1rea ainda precisa se desenvolver, para tanto demanda profissionais especializados na \u00e1rea para atender \u00e1s necessidades dos produtores e do mercado.Esse evento \u00e9 &hellip; <\/p>\n<p class=\"link-more\"><a href=\"http:\/\/www.nucleoestudo.ufla.br\/nefrut\/eventos\/realizados\/simposio-sul-mineiro-de-fruticultura\/\" class=\"more-link\">Continue lendo<span class=\"screen-reader-text\"> &#8220;Simp\u00f3sio Sul Mineiro de Fruticultura&#8221;<\/span><\/a><\/p>\n","protected":false},"author":9,"featured_media":0,"parent":224,"menu_order":1,"comment_status":"open","ping_status":"open","template":"page-template-archives.php","meta":[],"_links":{"self":[{"href":"http:\/\/www.nucleoestudo.ufla.br\/nefrut\/wp-json\/wp\/v2\/pages\/392"}],"collection":[{"href":"http:\/\/www.nucleoestudo.ufla.br\/nefrut\/wp-json\/wp\/v2\/pages"}],"about":[{"href":"http:\/\/www.nucleoestudo.ufla.br\/nefrut\/wp-json\/wp\/v2\/types\/page"}],"author":[{"embeddable":true,"href":"http:\/\/www.nucleoestudo.ufla.br\/nefrut\/wp-json\/wp\/v2\/users\/9"}],"replies":[{"embeddable":true,"href":"http:\/\/www.nucleoestudo.ufla.br\/nefrut\/wp-json\/wp\/v2\/comments?post=392"}],"version-history":[{"count":8,"href":"http:\/\/www.nucleoestudo.ufla.br\/nefrut\/wp-json\/wp\/v2\/pages\/392\/revisions"}],"predecessor-version":[{"id":538,"href":"http:\/\/www.nucleoestudo.ufla.br\/nefrut\/wp-json\/wp\/v2\/pages\/392\/revisions\/538"}],"up":[{"embeddable":true,"href":"http:\/\/www.nucleoestudo.ufla.br\/nefrut\/wp-json\/wp\/v2\/pages\/224"}],"wp:attachment":[{"href":"http:\/\/www.nucleoestudo.ufla.br\/nefrut\/wp-json\/wp\/v2\/media?parent=392"}],"curies":[{"name":"wp","href":"https:\/\/api.w.org\/{rel}","templated":true}]}}

Simpósio Sul Mineiro de Fruticultura

<p><img loading="lazy" class="alignnone" style="font-size: 13px; line-height: 19px;" alt="" src="http://i278.photobucket.com/albums/kk109/ronnie2008_01/NEFRUT/simpoacutesio_zpsecbc36b9.png" width="600" height="269" /></p>
<p>Participe do I Simpósio Sul Mineiro de Fruticultura.</p>
<p>A Fruticultura na Região sul de minas gerais é uma atividade com alto potencial de rendimento, visto que possui clima e solo favoráveis à atividade.A área ainda precisa se desenvolver, para tanto demanda profissionais especializados na área para atender ás necessidades dos produtores e do mercado.Esse evento é uma boa oportunidade de estar atualizado com relação à esse segmento do mercado.</p>
<p>O Evento oferecerá assuntos diversos envolvendo a fruticultura tais como o potencial da região para a atividade, inovações tecnológicas, a técnica da Dupla Poda em videira, viabilizando a produção de vinhos finos no estado de Minas Gerais, além de Produção Integrada de Frutas.</p>
<p>Acha que acabou? &#8230; Pois temos mais temáticas para esse evento &#8230; são elas: Modelo Sustentável , Gestão da Propriedade Frutícola, e uma abordagem dos aspectos fundamentais da fruticultura.</p>
<p>O Evento é destinado à todos os cursos visto que o conhecimento sobre a importância desse segmento na agropecuária é de grande relevância para a sociedade.Dessa maneira desenvolvemos mini-cursos associados ao evento, para que estudantes de outras áreas possam apreciar o evento, o direito ao mini-curso é concedido á todo participante do Simpósio, porém as vagas são limitadas.</p>
<p>Profissionais como o Prof.Dr. Angelo Alberico Alvarenga (Pesquisador da EPAMIG), Dr. Murilo de Albuquerque Regina (EPAMIG Uva e Vinho &#8211; Caldas-MG) e Theodorus A. J. Daamen (consultor) são alguns nome que estarão presentes nas apresentações.</p>
<p><img loading="lazy" class="alignnone" alt="" src="http://i278.photobucket.com/albums/kk109/ronnie2008_01/539635_521794811223101_910704160_n_zps43057be1.jpg" width="563" height="768" /></p>
<p>&nbsp;</p>
<p>Texto: Leonardo Assad – jornalista – bolsista/ASCOM/DCH (ASCOM &#8211; UFLA)</p>
<p><strong><em>O mercado</em></strong></p>
<p>Em escala mundial, o mercado de frutas frescas e processadas movimenta aproximadamente US$ 90 bilhões/ano. Segundo o coordenador-geral do Nefrut, Pedro Tatu Maranha Peche, o simpósio irá “cativar os alunos e produtores de frutíferas da região”.</p>
<p>O ano de 2013 começou bem para os produtores brasileiros. Segundos dados divulgados pelo Sebrae, as exportações de frutas frescas tiveram alta de 9,84% em dólar no mês de janeiro e 1,42% em relação ao peso líquido (kg), comparado com o ano de 2012. O Brasil ocupa a terceira colocação no mercado mundial de produção, responsável por 11% das 350 milhões de toneladas que são colhidas anualmente.  Minas Gerais é o quarto maior produtor nacional.</p>
<p>Segundo dados divulgados pelo IBGE/LSPA, de 2000 até 2013 foram registrados um aumento em Minas Gerais na produção de banana e laranja, mas queda na de abacaxi e uva.</p>
<p>Outras informações poderão ser obtidas pelo telefone: (35) 9128-0548</p>
<p><img loading="lazy" class="alignnone" alt="" src="http://i278.photobucket.com/albums/kk109/ronnie2008_01/NEFRUT/DSC_0747_zps65d0ae08.jpg" width="432" height="576" /></p>
<p>&nbsp;</p>
<p>PROGRAMAÇÃO COMPLETA:</p>
<p>14/08/13</p>
<p>17:30-18:00 &#8211; Abertura do Simpóso</p>
<p>18:00-19:00 &#8211; Potencial da produção de frutas no Sul de Minas Gerais</p>
<p>Palestrante: Dr. Ângelo Albérico Alvarenga (Pesquisador EPAMIG)</p>
<p>19:00-19:20 &#8211; Coffee Break</p>
<p>19:20-19-40 &#8211; Apresentação Inovações Tecnológicas</p>
<p>19:40-20:40 &#8211; Dupla Poda: Viabilidade de produção de vinhos finos em Minas Gerais</p>
<p>Palestrante: Dr. Murillo de Albuquerque Regina (EPAMIG Uva e Vinho &#8211; Caldas-MG)</p>
<p>20:40-21:40 &#8211; Produção Integrada de Frutas</p>
<p>Palestrante: Reginaldo Nacata (IHARA)</p>
<p>&nbsp;</p>
<p>15/08/13</p>
<p>18:00-19:00 &#8211; Modelo Sustentável de Gestão da Propriedade Frutícola</p>
<p>Palestrante: Roberto Losque (Produtor)</p>
<p>19:00-19:20 &#8211; Coffee Break</p>
<p>19:20-19-40 &#8211; Apresentação Inovações Tecnológicas</p>
<p>19:40-20:40 &#8211; Aspectos Fundamentais da Fruticultura</p>
<p>Palestrante: Theodorus A. J. Daamen (Consultor)</p>
<p>20:40-21:40 &#8211; Plantio Direto de Frutíferas</p>
<p>Palestrante: Ms. Afonso Peche Filho (Pesquisador IAC-CEA &#8211; Jundiaí-SP)</p>
<p>16/08/13 &#8211; MINI-CURSOS</p>
<p>8:00 ás 12:00 , 14:00 ás 17:30 &#8211; Plantio Direto de Plantas Perenes</p>
<p>com: Ms. Afonso Peche Filho (Pesquisador IAC-CEA &#8211; Jundiaí-SP)</p>
<p>18:00 ás 22:00 &#8211; Degustação de Vinhos</p>
<p>com: Prof.Dr. Luíz Carlos de Oliveira Lima</p>
<p>&nbsp;</p>
<p>Valores:</p>
<p>Apenas Simpósio: R$20</p>
<p>Simpósio + Mini-Curso Plantio Direto: R$30</p>
<p>Simpósio + Mini-Curso Degustação de Vinho: R$ 50</p>
<p>Simpósio + Mini-Curso Plantio Direto + Mini-Curso Degustação de Vinhos: R$ 60</p>
<p>Obs. Os Mini-Cursos estão vinculados ao simpósio, sendo assim a participação no simpósio dá o direito de escolha de participação nos Mini-Cursos.</p>
<p>&nbsp;</p>
<p>ONDE SE INSCREVER:</p>
<p>CANTINA CENTRAL DA UFLA &#8211; MESA NEFRUT</p>
<p>&nbsp;</p>
<p>Mini-Cursos: (16/08/13)</p>
<p>Plantio Direto de Plantas Perenes com Ms. Afonso Peche Filho, especialista na área.</p>
<p><img loading="lazy" alt="" src="http://i278.photobucket.com/albums/kk109/ronnie2008_01/NEFRUT/MiniCursoPlantioDireto_zps01e8fc76.png" width="672" height="504" /></p>
<p>Degustação de Vinhos com Prof. Dr. Luís Carlos de Oliveira Lima</p>
<p><img loading="lazy" class=" " alt="" src="http://i278.photobucket.com/albums/kk109/ronnie2008_01/NEFRUT/minicursosvinhoscompatro_zps56d0ae91.png" width="614" height="456" /></p>

<p>Participe do I Simpósio Sul Mineiro de Fruticultura. A Fruticultura na Região sul de minas gerais é uma atividade com alto potencial de rendimento, visto que possui clima e solo favoráveis à atividade.A área ainda precisa se desenvolver, para tanto demanda profissionais especializados na área para atender ás necessidades dos produtores e do mercado.Esse evento é &hellip; </p>
<p class="link-more"><a href="http://www.nucleoestudo.ufla.br/nefrut/eventos/realizados/simposio-sul-mineiro-de-fruticultura/" class="more-link">Continue lendo<span class="screen-reader-text"> &#8220;Simpósio Sul Mineiro de Fruticultura&#8221;</span></a></p>
