{"id":29,"date":"2011-09-04T20:49:29","date_gmt":"2011-09-04T22:49:29","guid":{"rendered":"http:\/\/www.nucleoestudo.ufla.br\/nefrut\/?page_id=29"},"modified":"2013-08-10T15:21:27","modified_gmt":"2013-08-10T18:21:27","slug":"informacoes-gerais","status":"publish","type":"page","link":"http:\/\/www.nucleoestudo.ufla.br\/nefrut\/institucional\/informacoes-gerais\/","title":{"rendered":"Informa\u00e7\u00f5es Gerais"},"content":{"rendered":"<ul>\n<li>Nome\/Sigla do N\u00facleo: <strong>N\u00facleo de Estudos em Fruticultura &#8211; NEFRUT<\/strong><\/li>\n<\/ul>\n<p>&nbsp;<\/p>\n<ul>\n<li>Professor respons\u00e1vel:<strong><strong>\u00a0\u00a0<\/strong>Dr. Nilton Nagib<\/strong><\/li>\n<\/ul>\n<p>&nbsp;<\/p>\n<ul>\n<li>Professores do Setor:<\/li>\n<\/ul>\n<p>&nbsp;<\/p>\n<ul>\n<li>Dr. Rafael Pio<\/li>\n<li>Ant\u00f4nio Decarlos Neto<\/li>\n<li>Dr. \u00c2ngelo Alb\u00e9rico Alvarenga<\/li>\n<\/ul>\n<p>&nbsp;<\/p>\n<ul>\n<li>Aluno respons\u00e1vel: <strong>Pedro Maranha Peche<\/strong><\/li>\n<\/ul>\n<ul>\n<li>Localiza\u00e7\u00e3o do N\u00facleo: <strong>Pomar da UFLA;<\/strong><\/li>\n<\/ul>\n<ul>\n<li>Telefone:<strong> 3829 \u2013 1333<\/strong><\/li>\n<\/ul>\n<ul>\n<li>Email de contato (funcional):<strong> <\/strong><a href=\"mailto:nefrutufla@hotmail.com\"><strong>nefrutufla@hotmail.com<\/strong><\/a><strong>;<\/strong><\/li>\n<\/ul>\n<p>&nbsp;<\/p>\n<ul>\n<li>Ano de funda\u00e7\u00e3o do N\u00facleo.\u00a0 <strong>23\/04\/1997<\/strong><\/li>\n<\/ul>\n<p>&nbsp;<\/p>\n<ul>\n<li>Dia e hor\u00e1rio das reuni\u00f5es:<strong> todas as quintas de 18h00min \u00e0s 20h00min.<\/strong><\/li>\n<\/ul>\n","protected":false},"excerpt":{"rendered":"<p>Nome\/Sigla do N\u00facleo: N\u00facleo de Estudos em Fruticultura &#8211; NEFRUT &nbsp; Professor respons\u00e1vel:\u00a0\u00a0Dr. Nilton Nagib &nbsp; Professores do Setor: &nbsp; Dr. Rafael Pio Ant\u00f4nio Decarlos Neto Dr. \u00c2ngelo Alb\u00e9rico Alvarenga &nbsp; Aluno respons\u00e1vel: Pedro Maranha Peche Localiza\u00e7\u00e3o do N\u00facleo: Pomar da UFLA; Telefone: 3829 \u2013 1333 Email de contato (funcional): nefrutufla@hotmail.com; &nbsp; Ano de funda\u00e7\u00e3o &hellip; <\/p>\n<p class=\"link-more\"><a href=\"http:\/\/www.nucleoestudo.ufla.br\/nefrut\/institucional\/informacoes-gerais\/\" class=\"more-link\">Continue lendo<span class=\"screen-reader-text\"> &#8220;Informa\u00e7\u00f5es Gerais&#8221;<\/span><\/a><\/p>\n","protected":false},"author":9,"featured_media":0,"parent":200,"menu_order":4,"comment_status":"closed","ping_status":"closed","template":"","meta":[],"_links":{"self":[{"href":"http:\/\/www.nucleoestudo.ufla.br\/nefrut\/wp-json\/wp\/v2\/pages\/29"}],"collection":[{"href":"http:\/\/www.nucleoestudo.ufla.br\/nefrut\/wp-json\/wp\/v2\/pages"}],"about":[{"href":"http:\/\/www.nucleoestudo.ufla.br\/nefrut\/wp-json\/wp\/v2\/types\/page"}],"author":[{"embeddable":true,"href":"http:\/\/www.nucleoestudo.ufla.br\/nefrut\/wp-json\/wp\/v2\/users\/9"}],"replies":[{"embeddable":true,"href":"http:\/\/www.nucleoestudo.ufla.br\/nefrut\/wp-json\/wp\/v2\/comments?post=29"}],"version-history":[{"count":15,"href":"http:\/\/www.nucleoestudo.ufla.br\/nefrut\/wp-json\/wp\/v2\/pages\/29\/revisions"}],"predecessor-version":[{"id":425,"href":"http:\/\/www.nucleoestudo.ufla.br\/nefrut\/wp-json\/wp\/v2\/pages\/29\/revisions\/425"}],"up":[{"embeddable":true,"href":"http:\/\/www.nucleoestudo.ufla.br\/nefrut\/wp-json\/wp\/v2\/pages\/200"}],"wp:attachment":[{"href":"http:\/\/www.nucleoestudo.ufla.br\/nefrut\/wp-json\/wp\/v2\/media?parent=29"}],"curies":[{"name":"wp","href":"https:\/\/api.w.org\/{rel}","templated":true}]}}