{"id":263,"date":"2013-05-22T12:20:38","date_gmt":"2013-05-22T15:20:38","guid":{"rendered":"http:\/\/www.nucleoestudo.ufla.br\/nefrut\/?page_id=263"},"modified":"2013-10-28T10:42:54","modified_gmt":"2013-10-28T12:42:54","slug":"fruticultura","status":"publish","type":"page","link":"http:\/\/www.nucleoestudo.ufla.br\/nefrut\/biblioteca\/fruticultura\/","title":{"rendered":"Fruticultura"},"content":{"rendered":"<p><img loading=\"lazy\" class=\"alignleft\" alt=\"\" src=\"http:\/\/i278.photobucket.com\/albums\/kk109\/ronnie2008_01\/Consumo-de-Frutas_1_zps05ce4abe.jpg\" width=\"307\" height=\"230\" \/>A fruticultura pode ser conceituada como sendo o conjunto de t\u00e9cnicas e pr\u00e1ticas aplicadas adequadamente com o objetivo de explorar plantas que produzam frutas comest\u00edveis, comercialmente.<\/p>\n<p>Segundo Tamaro (1936), fruticultura \u00e9 a arte de cultivar racionalmente as plantas frut\u00edferas.<br \/>\nAl\u00e9m do conceito de fruticultura, o conceito de fruta e fruto tamb\u00e9m \u00e9 vari\u00e1vel conforme o autor. Segundo Ferreira (1993), fruta \u00e9 a designa\u00e7\u00e3o comum \u00e0s frutas, pseudofrutos e infrutesc\u00eancias comest\u00edveis, com sabor adocicado. J\u00e1 o fruto \u00e9 o \u00f3rg\u00e3o gerado pelos vegetais flor\u00edferos, e que conduz a semente, portanto resulta do desenvolvimento do ov\u00e1rio depois da fecunda\u00e7\u00e3o. Para facilitar a leitura, no decorrer de todos os cap\u00edtulos, ser\u00e1 adotado o termo fruta.<\/p>\n<p>Fonte:<\/p>\n<p><a href=\"http:\/\/www.cpact.embrapa.br\/publicacoes\/download\/livro\/fruticultura_fundamentos_pratica\/index.htm\">http:\/\/www.cpact.embrapa.br\/publicacoes\/download\/livro\/fruticultura_fundamentos_pratica\/index.htm<\/a><\/p>\n","protected":false},"excerpt":{"rendered":"<p>A fruticultura pode ser conceituada como sendo o conjunto de t\u00e9cnicas e pr\u00e1ticas aplicadas adequadamente com o objetivo de explorar plantas que produzam frutas comest\u00edveis, comercialmente. Segundo Tamaro (1936), fruticultura \u00e9 a arte de cultivar racionalmente as plantas frut\u00edferas. Al\u00e9m do conceito de fruticultura, o conceito de fruta e fruto tamb\u00e9m \u00e9 vari\u00e1vel conforme o &hellip; <\/p>\n<p class=\"link-more\"><a href=\"http:\/\/www.nucleoestudo.ufla.br\/nefrut\/biblioteca\/fruticultura\/\" class=\"more-link\">Continue lendo<span class=\"screen-reader-text\"> &#8220;Fruticultura&#8221;<\/span><\/a><\/p>\n","protected":false},"author":9,"featured_media":0,"parent":35,"menu_order":0,"comment_status":"open","ping_status":"open","template":"page-template-archives.php","meta":[],"_links":{"self":[{"href":"http:\/\/www.nucleoestudo.ufla.br\/nefrut\/wp-json\/wp\/v2\/pages\/263"}],"collection":[{"href":"http:\/\/www.nucleoestudo.ufla.br\/nefrut\/wp-json\/wp\/v2\/pages"}],"about":[{"href":"http:\/\/www.nucleoestudo.ufla.br\/nefrut\/wp-json\/wp\/v2\/types\/page"}],"author":[{"embeddable":true,"href":"http:\/\/www.nucleoestudo.ufla.br\/nefrut\/wp-json\/wp\/v2\/users\/9"}],"replies":[{"embeddable":true,"href":"http:\/\/www.nucleoestudo.ufla.br\/nefrut\/wp-json\/wp\/v2\/comments?post=263"}],"version-history":[{"count":5,"href":"http:\/\/www.nucleoestudo.ufla.br\/nefrut\/wp-json\/wp\/v2\/pages\/263\/revisions"}],"predecessor-version":[{"id":485,"href":"http:\/\/www.nucleoestudo.ufla.br\/nefrut\/wp-json\/wp\/v2\/pages\/263\/revisions\/485"}],"up":[{"embeddable":true,"href":"http:\/\/www.nucleoestudo.ufla.br\/nefrut\/wp-json\/wp\/v2\/pages\/35"}],"wp:attachment":[{"href":"http:\/\/www.nucleoestudo.ufla.br\/nefrut\/wp-json\/wp\/v2\/media?parent=263"}],"curies":[{"name":"wp","href":"https:\/\/api.w.org\/{rel}","templated":true}]}}

<p><img loading="lazy" class="alignleft" alt="" src="http://i278.photobucket.com/albums/kk109/ronnie2008_01/Consumo-de-Frutas_1_zps05ce4abe.jpg" width="307" height="230" />A fruticultura pode ser conceituada como sendo o conjunto de técnicas e práticas aplicadas adequadamente com o objetivo de explorar plantas que produzam frutas comestíveis, comercialmente.</p>
<p>Segundo Tamaro (1936), fruticultura é a arte de cultivar racionalmente as plantas frutíferas.<br />
Além do conceito de fruticultura, o conceito de fruta e fruto também é variável conforme o autor. Segundo Ferreira (1993), fruta é a designação comum às frutas, pseudofrutos e infrutescências comestíveis, com sabor adocicado. Já o fruto é o órgão gerado pelos vegetais floríferos, e que conduz a semente, portanto resulta do desenvolvimento do ovário depois da fecundação. Para facilitar a leitura, no decorrer de todos os capítulos, será adotado o termo fruta.</p>
<p>Fonte:</p>
<p><a href="http://www.cpact.embrapa.br/publicacoes/download/livro/fruticultura_fundamentos_pratica/index.htm">http://www.cpact.embrapa.br/publicacoes/download/livro/fruticultura_fundamentos_pratica/index.htm</a></p>

<p>A fruticultura pode ser conceituada como sendo o conjunto de técnicas e práticas aplicadas adequadamente com o objetivo de explorar plantas que produzam frutas comestíveis, comercialmente. Segundo Tamaro (1936), fruticultura é a arte de cultivar racionalmente as plantas frutíferas. Além do conceito de fruticultura, o conceito de fruta e fruto também é variável conforme o &hellip; </p>
<p class="link-more"><a href="http://www.nucleoestudo.ufla.br/nefrut/biblioteca/fruticultura/" class="more-link">Continue lendo<span class="screen-reader-text"> &#8220;Fruticultura&#8221;</span></a></p>
