{"id":249,"date":"2013-05-21T19:47:04","date_gmt":"2013-05-21T22:47:04","guid":{"rendered":"http:\/\/www.nucleoestudo.ufla.br\/nefrut\/?page_id=249"},"modified":"2013-10-28T10:48:12","modified_gmt":"2013-10-28T12:48:12","slug":"participamos","status":"publish","type":"page","link":"http:\/\/www.nucleoestudo.ufla.br\/nefrut\/eventos\/participamos\/","title":{"rendered":"Participamos"},"content":{"rendered":"<h1><\/h1>\n<h2>Rela\u00e7\u00e3o de Eventos com Participa\u00e7\u00e3o do NEFRUT<\/h2>\n<h2><\/h2>\n<h2><a href=\"http:\/\/www.nucleoestudo.ufla.br\/nefrut\/index.php\/2013\/08\/novo-post\/\">&#8211; XXII Congresso Brasileiro de Fruticultura<\/a><\/h2>\n<h2><a href=\"http:\/\/www.nucleoestudo.ufla.br\/nefrut\/index.php\/2013\/10\/nefrut-marca-presenca-no-sinfruit-em-campinas\/\">&#8211; SINFRUIT \u2013 2011<\/a><\/h2>\n<p>&nbsp;<\/p>\n<p>&nbsp;<\/p>\n<h2><\/h2>\n<p>&nbsp;<\/p>\n<p>&nbsp;<\/p>\n","protected":false},"excerpt":{"rendered":"<p>Rela\u00e7\u00e3o de Eventos com Participa\u00e7\u00e3o do NEFRUT &#8211; XXII Congresso Brasileiro de Fruticultura &#8211; SINFRUIT \u2013 2011 &nbsp; &nbsp; &nbsp; &nbsp;<\/p>\n","protected":false},"author":9,"featured_media":0,"parent":5,"menu_order":3,"comment_status":"open","ping_status":"open","template":"","meta":[],"_links":{"self":[{"href":"http:\/\/www.nucleoestudo.ufla.br\/nefrut\/wp-json\/wp\/v2\/pages\/249"}],"collection":[{"href":"http:\/\/www.nucleoestudo.ufla.br\/nefrut\/wp-json\/wp\/v2\/pages"}],"about":[{"href":"http:\/\/www.nucleoestudo.ufla.br\/nefrut\/wp-json\/wp\/v2\/types\/page"}],"author":[{"embeddable":true,"href":"http:\/\/www.nucleoestudo.ufla.br\/nefrut\/wp-json\/wp\/v2\/users\/9"}],"replies":[{"embeddable":true,"href":"http:\/\/www.nucleoestudo.ufla.br\/nefrut\/wp-json\/wp\/v2\/comments?post=249"}],"version-history":[{"count":11,"href":"http:\/\/www.nucleoestudo.ufla.br\/nefrut\/wp-json\/wp\/v2\/pages\/249\/revisions"}],"predecessor-version":[{"id":540,"href":"http:\/\/www.nucleoestudo.ufla.br\/nefrut\/wp-json\/wp\/v2\/pages\/249\/revisions\/540"}],"up":[{"embeddable":true,"href":"http:\/\/www.nucleoestudo.ufla.br\/nefrut\/wp-json\/wp\/v2\/pages\/5"}],"wp:attachment":[{"href":"http:\/\/www.nucleoestudo.ufla.br\/nefrut\/wp-json\/wp\/v2\/media?parent=249"}],"curies":[{"name":"wp","href":"https:\/\/api.w.org\/{rel}","templated":true}]}}

<h1></h1>
<h2>Relação de Eventos com Participação do NEFRUT</h2>
<h2></h2>
<h2><a href="http://www.nucleoestudo.ufla.br/nefrut/index.php/2013/08/novo-post/">&#8211; XXII Congresso Brasileiro de Fruticultura</a></h2>
<h2><a href="http://www.nucleoestudo.ufla.br/nefrut/index.php/2013/10/nefrut-marca-presenca-no-sinfruit-em-campinas/">&#8211; SINFRUIT – 2011</a></h2>
<p>&nbsp;</p>
<p>&nbsp;</p>
<h2></h2>
<p>&nbsp;</p>
<p>&nbsp;</p>

<p>Relação de Eventos com Participação do NEFRUT &#8211; XXII Congresso Brasileiro de Fruticultura &#8211; SINFRUIT – 2011 &nbsp; &nbsp; &nbsp; &nbsp;</p>
