{"id":200,"date":"2013-05-11T14:34:32","date_gmt":"2013-05-11T17:34:32","guid":{"rendered":"http:\/\/www.nucleoestudo.ufla.br\/nefrut\/?page_id=200"},"modified":"2013-10-28T10:45:45","modified_gmt":"2013-10-28T12:45:45","slug":"institucional","status":"publish","type":"page","link":"http:\/\/www.nucleoestudo.ufla.br\/nefrut\/institucional\/","title":{"rendered":"Institucional"},"content":{"rendered":"<p><a href=\"http:\/\/www.nucleoestudo.ufla.br\/nefrut\/index.php\/institucional\/a-organizacao\/\"><img loading=\"lazy\" class=\"alignleft\" alt=\"\" src=\"http:\/\/i278.photobucket.com\/albums\/kk109\/ronnie2008_01\/UFLA\/AOrganizaccedilatildeo_zpsb6d15db7.png\" width=\"275\" height=\"94\" \/><\/a>\u00a0<a href=\"http:\/\/www.nucleoestudo.ufla.br\/nefrut\/index.php\/institucional\/historia\/\"><img loading=\"lazy\" class=\"alignright\" alt=\"\" src=\"http:\/\/i278.photobucket.com\/albums\/kk109\/ronnie2008_01\/UFLA\/AHistoacuteria_zps411083da.png\" width=\"275\" height=\"94\" \/><\/a><\/p>\n<p>&nbsp;<\/p>\n<p style=\"text-align: center;\"><a href=\"http:\/\/www.nucleoestudo.ufla.br\/nefrut\/index.php\/institucional\/o-nefrut\/equipe\/\"><img loading=\"lazy\" class=\"aligncenter\" alt=\"\" src=\"http:\/\/i278.photobucket.com\/albums\/kk109\/ronnie2008_01\/UFLA\/equipe_zpsa2c6a47a.png\" width=\"305\" height=\"104\" \/><\/a><\/p>\n<p>&nbsp;<\/p>\n<p>O\u00a0<strong>N<\/strong><strong>\u00facleo de E<\/strong><strong>studos em Fruticultura &#8211; NEFRUT<\/strong>\u00a0da Universidade Federal de Lavras &#8211; UFLA.<\/p>\n<p><strong>Objetivos:<\/strong><\/p>\n<ul>\n<li>Congregar estudantes de gradua\u00e7\u00e3o e p\u00f3s-gradua\u00e7\u00e3o, bem como professores e a comunidade acad\u00eamica interessada no Tema, promovendo intera\u00e7\u00e3o e rela\u00e7\u00f5es positivas, a fim de fortalecer o estudo de Fruticultura na UFLA;<\/li>\n<li>Promover debates t\u00e9cnico-cient\u00edficos semanais, de forma que os membros estejam envolvidos e possam disseminar as mais variadas t\u00e9cnicas e os temas que tem sido alvo de pesquisa acad\u00eamica;<\/li>\n<li>Promover eventos (cursos, simp\u00f3sios, semin\u00e1rios, encontros t\u00e9cnicos e outros) que possam contribuir para eleva\u00e7\u00e3o dos conhecimentos em fruticultura, visando a transfer\u00eancias das tecnologias desenvolvidas na universidade para estudantes, profissionais e a comunidade frut\u00edcola regional.<\/li>\n<\/ul>\n<p>O n\u00facleo \u00e9 constitu\u00eddo por Professores da \u00e1rea de Fruticultura, discentes graduandos e p\u00f3s-graduandos.\u00a0A infra-estrutura f\u00edsica e de apoio s\u00e3o fornecidas pela UFLA.<\/p>\n","protected":false},"excerpt":{"rendered":"<p>\u00a0 &nbsp; &nbsp; O\u00a0N\u00facleo de Estudos em Fruticultura &#8211; NEFRUT\u00a0da Universidade Federal de Lavras &#8211; UFLA. Objetivos: Congregar estudantes de gradua\u00e7\u00e3o e p\u00f3s-gradua\u00e7\u00e3o, bem como professores e a comunidade acad\u00eamica interessada no Tema, promovendo intera\u00e7\u00e3o e rela\u00e7\u00f5es positivas, a fim de fortalecer o estudo de Fruticultura na UFLA; Promover debates t\u00e9cnico-cient\u00edficos semanais, de forma que &hellip; <\/p>\n<p class=\"link-more\"><a href=\"http:\/\/www.nucleoestudo.ufla.br\/nefrut\/institucional\/\" class=\"more-link\">Continue lendo<span class=\"screen-reader-text\"> &#8220;Institucional&#8221;<\/span><\/a><\/p>\n","protected":false},"author":9,"featured_media":0,"parent":0,"menu_order":0,"comment_status":"open","ping_status":"open","template":"page-template-archives.php","meta":[],"_links":{"self":[{"href":"http:\/\/www.nucleoestudo.ufla.br\/nefrut\/wp-json\/wp\/v2\/pages\/200"}],"collection":[{"href":"http:\/\/www.nucleoestudo.ufla.br\/nefrut\/wp-json\/wp\/v2\/pages"}],"about":[{"href":"http:\/\/www.nucleoestudo.ufla.br\/nefrut\/wp-json\/wp\/v2\/types\/page"}],"author":[{"embeddable":true,"href":"http:\/\/www.nucleoestudo.ufla.br\/nefrut\/wp-json\/wp\/v2\/users\/9"}],"replies":[{"embeddable":true,"href":"http:\/\/www.nucleoestudo.ufla.br\/nefrut\/wp-json\/wp\/v2\/comments?post=200"}],"version-history":[{"count":8,"href":"http:\/\/www.nucleoestudo.ufla.br\/nefrut\/wp-json\/wp\/v2\/pages\/200\/revisions"}],"predecessor-version":[{"id":202,"href":"http:\/\/www.nucleoestudo.ufla.br\/nefrut\/wp-json\/wp\/v2\/pages\/200\/revisions\/202"}],"wp:attachment":[{"href":"http:\/\/www.nucleoestudo.ufla.br\/nefrut\/wp-json\/wp\/v2\/media?parent=200"}],"curies":[{"name":"wp","href":"https:\/\/api.w.org\/{rel}","templated":true}]}}

<p><a href="http://www.nucleoestudo.ufla.br/nefrut/index.php/institucional/a-organizacao/"><img loading="lazy" class="alignleft" alt="" src="http://i278.photobucket.com/albums/kk109/ronnie2008_01/UFLA/AOrganizaccedilatildeo_zpsb6d15db7.png" width="275" height="94" /></a> <a href="http://www.nucleoestudo.ufla.br/nefrut/index.php/institucional/historia/"><img loading="lazy" class="alignright" alt="" src="http://i278.photobucket.com/albums/kk109/ronnie2008_01/UFLA/AHistoacuteria_zps411083da.png" width="275" height="94" /></a></p>
<p>&nbsp;</p>
<p style="text-align: center;"><a href="http://www.nucleoestudo.ufla.br/nefrut/index.php/institucional/o-nefrut/equipe/"><img loading="lazy" class="aligncenter" alt="" src="http://i278.photobucket.com/albums/kk109/ronnie2008_01/UFLA/equipe_zpsa2c6a47a.png" width="305" height="104" /></a></p>
<p>&nbsp;</p>
<p>O <strong>N</strong><strong>úcleo de E</strong><strong>studos em Fruticultura &#8211; NEFRUT</strong> da Universidade Federal de Lavras &#8211; UFLA.</p>
<p><strong>Objetivos:</strong></p>
<ul>
<li>Congregar estudantes de graduação e pós-graduação, bem como professores e a comunidade acadêmica interessada no Tema, promovendo interação e relações positivas, a fim de fortalecer o estudo de Fruticultura na UFLA;</li>
<li>Promover debates técnico-científicos semanais, de forma que os membros estejam envolvidos e possam disseminar as mais variadas técnicas e os temas que tem sido alvo de pesquisa acadêmica;</li>
<li>Promover eventos (cursos, simpósios, seminários, encontros técnicos e outros) que possam contribuir para elevação dos conhecimentos em fruticultura, visando a transferências das tecnologias desenvolvidas na universidade para estudantes, profissionais e a comunidade frutícola regional.</li>
</ul>
<p>O núcleo é constituído por Professores da área de Fruticultura, discentes graduandos e pós-graduandos. A infra-estrutura física e de apoio são fornecidas pela UFLA.</p>

<p>  &nbsp; &nbsp; O Núcleo de Estudos em Fruticultura &#8211; NEFRUT da Universidade Federal de Lavras &#8211; UFLA. Objetivos: Congregar estudantes de graduação e pós-graduação, bem como professores e a comunidade acadêmica interessada no Tema, promovendo interação e relações positivas, a fim de fortalecer o estudo de Fruticultura na UFLA; Promover debates técnico-científicos semanais, de forma que &hellip; </p>
<p class="link-more"><a href="http://www.nucleoestudo.ufla.br/nefrut/institucional/" class="more-link">Continue lendo<span class="screen-reader-text"> &#8220;Institucional&#8221;</span></a></p>
