{"id":173,"date":"2013-05-03T12:09:57","date_gmt":"2013-05-03T15:09:57","guid":{"rendered":"http:\/\/www.nucleoestudo.ufla.br\/nefrut\/?page_id=173"},"modified":"2021-12-09T16:47:53","modified_gmt":"2021-12-09T19:47:53","slug":"a-organizacao","status":"publish","type":"page","link":"http:\/\/www.nucleoestudo.ufla.br\/nefrut\/institucional\/a-organizacao\/","title":{"rendered":"A Organiza\u00e7\u00e3o"},"content":{"rendered":"<p><strong>NEFRUT &#8211; N\u00facle<\/strong><strong>o de Estudos em Fruti<strong>cultura<\/strong><\/strong><\/p>\n<p><strong>\u00a0 \u00a0 \u00a0 \u00a0 \u00a0 \u00a0 \u00a0 \u00a0 \u00a0 \u00a0 \u00a0 \u00a0 \u00a0 \u00a0 \u00a0 \u00a0 \u00a0 \u00a0 \u00a0 \u00a0 \u00a0 \u00a0 \u00a0 \u00a0Universidade Federal de Lavras &#8211; Minas Gerais<\/strong><\/p>\n<p style=\"text-align: center;\"><a href=\"http:\/\/www.ufla.br\/\"><img loading=\"lazy\" class=\"aligncenter\" src=\"http:\/\/i278.photobucket.com\/albums\/kk109\/ronnie2008_01\/UFLA\/logo_ufla300dpirgb2_zps5c01b98f.jpg\" alt=\"\" width=\"258\" height=\"104\" \/><\/a><\/p>\n<p><strong><i>Identidade Organizacional:<\/i><\/strong><\/p>\n<p>xxxxxxx<\/p>\n<p><strong>Miss\u00e3o:<\/strong>\u00a0Congregar estudantes de gradua\u00e7\u00e3o e p\u00f3s-gradua\u00e7\u00e3o, bem como professores e a comunidade acad\u00eamica interessada no Tema, promovendo intera\u00e7\u00e3o e rela\u00e7\u00f5es positivas, a fim de fortalecer o estudo de Fruticultura na UFLA;<\/p>\n<p><strong>Vis\u00e3o:\u00a0<\/strong>Promover debates t\u00e9cnico-cient\u00edficos semanais, de forma que os membros estejam envolvidos e possam disseminar as mais variadas t\u00e9cnicas e os temas que tem sido alvo de pesquisa acad\u00eamica;\u00a0Promover eventos (cursos, simp\u00f3sios, semin\u00e1rios, encontros t\u00e9cnicos e outros) que possam contribuir para eleva\u00e7\u00e3o dos conhecimentos em fruticultura, visando a transfer\u00eancias das tecnologias desenvolvidas na universidade para estudantes, profissionais e a comunidade frut\u00edcola.<\/p>\n<p><strong>Valores:<\/strong>\u00a0Atitude \u00c9tica, Integridade , Honestidade , Respeito, Amizade, Trabalho em equipe, Est\u00edmulo ao desenvolvimento individual, Conhecimento T\u00e9cnico e Conceitual.<\/p>\n","protected":false},"excerpt":{"rendered":"<p>NEFRUT &#8211; N\u00facleo de Estudos em Fruticultura \u00a0 \u00a0 \u00a0 \u00a0 \u00a0 \u00a0 \u00a0 \u00a0 \u00a0 \u00a0 \u00a0 \u00a0 \u00a0 \u00a0 \u00a0 \u00a0 \u00a0 \u00a0 \u00a0 \u00a0 \u00a0 \u00a0 \u00a0 \u00a0Universidade Federal de Lavras &#8211; Minas Gerais Identidade Organizacional: xxxxxxx Miss\u00e3o:\u00a0Congregar estudantes de gradua\u00e7\u00e3o e p\u00f3s-gradua\u00e7\u00e3o, bem como professores e a comunidade acad\u00eamica interessada no &hellip; <\/p>\n<p class=\"link-more\"><a href=\"http:\/\/www.nucleoestudo.ufla.br\/nefrut\/institucional\/a-organizacao\/\" class=\"more-link\">Continue lendo<span class=\"screen-reader-text\"> &#8220;A Organiza\u00e7\u00e3o&#8221;<\/span><\/a><\/p>\n","protected":false},"author":9,"featured_media":0,"parent":200,"menu_order":2,"comment_status":"open","ping_status":"open","template":"page-template-archives.php","meta":[],"_links":{"self":[{"href":"http:\/\/www.nucleoestudo.ufla.br\/nefrut\/wp-json\/wp\/v2\/pages\/173"}],"collection":[{"href":"http:\/\/www.nucleoestudo.ufla.br\/nefrut\/wp-json\/wp\/v2\/pages"}],"about":[{"href":"http:\/\/www.nucleoestudo.ufla.br\/nefrut\/wp-json\/wp\/v2\/types\/page"}],"author":[{"embeddable":true,"href":"http:\/\/www.nucleoestudo.ufla.br\/nefrut\/wp-json\/wp\/v2\/users\/9"}],"replies":[{"embeddable":true,"href":"http:\/\/www.nucleoestudo.ufla.br\/nefrut\/wp-json\/wp\/v2\/comments?post=173"}],"version-history":[{"count":22,"href":"http:\/\/www.nucleoestudo.ufla.br\/nefrut\/wp-json\/wp\/v2\/pages\/173\/revisions"}],"predecessor-version":[{"id":662,"href":"http:\/\/www.nucleoestudo.ufla.br\/nefrut\/wp-json\/wp\/v2\/pages\/173\/revisions\/662"}],"up":[{"embeddable":true,"href":"http:\/\/www.nucleoestudo.ufla.br\/nefrut\/wp-json\/wp\/v2\/pages\/200"}],"wp:attachment":[{"href":"http:\/\/www.nucleoestudo.ufla.br\/nefrut\/wp-json\/wp\/v2\/media?parent=173"}],"curies":[{"name":"wp","href":"https:\/\/api.w.org\/{rel}","templated":true}]}}

A Organização

<p><strong>NEFRUT &#8211; Núcle</strong><strong>o de Estudos em Fruti<strong>cultura</strong></strong></p>
<p><strong>                                               Universidade Federal de Lavras &#8211; Minas Gerais</strong></p>
<p style="text-align: center;"><a href="http://www.ufla.br/"><img loading="lazy" class="aligncenter" src="http://i278.photobucket.com/albums/kk109/ronnie2008_01/UFLA/logo_ufla300dpirgb2_zps5c01b98f.jpg" alt="" width="258" height="104" /></a></p>
<p><strong><i>Identidade Organizacional:</i></strong></p>
<p>xxxxxxx</p>
<p><strong>Missão:</strong> Congregar estudantes de graduação e pós-graduação, bem como professores e a comunidade acadêmica interessada no Tema, promovendo interação e relações positivas, a fim de fortalecer o estudo de Fruticultura na UFLA;</p>
<p><strong>Visão: </strong>Promover debates técnico-científicos semanais, de forma que os membros estejam envolvidos e possam disseminar as mais variadas técnicas e os temas que tem sido alvo de pesquisa acadêmica; Promover eventos (cursos, simpósios, seminários, encontros técnicos e outros) que possam contribuir para elevação dos conhecimentos em fruticultura, visando a transferências das tecnologias desenvolvidas na universidade para estudantes, profissionais e a comunidade frutícola.</p>
<p><strong>Valores:</strong> Atitude Ética, Integridade , Honestidade , Respeito, Amizade, Trabalho em equipe, Estímulo ao desenvolvimento individual, Conhecimento Técnico e Conceitual.</p>

<p>NEFRUT &#8211; Núcleo de Estudos em Fruticultura                                                Universidade Federal de Lavras &#8211; Minas Gerais Identidade Organizacional: xxxxxxx Missão: Congregar estudantes de graduação e pós-graduação, bem como professores e a comunidade acadêmica interessada no &hellip; </p>
<p class="link-more"><a href="http://www.nucleoestudo.ufla.br/nefrut/institucional/a-organizacao/" class="more-link">Continue lendo<span class="screen-reader-text"> &#8220;A Organização&#8221;</span></a></p>
