{"id":65,"date":"2018-07-16T12:12:57","date_gmt":"2018-07-16T15:12:57","guid":{"rendered":"http:\/\/www.nucleoestudo.ufla.br\/hefesto\/?page_id=65"},"modified":"2018-07-16T14:03:20","modified_gmt":"2018-07-16T17:03:20","slug":"divulgacao","status":"publish","type":"page","link":"http:\/\/www.nucleoestudo.ufla.br\/hefesto\/sobre\/divulgacao\/","title":{"rendered":"Divulga\u00e7\u00e3o"},"content":{"rendered":"<p style=\"text-align: justify;\">A divulga\u00e7\u00e3o de nossos projetos acontecer\u00e1 por meio de publica\u00e7\u00f5es em revistas e peri\u00f3dicos, participa\u00e7\u00f5es em eventos cient\u00edficos e\/ou ligados as \u00e1reas de interesse e atrav\u00e9s de sites e redes sociais.<\/p>\n<p style=\"text-align: justify;\">Hefesto encontra-se no Facebook atrav\u00e9s do perfil: [link aqui] no qual divulgamos oficinas, cursos, a\u00e7\u00f5es executadas, leituras de refer\u00eancias, curiosidades e mat\u00e9rias sobre tecnologias digitais.<\/p>\n<p style=\"text-align: justify;\">Na sequencia, Hefesto mantem perfil no Instagran [@link aqui], Twiter\u00a0[@link aqui], Google Plus [link aqui], Linkdin\u00a0[link aqui] e um canal no Youtube, ampliando o os espa\u00e7os de divulga\u00e7\u00e3o e experimenta\u00e7\u00f5es para\/com Hefesto.<\/p>\n","protected":false},"excerpt":{"rendered":"<p>A divulga\u00e7\u00e3o de nossos projetos acontecer\u00e1 por meio de publica\u00e7\u00f5es em revistas e peri\u00f3dicos, participa\u00e7\u00f5es em eventos cient\u00edficos e\/ou ligados as \u00e1reas de interesse e atrav\u00e9s de sites e redes sociais. Hefesto encontra-se no Facebook atrav\u00e9s do perfil: [link aqui] no qual divulgamos oficinas, cursos, a\u00e7\u00f5es executadas, leituras de refer\u00eancias, curiosidades e mat\u00e9rias sobre tecnologias [&hellip;]<\/p>\n","protected":false},"author":2,"featured_media":0,"parent":15,"menu_order":0,"comment_status":"closed","ping_status":"closed","template":"","meta":{"footnotes":""},"_links":{"self":[{"href":"http:\/\/www.nucleoestudo.ufla.br\/hefesto\/wp-json\/wp\/v2\/pages\/65"}],"collection":[{"href":"http:\/\/www.nucleoestudo.ufla.br\/hefesto\/wp-json\/wp\/v2\/pages"}],"about":[{"href":"http:\/\/www.nucleoestudo.ufla.br\/hefesto\/wp-json\/wp\/v2\/types\/page"}],"author":[{"embeddable":true,"href":"http:\/\/www.nucleoestudo.ufla.br\/hefesto\/wp-json\/wp\/v2\/users\/2"}],"replies":[{"embeddable":true,"href":"http:\/\/www.nucleoestudo.ufla.br\/hefesto\/wp-json\/wp\/v2\/comments?post=65"}],"version-history":[{"count":3,"href":"http:\/\/www.nucleoestudo.ufla.br\/hefesto\/wp-json\/wp\/v2\/pages\/65\/revisions"}],"predecessor-version":[{"id":162,"href":"http:\/\/www.nucleoestudo.ufla.br\/hefesto\/wp-json\/wp\/v2\/pages\/65\/revisions\/162"}],"up":[{"embeddable":true,"href":"http:\/\/www.nucleoestudo.ufla.br\/hefesto\/wp-json\/wp\/v2\/pages\/15"}],"wp:attachment":[{"href":"http:\/\/www.nucleoestudo.ufla.br\/hefesto\/wp-json\/wp\/v2\/media?parent=65"}],"curies":[{"name":"wp","href":"https:\/\/api.w.org\/{rel}","templated":true}]}}