{"id":63,"date":"2018-07-16T12:12:40","date_gmt":"2018-07-16T15:12:40","guid":{"rendered":"http:\/\/www.nucleoestudo.ufla.br\/hefesto\/?page_id=63"},"modified":"2018-07-16T13:56:05","modified_gmt":"2018-07-16T16:56:05","slug":"publicacoes","status":"publish","type":"page","link":"http:\/\/www.nucleoestudo.ufla.br\/hefesto\/sobre\/publicacoes\/","title":{"rendered":"Produ\u00e7\u00f5es"},"content":{"rendered":"<p>Nossa produ\u00e7\u00e3o bibliogr\u00e1fica na \u00e1rea de educa\u00e7\u00e3o e tecnologia:<\/p>\n<div class=\"layout-cell layout-cell-1 text-align-right\">\n<div class=\"layout-cell-pad-5 text-align-right\"><span style=\"color: #ff0000;\"><b>Selecionar trabalhos &#8211; preferencia com links para dowload<\/b><\/span><\/div>\n<div><\/div>\n<\/div>\n<div class=\"layout-cell layout-cell-11\">\n<div class=\"layout-cell-pad-5\"><b>MENDES, Cl\u00e1udio<\/b>. Jogos eletr\u00f4nicos: divers\u00e3o, poder e subjetiva\u00e7\u00e3o. 1. ed. Campinas: Papirus, 2006. v. 1. 160p .<\/div>\n<\/div>\n","protected":false},"excerpt":{"rendered":"<p>Nossa produ\u00e7\u00e3o bibliogr\u00e1fica na \u00e1rea de educa\u00e7\u00e3o e tecnologia: Selecionar trabalhos &#8211; preferencia com links para dowload MENDES, Cl\u00e1udio. Jogos eletr\u00f4nicos: divers\u00e3o, poder e subjetiva\u00e7\u00e3o. 1. ed. Campinas: Papirus, 2006. v. 1. 160p .<\/p>\n","protected":false},"author":2,"featured_media":0,"parent":15,"menu_order":0,"comment_status":"closed","ping_status":"closed","template":"","meta":{"footnotes":""},"_links":{"self":[{"href":"http:\/\/www.nucleoestudo.ufla.br\/hefesto\/wp-json\/wp\/v2\/pages\/63"}],"collection":[{"href":"http:\/\/www.nucleoestudo.ufla.br\/hefesto\/wp-json\/wp\/v2\/pages"}],"about":[{"href":"http:\/\/www.nucleoestudo.ufla.br\/hefesto\/wp-json\/wp\/v2\/types\/page"}],"author":[{"embeddable":true,"href":"http:\/\/www.nucleoestudo.ufla.br\/hefesto\/wp-json\/wp\/v2\/users\/2"}],"replies":[{"embeddable":true,"href":"http:\/\/www.nucleoestudo.ufla.br\/hefesto\/wp-json\/wp\/v2\/comments?post=63"}],"version-history":[{"count":4,"href":"http:\/\/www.nucleoestudo.ufla.br\/hefesto\/wp-json\/wp\/v2\/pages\/63\/revisions"}],"predecessor-version":[{"id":160,"href":"http:\/\/www.nucleoestudo.ufla.br\/hefesto\/wp-json\/wp\/v2\/pages\/63\/revisions\/160"}],"up":[{"embeddable":true,"href":"http:\/\/www.nucleoestudo.ufla.br\/hefesto\/wp-json\/wp\/v2\/pages\/15"}],"wp:attachment":[{"href":"http:\/\/www.nucleoestudo.ufla.br\/hefesto\/wp-json\/wp\/v2\/media?parent=63"}],"curies":[{"name":"wp","href":"https:\/\/api.w.org\/{rel}","templated":true}]}}