{"id":61,"date":"2018-07-16T12:12:16","date_gmt":"2018-07-16T15:12:16","guid":{"rendered":"http:\/\/www.nucleoestudo.ufla.br\/hefesto\/?page_id=61"},"modified":"2018-07-16T13:49:16","modified_gmt":"2018-07-16T16:49:16","slug":"avaliacao-e-monitoramento","status":"publish","type":"page","link":"http:\/\/www.nucleoestudo.ufla.br\/hefesto\/sobre\/avaliacao-e-monitoramento\/","title":{"rendered":"Avalia\u00e7\u00e3o e Monitoramento"},"content":{"rendered":"<p style=\"text-align: justify;\">Para que todas essas atividades funcionem com mais qualidade, entendemos que devemos elaborar processos de monitoramento e avalia\u00e7\u00e3o de cada projeto.\u00a0Pode ser entendido, em sentido continuo e processual, como um conjunto de atividades\u2013 articuladas, sistem\u00e1ticas e formalizadas de produ\u00e7\u00e3o, registro, acompanhamento e an\u00e1lise cr\u00edtica de informa\u00e7\u00f5es geradas na gest\u00e3o de projetos e subprojetos, de seus programas, produtos e servi\u00e7os, por meio das organiza\u00e7\u00f5es, agentes e p\u00fablicos-alvo envolvidos, com a finalidade de subsidiar a tomada decis\u00e3o quanto aos esfor\u00e7os necess\u00e1rios para aprimoramento de novas a\u00e7\u00f5es.<\/p>\n","protected":false},"excerpt":{"rendered":"<p>Para que todas essas atividades funcionem com mais qualidade, entendemos que devemos elaborar processos de monitoramento e avalia\u00e7\u00e3o de cada projeto.\u00a0Pode ser entendido, em sentido continuo e processual, como um conjunto de atividades\u2013 articuladas, sistem\u00e1ticas e formalizadas de produ\u00e7\u00e3o, registro, acompanhamento e an\u00e1lise cr\u00edtica de informa\u00e7\u00f5es geradas na gest\u00e3o de projetos e subprojetos, de seus [&hellip;]<\/p>\n","protected":false},"author":2,"featured_media":0,"parent":15,"menu_order":0,"comment_status":"closed","ping_status":"closed","template":"","meta":{"footnotes":""},"_links":{"self":[{"href":"http:\/\/www.nucleoestudo.ufla.br\/hefesto\/wp-json\/wp\/v2\/pages\/61"}],"collection":[{"href":"http:\/\/www.nucleoestudo.ufla.br\/hefesto\/wp-json\/wp\/v2\/pages"}],"about":[{"href":"http:\/\/www.nucleoestudo.ufla.br\/hefesto\/wp-json\/wp\/v2\/types\/page"}],"author":[{"embeddable":true,"href":"http:\/\/www.nucleoestudo.ufla.br\/hefesto\/wp-json\/wp\/v2\/users\/2"}],"replies":[{"embeddable":true,"href":"http:\/\/www.nucleoestudo.ufla.br\/hefesto\/wp-json\/wp\/v2\/comments?post=61"}],"version-history":[{"count":3,"href":"http:\/\/www.nucleoestudo.ufla.br\/hefesto\/wp-json\/wp\/v2\/pages\/61\/revisions"}],"predecessor-version":[{"id":157,"href":"http:\/\/www.nucleoestudo.ufla.br\/hefesto\/wp-json\/wp\/v2\/pages\/61\/revisions\/157"}],"up":[{"embeddable":true,"href":"http:\/\/www.nucleoestudo.ufla.br\/hefesto\/wp-json\/wp\/v2\/pages\/15"}],"wp:attachment":[{"href":"http:\/\/www.nucleoestudo.ufla.br\/hefesto\/wp-json\/wp\/v2\/media?parent=61"}],"curies":[{"name":"wp","href":"https:\/\/api.w.org\/{rel}","templated":true}]}}