{"id":138,"date":"2019-06-23T00:00:51","date_gmt":"2019-06-23T03:00:51","guid":{"rendered":"http:\/\/www.nucleoestudo.ufla.br\/forpedi\/?page_id=138"},"modified":"2019-06-23T00:55:54","modified_gmt":"2019-06-23T03:55:54","slug":"linhas-de-pesquisa","status":"publish","type":"page","link":"http:\/\/www.nucleoestudo.ufla.br\/forpedi\/index.php\/linhas-de-pesquisa\/","title":{"rendered":"Linhas de Pesquisa"},"content":{"rendered":"\n<p> Forma\u00e7\u00e3o docente e pol\u00edticas educacionais;<\/p>\n\n\n\n<p> Identidade, profissionalidade e saberes docentes;<\/p>\n\n\n\n<p> Processos de ensino e de aprendizagem e realidade escolar;<\/p>\n\n\n\n<p> Pr\u00e1ticas pedag\u00f3gicas e o brincar;<\/p>\n","protected":false},"excerpt":{"rendered":"<p>Forma\u00e7\u00e3o docente e pol\u00edticas educacionais; Identidade, profissionalidade e saberes docentes; Processos de ensino e de aprendizagem e realidade escolar; Pr\u00e1ticas pedag\u00f3gicas e o brincar;<\/p>\n","protected":false},"author":6,"featured_media":0,"parent":0,"menu_order":0,"comment_status":"closed","ping_status":"closed","template":"","meta":{"_mi_skip_tracking":false,"_exactmetrics_sitenote_active":false,"_exactmetrics_sitenote_note":"","_exactmetrics_sitenote_category":0,"footnotes":""},"_links":{"self":[{"href":"http:\/\/www.nucleoestudo.ufla.br\/forpedi\/index.php\/wp-json\/wp\/v2\/pages\/138"}],"collection":[{"href":"http:\/\/www.nucleoestudo.ufla.br\/forpedi\/index.php\/wp-json\/wp\/v2\/pages"}],"about":[{"href":"http:\/\/www.nucleoestudo.ufla.br\/forpedi\/index.php\/wp-json\/wp\/v2\/types\/page"}],"author":[{"embeddable":true,"href":"http:\/\/www.nucleoestudo.ufla.br\/forpedi\/index.php\/wp-json\/wp\/v2\/users\/6"}],"replies":[{"embeddable":true,"href":"http:\/\/www.nucleoestudo.ufla.br\/forpedi\/index.php\/wp-json\/wp\/v2\/comments?post=138"}],"version-history":[{"count":2,"href":"http:\/\/www.nucleoestudo.ufla.br\/forpedi\/index.php\/wp-json\/wp\/v2\/pages\/138\/revisions"}],"predecessor-version":[{"id":166,"href":"http:\/\/www.nucleoestudo.ufla.br\/forpedi\/index.php\/wp-json\/wp\/v2\/pages\/138\/revisions\/166"}],"wp:attachment":[{"href":"http:\/\/www.nucleoestudo.ufla.br\/forpedi\/index.php\/wp-json\/wp\/v2\/media?parent=138"}],"curies":[{"name":"wp","href":"https:\/\/api.w.org\/{rel}","templated":true}]}}