{"id":9,"date":"2014-10-16T19:44:18","date_gmt":"2014-10-16T19:44:18","guid":{"rendered":"http:\/\/www.dbi.ufla.br\/biologiacelular\/?page_id=9"},"modified":"2026-04-07T13:39:14","modified_gmt":"2026-04-07T13:39:14","slug":"discentes","status":"publish","type":"page","link":"http:\/\/www.nucleoestudo.ufla.br\/biologiacelular\/equipe\/discentes\/","title":{"rendered":"Discentes"},"content":{"rendered":"<h1><strong>Gradua\u00e7\u00e3o<\/strong><\/h1>\n<ul>\n<li>Gabriel Marques Tosta Lanza &#8211; Ci\u00eancias Biol\u00f3gicas<\/li>\n<li>Giulya Karoline Corr\u00eaa Pila &#8211; Ci\u00eancias Biol\u00f3gicas<\/li>\n<li>Jos\u00e9 Eduardo Marques da Silva &#8211; Ci\u00eancias Biol\u00f3gicas<\/li>\n<li>Juliana Mariano de Almeida &#8211; Ci\u00eancias Biol\u00f3gicas<\/li>\n<li>Laura Maciel Almeida &#8211; Ci\u00eancias Biol\u00f3gicas<\/li>\n<li>Maria Clara Resende Ribeiro &#8211; Ci\u00eancias Biol\u00f3gicas<\/li>\n<li>Vitor dos Reis Mira &#8211; Engenharia Florestal<\/li>\n<\/ul>\n<h1><strong>Mestrado<\/strong><\/h1>\n<ul>\n<li>Larissa Roberta R. Leme &#8211; Gen\u00e9tica e Melhoramento de Plantas<\/li>\n<\/ul>\n<h1><strong>Doutorado<\/strong><\/h1>\n<ul>\n<li>Karla Carvalho de Azevedo &#8211; Gen\u00e9tica e Melhoramento de Plantas<\/li>\n<li>Nath\u00e1lia Gomide Zanetti Bonetti &#8211; Gen\u00e9tica e Melhoramento de Plantas<\/li>\n<li>Tiago Yukio Inoue &#8211; Gen\u00e9tica e Melhoramento de Plantas<\/li>\n<\/ul>\n","protected":false},"excerpt":{"rendered":"<p>Gradua\u00e7\u00e3o Gabriel Marques Tosta Lanza &#8211; Ci\u00eancias Biol\u00f3gicas Giulya Karoline Corr\u00eaa Pila &#8211; Ci\u00eancias Biol\u00f3gicas Jos\u00e9 Eduardo Marques da Silva &#8211; Ci\u00eancias Biol\u00f3gicas Juliana Mariano de Almeida &#8211; Ci\u00eancias Biol\u00f3gicas Laura Maciel Almeida &#8211; Ci\u00eancias Biol\u00f3gicas Maria Clara Resende Ribeiro &#8211; Ci\u00eancias Biol\u00f3gicas Vitor dos Reis Mira &#8211; Engenharia Florestal Mestrado Larissa Roberta R. Leme &hellip; <a href=\"http:\/\/www.nucleoestudo.ufla.br\/biologiacelular\/equipe\/discentes\/\" class=\"more-link\">Continue lendo <span class=\"screen-reader-text\">Discentes<\/span> <span class=\"meta-nav\">&rarr;<\/span><\/a><\/p>\n","protected":false},"author":2,"featured_media":0,"parent":79,"menu_order":0,"comment_status":"closed","ping_status":"open","template":"","meta":[],"_links":{"self":[{"href":"http:\/\/www.nucleoestudo.ufla.br\/biologiacelular\/wp-json\/wp\/v2\/pages\/9"}],"collection":[{"href":"http:\/\/www.nucleoestudo.ufla.br\/biologiacelular\/wp-json\/wp\/v2\/pages"}],"about":[{"href":"http:\/\/www.nucleoestudo.ufla.br\/biologiacelular\/wp-json\/wp\/v2\/types\/page"}],"author":[{"embeddable":true,"href":"http:\/\/www.nucleoestudo.ufla.br\/biologiacelular\/wp-json\/wp\/v2\/users\/2"}],"replies":[{"embeddable":true,"href":"http:\/\/www.nucleoestudo.ufla.br\/biologiacelular\/wp-json\/wp\/v2\/comments?post=9"}],"version-history":[{"count":100,"href":"http:\/\/www.nucleoestudo.ufla.br\/biologiacelular\/wp-json\/wp\/v2\/pages\/9\/revisions"}],"predecessor-version":[{"id":1372,"href":"http:\/\/www.nucleoestudo.ufla.br\/biologiacelular\/wp-json\/wp\/v2\/pages\/9\/revisions\/1372"}],"up":[{"embeddable":true,"href":"http:\/\/www.nucleoestudo.ufla.br\/biologiacelular\/wp-json\/wp\/v2\/pages\/79"}],"wp:attachment":[{"href":"http:\/\/www.nucleoestudo.ufla.br\/biologiacelular\/wp-json\/wp\/v2\/media?parent=9"}],"curies":[{"name":"wp","href":"https:\/\/api.w.org\/{rel}","templated":true}]}}